-- https://www.phpmyadmin.net/
--

START TRANSACTION;



--
-- Database: `solat`
--

-- --------------------------------------------------------

--
-- Table structure for table `booking`
--

CREATE TABLE `booking` (
  `booking_id` int(8) NOT NULL,
  `user_id` int(8) NOT NULL,
  `date` date NOT NULL,
  `time` time NOT NULL,
  `place` varchar(50) NOT NULL,
  `nama_cadangan1` varchar(255) NOT NULL,
  `ic_cadangan1` varchar(20) NOT NULL,
  `phone_cadangan1` varchar(20) NOT NULL,
  `email_cadangan1` varchar(255) DEFAULT NULL,
  `nama_cadangan2` varchar(255) NOT NULL,
  `ic_cadangan2` varchar(20) NOT NULL,
  `phone_cadangan2` varchar(20) NOT NULL,
  `email_cadangan2` varchar(255) DEFAULT NULL,
  `status_code` int(1) NOT NULL,
  `tindakan_code` int(11) NOT NULL,
  `comment` varchar(100) NOT NULL,
  `reg_date` datetime(6) NOT NULL DEFAULT current_timestamp(6),
  `edit_date` timestamp(6) NOT NULL DEFAULT current_timestamp(6) ON UPDATE current_timestamp(6),
  `masjid_id` int(11) DEFAULT NULL
) ENGINE=InnoDB DEFAULT CHARSET=utf8mb4 COLLATE=utf8mb4_general_ci;

-- --------------------------------------------------------

--
-- Table structure for table `daerah`
--

CREATE TABLE `daerah` (
  `daerah_id` varchar(20) NOT NULL,
  `daerah_name` varchar(50) NOT NULL
) ENGINE=InnoDB DEFAULT CHARSET=utf8mb4 COLLATE=utf8mb4_general_ci;

--
-- Dumping data for table `daerah`
--

INSERT INTO `daerah` (`daerah_id`, `daerah_name`) VALUES
('1', 'SEBERANG PERAI SELATAN'),
('2', 'SEBEREANG PERAI UTARA (BUTTERWORTH)'),
('3', 'SEBERANG PERAI TENGAH'),
('4', 'TIMUR LAUT'),
('5', 'BARAT DAYA'),
('6', 'SEBERANG PERAI UTARA (KEPALA BATAS)');

-- --------------------------------------------------------

--
-- Table structure for table `form`
--

CREATE TABLE `form` (
  `form_id` int(8) NOT NULL,
  `masjid_id` int(8) NOT NULL,
  `date` date NOT NULL,
  `name` varchar(50) NOT NULL,
  `ic` varchar(12) NOT NULL,
  `gender` varchar(20) NOT NULL,
  `phone_num` varchar(11) NOT NULL,
  `address` varchar(50) NOT NULL,
  `job` varchar(30) NOT NULL,
  `total_vote` int(4) NOT NULL,
  `role` varchar(50) DEFAULT NULL,
  `status_code` int(1) DEFAULT NULL,
  `reg_date` datetime(6) NOT NULL DEFAULT current_timestamp(6),
  `edit_date` timestamp(6) NOT NULL DEFAULT current_timestamp(6) ON UPDATE current_timestamp(6),
  `verify_id_1` int(8) DEFAULT NULL,
  `verify_id_2` int(8) DEFAULT NULL,
  `verify_id_3` int(8) DEFAULT NULL,
  `booking_id` int(20) NOT NULL DEFAULT 0
) ENGINE=InnoDB DEFAULT CHARSET=utf8mb4 COLLATE=utf8mb4_general_ci;

-- --------------------------------------------------------

--
-- Table structure for table `form_2`
--

CREATE TABLE `form_2` (
  `form_id` int(8) NOT NULL,
  `masjid_id` int(8) NOT NULL,
  `date` date NOT NULL,
  `name` varchar(50) NOT NULL,
  `ic` varchar(12) NOT NULL,
  `gender` varchar(20) NOT NULL,
  `phone_num` varchar(11) NOT NULL,
  `address` varchar(50) NOT NULL,
  `job` varchar(30) NOT NULL,
  `total_vote` int(4) NOT NULL,
  `role` varchar(50) DEFAULT NULL,
  `status_code` int(1) DEFAULT NULL,
  `reg_date` datetime(6) NOT NULL DEFAULT current_timestamp(6),
  `edit_date` timestamp(6) NOT NULL DEFAULT current_timestamp(6) ON UPDATE current_timestamp(6),
  `verify_id_1` int(8) DEFAULT NULL,
  `verify_id_2` int(8) DEFAULT NULL,
  `verify_id_3` int(8) DEFAULT NULL,
  `booking_id` int(20) NOT NULL DEFAULT 0
) ENGINE=InnoDB DEFAULT CHARSET=utf8mb4 COLLATE=utf8mb4_general_ci;

-- --------------------------------------------------------

--
-- Table structure for table `level`
--

CREATE TABLE `level` (
  `level_id` int(1) NOT NULL,
  `level_desc` varchar(30) NOT NULL
) ENGINE=InnoDB DEFAULT CHARSET=utf8mb4 COLLATE=utf8mb4_general_ci;

--
-- Dumping data for table `level`
--

INSERT INTO `level` (`level_id`, `level_desc`) VALUES
(1, 'Masjid'),
(2, 'Pejabat Tinggi Agama'),
(3, 'JHEPP'),
(4, 'MAINPP');

-- --------------------------------------------------------

--
-- Table structure for table `log`
--

CREATE TABLE `log` (
  `log_id` int(20) NOT NULL,
  `id_masjid` int(20) NOT NULL,
  `description` varchar(255) NOT NULL,
  `date_added` timestamp NULL DEFAULT NULL,
  `date_updated` timestamp NULL DEFAULT NULL
) ENGINE=InnoDB DEFAULT CHARSET=utf8mb4 COLLATE=utf8mb4_general_ci;

-- --------------------------------------------------------

--
-- Table structure for table `masjid`
--

CREATE TABLE `masjid` (
  `masjid_id` int(20) NOT NULL,
  `masjid_name` varchar(30) NOT NULL,
  `daerah_id` varchar(20) NOT NULL
) ENGINE=InnoDB DEFAULT CHARSET=utf8mb4 COLLATE=utf8mb4_general_ci;

--
-- Dumping data for table `masjid`
--

INSERT INTO `masjid` (`masjid_id`, `masjid_name`, `daerah_id`) VALUES
(1, 'Masjid  Tasek Cempedak', '1'),
(2, 'Masjid Zahir', '2'),
(3, 'Masjid Bukit Tambun', '2'),
(4, 'MASJID TASEK GELUGOR', '6'),
(5, 'MASJID AT-TAQWA, TAMAN BERTAM ', '6'),
(6, 'MASJID IBADUR RAHMAN SERI SERD', '6'),
(7, 'MASJID LAHAR TABUT', '6'),
(8, 'MASJID JAMEK AR-RAHMANI KAMPUN', '6'),
(9, 'MASJID AL-JAMIUL BADAWI', '6'),
(10, 'MASJID DATO SHEIKH ADNAN', '6'),
(11, 'MASJID AL-MUTTAQIN BAKAU TUA', '6'),
(12, 'MASJID SIMPANG TIGA TASEK GELU', '6'),
(13, 'MASJID AR-RAHMAH, KAMPONG SELA', '6'),
(14, 'MASJID JAMEK AL-ABIDIN PINANG ', '6'),
(15, 'MASJID NURUL IMAN KUBANG MENER', '6'),
(16, 'MASJID KAMPUNG TOK BEDU', '6'),
(17, 'MASJID JAMEK PONGSU SERIBU', '6'),
(18, 'MASJID JAMIUL HASANI PERMATANG', '6'),
(19, 'MASJID AL-ARIFI PAYA KELADI', '6'),
(20, 'MASJID JAMEK KAMPUNG BAHARU', '6'),
(21, 'MASJID JAMIUL SHARIF POKOK MAC', '6'),
(22, 'MASJID AR RAHMAN PERMATANG RAM', '6'),
(23, 'MASJID KUALA MUDA', '6'),
(24, 'MASJID RANTAU PANJANG', '6'),
(25, 'MASJID PERMATANG KERIANG', '6'),
(26, 'MASJID JAMI\'UL JALAL PAJAK SON', '6'),
(27, 'MASJID BAKAR KAPOR', '6'),
(28, 'MASJID BUMBUNG LIMA', '6'),
(29, 'MASJID KAMPUNG LEMBAH', '6'),
(30, 'MASJID KAMPUNG PADANG', '6'),
(31, 'MASJID KOTA AUR', '6'),
(32, 'MASJID LAHAR KEPAR', '6'),
(33, 'MASJID LAHAR MINYAK', '6'),
(34, 'MASJID LAHAR TAMBUN', '6'),
(35, 'MASJID LAHAR TIANG', '6'),
(36, 'MASJID PADANG BENGGALI', '6'),
(37, 'MASJID PANTAI KAMLOON', '6'),
(38, 'MASJID PERMATANG BENDAHARI', '6'),
(39, 'MASJID PERMATANG BOGAK', '6'),
(40, 'MASJID PERMATANG JANGGUS', '6'),
(41, 'MASJID PERMATANG KUANG', '6'),
(42, 'MASJID PERMATANG TINGGI A', '6'),
(43, 'MASJID PERMATANG TOK LABU', '6'),
(44, 'MASJID PULAU MERTAJAM', '6'),
(45, 'MASJID SUNGAI KEDAK', '6'),
(46, 'MASJID AL-ISLAH POKOK TAMPANG', '6'),
(47, 'MASJID PERMATANG SINTOK', '6'),
(48, 'MASJID PADANG BENGGALI', '6'),
(49, 'MASJID BANDAR PUTRA BERTAM', '6'),
(50, 'MASJID JAMEK AL-HIDAYAH JALAN ', '3'),
(51, 'MASJID JAMEK SEBERANG JAYA', '3'),
(52, 'MASJID TIMAH', '3'),
(53, 'MASJID KARIAH TAMAN PELANGI', '3'),
(54, 'MASJID KAMPUNG SETOL', '3'),
(55, 'MASJID ABU BAKAR AS-SIDDIQ, TA', '3'),
(56, 'MASJID HAJI SAAD', '3'),
(57, 'MASJID MENGKUANG SUNGAI LEMBU', '3'),
(58, 'MASJID TOKUN BAWAH', '3'),
(59, 'MASJID KAMPUNG PELET', '3'),
(60, 'MASJID BUKIT INDERA MUDA', '3'),
(61, 'MASJID BUKIT MINYAK DALAM (LEB', '3'),
(62, 'MASJID BUKIT MINYAK TEPI JALAN', '3'),
(63, 'MASJID BUKIT TEH', '3'),
(64, 'MASJID JAMEK AN-NUR GUAR PERAH', '3'),
(65, 'MASJID KAMPUNG BAHARU ALMA', '3'),
(66, 'MASJID BATU KAMPUNG PERTAMA', '3'),
(67, 'MASJID PAPAN KAMPUNG PERTAMA', '3'),
(68, 'MASJID ALMA', '3'),
(69, 'MASJID KEBUN SIREH', '3'),
(70, 'MASJID KUALA MENGKUANG', '3'),
(71, 'MASJID PERAI', '3'),
(72, 'MASJID PERMATANG JANGGUS', '3'),
(73, 'MASJID PERMATANG PAUH', '3'),
(74, 'MASJID TASEK JUNJUNG', '3'),
(75, 'MASJID TENGAH', '3'),
(76, 'MASJID PERMATANG BATU', '3'),
(77, 'MASJID SEMBILANG', '3'),
(78, 'MASJID KAMPUNG SEKOLAH JURU', '3'),
(79, 'MASJID PADANG LALANG', '3'),
(80, 'MASJID TOKUN ATAS', '3'),
(81, 'MASJID BAGAN NYIUR JURU', '3'),
(82, 'MASJID PERMATANG NIBONG', '3'),
(83, 'MASJID AL-MUSTAQIM (SEKOLAH SA', '3'),
(84, 'MASJID BALIK BUKIT', '3'),
(85, 'MASJID KUALA JURU', '3'),
(86, 'MASJID KUALA TASEK', '3'),
(87, 'MASJID KUBANG ULU', '3'),
(88, 'MASJID KUBANG SEMANG', '3'),
(89, 'MASJID MACHANG BUBUK', '3'),
(90, 'MASJID PADANG IBU', '3'),
(91, 'MASJID PERMATANG PASIR', '3'),
(92, 'MASJID SAMA GAGAH', '3'),
(93, 'MASJID SUNGAI RAMBAI', '3'),
(94, 'MASJID TUAN ABDULLAH', '3'),
(95, 'MASJID PENGKALAN TAMBANG', '3'),
(96, 'MASJID JAMEK ALMA JAYA', '3'),
(97, 'MASJID PERMATANG TINGGI', '3'),
(98, 'MASJID MENGKUANG TITI', '3'),
(99, 'MASJID 1', '6'),
(100, 'MASJID 2', '6');

-- --------------------------------------------------------

--
-- Table structure for table `meeting`
--

CREATE TABLE `meeting` (
  `meeting_id` int(11) NOT NULL,
  `meeting_date` date NOT NULL,
  `meeting_time` time NOT NULL,
  `meeting_place` varchar(50) NOT NULL,
  `meeting_nama_ahli` varchar(255) DEFAULT NULL,
  `meeting_jabatanAhli` varchar(255) DEFAULT NULL,
  `meeting_jawatanAhli` varchar(255) DEFAULT NULL,
  `masjid_id` int(20) NOT NULL,
  `pengesah_id` int(11) DEFAULT NULL
) ENGINE=InnoDB DEFAULT CHARSET=utf8mb4 COLLATE=utf8mb4_general_ci;

-- --------------------------------------------------------

--
-- Table structure for table `sej6x_data_peribadi`
--

CREATE TABLE `sej6x_data_peribadi` (
  `id_data` int(11) NOT NULL,
  `jenisUser` int(11) NOT NULL DEFAULT 1,
  `email` varchar(191) DEFAULT NULL,
  `email_verified_at` timestamp NULL DEFAULT NULL,
  `password` varchar(191) DEFAULT NULL,
  `firebase_token` varchar(191) DEFAULT NULL,
  `no_rujukan` text DEFAULT NULL,
  `id_masjid` int(11) NOT NULL,
  `no_masjid` int(11) DEFAULT NULL,
  `gambar_profil` mediumtext DEFAULT NULL,
  `nama_penuh` varchar(200) DEFAULT NULL,
  `no_ic` varchar(20) DEFAULT NULL,
  `jenisPengenalan` int(11) NOT NULL DEFAULT 1,
  `emel` varchar(300) DEFAULT NULL,
  `password_old` varchar(300) DEFAULT NULL,
  `tarikh_lahir` varchar(10) DEFAULT '0000-00-00',
  `warganegara` int(11) DEFAULT NULL,
  `id_negara` int(11) DEFAULT NULL,
  `umur` int(11) DEFAULT NULL,
  `bangsa` int(11) DEFAULT NULL,
  `jantina` varchar(50) DEFAULT NULL,
  `status_perkahwinan` int(11) DEFAULT NULL,
  `status` int(11) DEFAULT NULL,
  `tahap_pendidikan` int(11) DEFAULT NULL,
  `sekolah_institusi` varchar(300) DEFAULT NULL,
  `no_hp` varchar(30) DEFAULT NULL,
  `no_rumah` varchar(30) DEFAULT NULL,
  `alamat_terkini` varchar(200) DEFAULT NULL,
  `poskod` varchar(5) DEFAULT NULL,
  `id_daerah` int(11) DEFAULT NULL,
  `id_negeri` int(11) DEFAULT NULL,
  `zon_qariah` varchar(100) DEFAULT NULL,
  `tempoh_tinggal` varchar(50) DEFAULT NULL,
  `tarikh_tempoh_tinggal` date DEFAULT NULL,
  `bil_tanggungan` int(11) DEFAULT NULL,
  `data_umum` varchar(1) DEFAULT NULL,
  `solat_jumaat` int(11) DEFAULT NULL,
  `warga_emas` int(11) DEFAULT NULL,
  `oku` int(11) DEFAULT NULL,
  `jenis_oku` varchar(255) DEFAULT NULL,
  `data_ajk` int(11) DEFAULT NULL,
  `data_pegawai` int(11) DEFAULT NULL,
  `data_undi` varchar(1) DEFAULT NULL,
  `pilihan_asnaf` varchar(255) DEFAULT NULL,
  `data_asnaf` varchar(1) DEFAULT NULL,
  `data_ibutunggal` varchar(1) DEFAULT NULL,
  `data_anakyatim` varchar(1) DEFAULT NULL,
  `data_cerai` varchar(1) DEFAULT NULL,
  `data_kematian` varchar(1) DEFAULT NULL,
  `data_khairat` varchar(1) DEFAULT NULL,
  `data_nikah` varchar(1) DEFAULT NULL,
  `data_sakit` varchar(1) DEFAULT NULL,
  `data_sakit1` varchar(255) DEFAULT NULL,
  `data_oku` varchar(1) DEFAULT NULL,
  `data_mualaf` varchar(1) DEFAULT NULL,
  `tarikh_mualaf` varchar(100) DEFAULT '0000-00-00',
  `tempat_mualaf` varchar(100) DEFAULT NULL,
  `dihadapan_mualaf` varchar(100) DEFAULT NULL,
  `bukti_kariah` mediumtext DEFAULT NULL,
  `id_suami` int(11) DEFAULT NULL,
  `id_bapa` int(11) DEFAULT NULL,
  `id_ibu` int(11) DEFAULT NULL,
  `pekerjaan` varchar(255) DEFAULT NULL,
  `majikan` varchar(100) DEFAULT NULL,
  `pendapatan` int(11) NOT NULL DEFAULT 0,
  `pemilikkan` int(11) DEFAULT NULL,
  `pemilikkan2` varchar(200) DEFAULT NULL,
  `last_added` datetime DEFAULT current_timestamp(),
  `added_by` int(11) DEFAULT NULL,
  `kod_reset` text DEFAULT NULL,
  `reset_tamat` datetime DEFAULT NULL,
  `tempColumn` varchar(255) DEFAULT NULL
) ENGINE=InnoDB DEFAULT CHARSET=utf8 COLLATE=utf8_general_ci;

--
-- Dumping data for table `sej6x_data_peribadi`
--

INSERT INTO `sej6x_data_peribadi` (`id_data`, `jenisUser`, `email`, `email_verified_at`, `password`, `firebase_token`, `no_rujukan`, `id_masjid`, `no_masjid`, `gambar_profil`, `nama_penuh`, `no_ic`, `jenisPengenalan`, `emel`, `password_old`, `tarikh_lahir`, `warganegara`, `id_negara`, `umur`, `bangsa`, `jantina`, `status_perkahwinan`, `status`, `tahap_pendidikan`, `sekolah_institusi`, `no_hp`, `no_rumah`, `alamat_terkini`, `poskod`, `id_daerah`, `id_negeri`, `zon_qariah`, `tempoh_tinggal`, `tarikh_tempoh_tinggal`, `bil_tanggungan`, `data_umum`, `solat_jumaat`, `warga_emas`, `oku`, `jenis_oku`, `data_ajk`, `data_pegawai`, `data_undi`, `pilihan_asnaf`, `data_asnaf`, `data_ibutunggal`, `data_anakyatim`, `data_cerai`, `data_kematian`, `data_khairat`, `data_nikah`, `data_sakit`, `data_sakit1`, `data_oku`, `data_mualaf`, `tarikh_mualaf`, `tempat_mualaf`, `dihadapan_mualaf`, `bukti_kariah`, `id_suami`, `id_bapa`, `id_ibu`, `pekerjaan`, `majikan`, `pendapatan`, `pemilikkan`, `pemilikkan2`, `last_added`, `added_by`, `kod_reset`, `reset_tamat`, `tempColumn`) VALUES
(1, 1, NULL, NULL, '', NULL, 'SPJP/MKB/001', 99, 0, NULL, 'DARUS BIN ISMAIL', '490902075277', 1, NULL, NULL, '1949-09-02', 1, 0, 71, 1, '1', 2, 0, 0, '0', '045794428', '045794428', '3163 KAMPUNG BANGGOL, 13200 K. BATAS, P. PINANG', '13200', 70, 9, '29', '0, TAHUN, 0, BULAN', NULL, 4, '0', 1, 1, 2, '', 0, 0, '0', NULL, '2', '2', '2', '0', '0', '1', '0', '2', NULL, '0', '2', '', '', '', NULL, 0, 0, 0, '4', 'RM 900.00', 1, 1, '', '0000-00-00 00:00:00', 0, NULL, '0000-00-00 00:00:00', NULL),
(2, 1, NULL, NULL, '', NULL, 'SPJP/MKB/002', 99, 0, NULL, 'MD. SAAD BIN YAHAYA', '430123075265', 1, NULL, NULL, '1943-01-23', 1, NULL, 77, 1, '1', 2, 0, 0, '0', '0134251696', '045751542', '295 PMTG KERAI KECIL, K. BATAS', '13200', 70, 9, '25', '0, TAHUN, 0, BULAN', NULL, 2, '0', 1, 1, 2, NULL, 0, 0, '0', NULL, '2', '2', '2', '0', '0', '1', '0', '2', NULL, '0', '2', '', '', '', NULL, 0, 0, 0, '2', 'RM 1500.00', 1, 1, '', '0000-00-00 00:00:00', 0, NULL, '0000-00-00 00:00:00', NULL),
(3, 1, NULL, NULL, '', NULL, 'SPJP/MKB/003', 99, 0, NULL, 'AZIZAH BINTI SAABAN', '481104075374', 1, NULL, NULL, '1948-11-04', 1, NULL, 71, 1, '2', 4, 0, 0, '0', '0135308431', '045751560', 'NO 10268, KPG BANGGOL, 13200 K. BATAS, P. PINANG', '13200', 70, 9, '29', '0, TAHUN, 0, BULAN', NULL, 2, '0', 2, 1, 2, NULL, 0, 0, '0', NULL, '2', '1', '2', '0', '0', '1', '0', '2', NULL, '0', '2', '0000-00-00', NULL, NULL, NULL, 0, 0, 0, 'surirumah', NULL, 0, NULL, NULL, '0000-00-00 00:00:00', 0, NULL, '0000-00-00 00:00:00', NULL),
(4, 1, NULL, NULL, '', NULL, 'SPJP/MKB/004', 99, 0, NULL, 'ABD. RAHIM BIN OTHMAN', '450206075357', 1, NULL, NULL, '1945-02-06', 1, NULL, 75, 1, '1', 2, 0, 0, '0', '0134781981', NULL, '3118, KAMPUNG BANGGOL, 13200 KEPALA BATAS, P. PINANG', '13200', 70, 9, '29', '0, TAHUN, 0, BULAN', NULL, 5, '0', 1, 1, 2, NULL, 0, 0, '0', NULL, '2', '2', '2', '0', '0', '1', '0', '2', NULL, '0', '2', '0000-00-00', NULL, NULL, NULL, 0, 0, 0, 'sendiri', 'RM 650', 0, NULL, NULL, '0000-00-00 00:00:00', 0, NULL, '0000-00-00 00:00:00', NULL),
(5, 1, NULL, NULL, '', NULL, 'SPJP/MKB/005', 99, 0, NULL, 'PATIMA BINTI S. KADAR MASTAN', '471122075352', 1, NULL, NULL, '1947-11-22', 1, NULL, 72, 1, '2', 2, 0, 0, '0', '0194119742', NULL, '2428,KG. BANGGOL, 13200 KEPALA BATAS', '13200', 70, 9, '29', '0, TAHUN, 0, BULAN', NULL, 3, '0', 2, 1, 2, NULL, 0, 0, '0', NULL, '2', '2', '2', '0', '0', '1', '0', '2', NULL, '0', '2', '0000-00-00', NULL, NULL, NULL, 0, 0, 0, 'sendiri', 'RM 500', 0, NULL, NULL, '0000-00-00 00:00:00', 0, NULL, '0000-00-00 00:00:00', NULL),
(6, 1, NULL, NULL, '', NULL, 'SPJP/MKB/006', 99, 0, NULL, 'ISHAK BIN ARSHAD', '490106075049', 1, NULL, NULL, '1949-01-06', 1, 0, 71, 1, '1', 2, 0, 0, '0', '0174282184', '045759158', '8188 KAMPUNG BANGGOL, 13200 KEPALA BATAS, P. PINANG', '13200', 70, 9, '', '0, TAHUN, 0, BULAN', NULL, 4, '0', 1, 1, 2, '', 0, 0, '0', NULL, '2', '2', '2', '0', '0', '1', '0', '2', NULL, '0', '2', '', '', '', NULL, 0, 0, 0, '5', 'RM 800', 1, 1, '', '0000-00-00 00:00:00', 0, NULL, '0000-00-00 00:00:00', NULL),
(7, 1, NULL, NULL, '', NULL, 'SPJP/MKB/007', 99, 0, NULL, 'ABDULLAH BIN AHMAD', '490418075101', 1, NULL, NULL, '1949-04-18', 1, NULL, 71, 1, '1', 2, 0, 0, '0', '01120859697', '045755908', '2427 KG. BANGGOL, 13200 KEPALA BATAS', '13200', 70, 9, '29', '0, TAHUN, 0, BULAN', NULL, 6, '0', 1, 1, 2, NULL, 0, 0, '0', NULL, '2', '2', '2', '0', '0', '1', '0', '2', NULL, '0', '2', '0000-00-00', NULL, NULL, NULL, 0, 0, 0, '-', 'RM 600', 0, NULL, NULL, '0000-00-00 00:00:00', 0, NULL, '0000-00-00 00:00:00', NULL),
(8, 1, NULL, NULL, '', NULL, 'SPJP/MKB/008', 99, 0, NULL, 'MD. SAAD BIN ABD. WAHAB', '491027075037', 1, NULL, NULL, '1949-10-27', 1, 0, 70, 1, '1', 2, 0, 0, '0', '0124948904', NULL, '1124, KG. BANGGOL, K. BATAS, SEBERANG PERAI UTARA', '13200', 70, 9, '29', '0, TAHUN, 0, BULAN', NULL, 4, '0', 1, 1, 2, '', 0, 0, '0', NULL, '2', '2', '2', '0', '0', '1', '0', '2', NULL, '0', '2', '', '', '', NULL, 0, 0, 0, '4', 'RM 1000', 1, 1, '', '0000-00-00 00:00:00', 0, NULL, '0000-00-00 00:00:00', NULL),
(10, 1, NULL, NULL, '', NULL, 'SPJP/MKB/010', 99, 0, NULL, 'MUHAMAD LATPI BIN ABDULLAH', '691017075865', 1, NULL, NULL, '1969-10-17', 1, NULL, 50, 1, '1', 2, 0, 0, '0', '0124481713', NULL, 'NO 710, KAMPUNG BANGGOL, 13200 KEPALA BATAS, P. PINANG', '13200', 70, 9, '29', '0, TAHUN, 0, BULAN', NULL, 4, '0', 1, 2, 2, NULL, 0, 0, '0', NULL, '2', '2', '2', '0', '0', '1', '0', '2', NULL, '0', '2', '', '', '', NULL, 0, 0, 0, 'CHENG HUAT ENTERPRISE, NO. 25, LORONG DAHLIA 3, TAMAN BISTA', 'RM 900', 0, NULL, NULL, '0000-00-00 00:00:00', 0, NULL, '0000-00-00 00:00:00', NULL),
(11, 1, NULL, NULL, '', NULL, 'SPJP/MKB/011', 99, 0, NULL, 'MOHAMMAD ARSHAD BIN MAN', '500805075431', 1, NULL, NULL, '1950-08-05', 1, NULL, 70, 1, '1', 2, 0, 0, '0', '0174585824', NULL, '6972, JLN HJ. AHMAD TUAN HUSSIN, KG. BANGGOL, 13200 KEPALA BATAS', '13200', 70, 9, '29', '70, TAHUN, 0, BULAN', NULL, 3, '0', 1, 1, 1, NULL, 0, 0, '0', NULL, '2', '2', '2', '0', '0', '1', '0', '2', NULL, '0', '2', '0000-00-00', NULL, NULL, NULL, 0, 0, 0, '-', NULL, 0, NULL, NULL, '0000-00-00 00:00:00', 0, NULL, '0000-00-00 00:00:00', NULL),
(12, 1, NULL, NULL, '', NULL, 'SPJP/MKB/012', 99, 0, NULL, 'ZAINOL ABIDIN BIN OTHMAN', '500225025067', 1, NULL, NULL, '1950-02-25', 1, NULL, 70, 1, '1', 2, 0, 0, '0', '0195664435', NULL, 'NO 5794, KAMPUNG BANGGOL, 13200 KEPALA BATAS, P. PINANG', '13200', 70, 9, '29', '0, TAHUN, 0, BULAN', NULL, 2, '0', 1, 1, 2, NULL, 0, 0, '0', NULL, '2', '2', '2', '0', '0', '1', '0', '2', NULL, '0', '2', '0000-00-00', NULL, NULL, NULL, 0, 0, 0, '-', 'RM 720', 0, NULL, NULL, '0000-00-00 00:00:00', 0, NULL, '0000-00-00 00:00:00', NULL),
(13, 1, NULL, NULL, '', NULL, 'SPJP/MKB/013', 99, 0, NULL, 'ABDULLAH BIN HUSIN', '421006075173', 1, NULL, NULL, '1942-10-06', 1, NULL, 77, 1, '1', 2, 0, 0, '0', '-', NULL, 'NO. 710 KAMPUNG BANGGOL, 13200 KEPALA BATAS, P.PINANG', '13200', 70, 9, '29', '0, TAHUN, 0, BULAN', NULL, 2, '0', 1, 1, 2, NULL, 0, 0, '0', NULL, '2', '2', '2', '0', '0', '1', '0', '2', NULL, '0', '2', '0000-00-00', NULL, NULL, NULL, 0, 0, 0, '-', 'RM 700', 0, NULL, NULL, '0000-00-00 00:00:00', 0, NULL, '0000-00-00 00:00:00', NULL),
(14, 1, NULL, NULL, '', NULL, 'SPJP/MKB/014', 99, 0, NULL, 'ROHANI BINTI IBRAHIM', '590927075888', 1, NULL, NULL, '1959-09-27', 1, 0, 60, 1, '2', 4, 0, 0, '0', '0107741525', NULL, '299, PMTG KERAI KECIL', '13200', 70, 9, '25', '0, TAHUN, 0, BULAN', NULL, 4, '0', 2, 1, 2, '', 0, 0, '0', NULL, '2', '1', '2', '0', '0', '1', '0', '2', NULL, '0', '2', '', '', '', NULL, 0, 0, 0, '4', NULL, 1, 1, '', '0000-00-00 00:00:00', 0, NULL, '0000-00-00 00:00:00', NULL),
(15, 1, NULL, NULL, '', NULL, 'SPJP/MKB/015', 99, 0, NULL, 'KAMARULZAMAN BIN IBRAHIM', '650807075439', 1, NULL, NULL, '1965-08-07', 1, 0, 55, 1, '1', 2, 0, 0, '0', '0164762768', '045755721', '299, PERMATANG KERAI KECIL', '13200', 70, 9, '25', '0, TAHUN, 0, BULAN', NULL, 6, '0', 1, 2, 2, '', 0, 0, '0', NULL, '2', '2', '2', '0', '0', '1', '0', '2', NULL, '0', '2', '', '', '', NULL, 0, 0, 0, '2', 'RM 900', 1, 1, '', '0000-00-00 00:00:00', 0, NULL, '0000-00-00 00:00:00', NULL),
(16, 1, NULL, NULL, '', NULL, 'SPJP/MKB/016', 99, 0, NULL, 'NORDIN BIN HASSAN', '571126075681', 1, NULL, NULL, '1957-11-26', 1, NULL, 62, 1, '1', 2, 0, 0, '0', '0194646254', NULL, '3133, POKOK SENA,KEPALA BATAS, PULAU PINANG', '13200', 70, 9, '29', '0, TAHUN, 0, BULAN', NULL, 3, '0', 1, 1, 2, NULL, 0, 0, '0', NULL, '2', '2', '2', '0', '0', '1', '0', '2', NULL, '0', '2', '0000-00-00', NULL, NULL, NULL, 0, 0, 0, '-', 'RM 400', 0, NULL, NULL, '0000-00-00 00:00:00', 0, NULL, '0000-00-00 00:00:00', NULL),
(17, 1, NULL, NULL, '', NULL, 'SPJP/MKB/017', 99, 0, NULL, 'ABDUL HAMID BIN MD ARSHAD', '391127085533', 1, NULL, NULL, '1939-11-27', 1, NULL, 80, 1, '1', 2, 0, 0, '0', '0174096543', NULL, 'NO 5445, KG. BANGGOL', '13200', 70, 9, '29', '0, TAHUN, 0, BULAN', NULL, 2, '0', 1, 1, 2, NULL, 0, 0, '0', NULL, '2', '2', '2', '0', '0', '1', '0', '1', NULL, '0', '2', '0000-00-00', NULL, NULL, NULL, 0, 0, 0, '-', 'RM 1000', 0, NULL, NULL, '0000-00-00 00:00:00', 0, NULL, '0000-00-00 00:00:00', NULL),
(18, 1, NULL, NULL, '', NULL, 'SPJP/MKB/018', 99, 0, NULL, 'MUHAMMAD FAIZUL BIN ABU BAKAR', '811229075203', 1, NULL, NULL, '1981-12-29', 1, NULL, 38, 1, '1', 2, 0, 0, '0', '0124364175', NULL, 'SB TS 3912 UNIT 4, KG. BANGGOL, POKOK SENA', '13200', 70, 9, '29', '0, TAHUN, 0, BULAN', NULL, 5, '0', 1, 1, 2, NULL, 0, 0, '0', NULL, '2', '2', '2', '0', '0', '1', '0', '2', NULL, '0', '2', '', '', '', NULL, 0, 0, 0, 'PUSAT PERNIAGAAN MAKLOM', 'RM 1500', 0, NULL, NULL, '0000-00-00 00:00:00', 0, NULL, '0000-00-00 00:00:00', NULL),
(19, 1, NULL, NULL, '', NULL, 'SPJP/MKB/019', 99, 0, NULL, 'FATIMAH BINTI JAHAYA', '530104075144', 1, NULL, NULL, '1953-01-04', 1, NULL, 67, 1, '2', 1, 0, 0, '0', '0124664975', NULL, '8744, KAMPUNG BANGGOL', '13200', 70, 9, '29', '0, TAHUN, 0, BULAN', NULL, 1, '0', 2, 1, 2, NULL, 0, 0, '0', NULL, '1', '2', '2', '0', '0', '1', '0', '2', NULL, '0', '2', '0000-00-00', NULL, NULL, NULL, 0, 0, 0, '-', NULL, 0, NULL, NULL, '0000-00-00 00:00:00', 0, NULL, '0000-00-00 00:00:00', NULL),
(20, 1, NULL, NULL, '', NULL, 'SPJP/MKB/020', 99, 0, NULL, 'CHE\'\' ROS BIN MD RASHID', '510428075565', 1, NULL, NULL, '1951-04-28', 1, NULL, 69, 1, '1', 2, 0, 0, '0', '0164701893', NULL, '9180, MUKIM 11, KAMPUNG BANGGOL', '13200', 70, 9, '29', '70, TAHUN, 0, BULAN', NULL, 6, '0', 1, 1, 2, NULL, 0, 0, '0', NULL, '2', '2', '2', '0', '0', '1', '0', '2', NULL, '0', '2', '0000-00-00', NULL, NULL, NULL, 0, 0, 0, '-', 'RM 950', 0, NULL, NULL, '0000-00-00 00:00:00', 0, NULL, '0000-00-00 00:00:00', NULL),
(21, 1, NULL, NULL, '', NULL, 'SPJP/MKB/021', 99, 0, NULL, 'SAIDIN BIN OSMAN', '690113025097', 1, NULL, NULL, '1969-01-13', 1, NULL, 51, 1, '1', 2, 0, 0, '0', '01112408027', NULL, '5632, KAMPUNG BANGGOL', '13200', 70, 9, '29', '0, TAHUN, 0, BULAN', NULL, 7, '0', 1, 2, 2, NULL, 0, 0, '0', NULL, '2', '2', '2', '0', '0', '1', '0', '2', NULL, '0', '2', '0000-00-00', NULL, NULL, NULL, 0, 0, 0, 'MPSP', 'RM 1410', 0, NULL, NULL, '0000-00-00 00:00:00', 0, NULL, '0000-00-00 00:00:00', NULL),
(22, 1, NULL, NULL, '', NULL, 'SPJP/MKB/022', 100, 0, NULL, 'AHMAD JAMIL BIN ABDUL RAHMAN', '701004086385', 1, NULL, NULL, '1970-10-04', 1, NULL, 49, 1, '1', 2, 0, 0, '0', '0124132635', NULL, '8764, KAMPUNG BANGGOL', '13200', 70, 9, '29', '36, TAHUN, 0, BULAN', NULL, 3, '0', 1, 2, 2, NULL, 0, 0, '0', NULL, '2', '2', '2', '0', '0', '1', '0', '2', NULL, '0', '2', '0000-00-00', NULL, NULL, NULL, 0, 0, 0, 'PEJABAT SETIAUSAHA KERAJAAN NEGERI PULAU PINANG', 'RM 1000', 0, NULL, NULL, '0000-00-00 00:00:00', 0, NULL, '0000-00-00 00:00:00', NULL),
(23, 1, NULL, NULL, '', NULL, 'SPJP/MKB/023', 100, 0, NULL, 'ABDUL RAHIM BIN JAHAYA', '670217075357', 1, NULL, NULL, '1967-02-17', 1, NULL, 53, 1, '1', 2, 0, 0, '0', '0174416250', NULL, 'NO 8764, KAMPUNG BANGGOL', '13200', 70, 9, '29', '54, TAHUN, 0, BULAN', NULL, 3, '0', 1, 2, 2, NULL, 0, 0, '0', NULL, '2', '2', '2', '0', '0', '1', '0', '2', NULL, '0', '2', '0000-00-00', NULL, NULL, NULL, 0, 0, 0, 'MALAKOFF ESTATE', 'RM 800', 0, NULL, NULL, '0000-00-00 00:00:00', 0, NULL, '0000-00-00 00:00:00', NULL),
(24, 1, 'WANYUSOFF@GMAIL.COM', NULL, '', NULL, 'SPJP/MKB/024', 100, 0, NULL, 'WAN YUSOFF BIN WAN ISMAIL', '710921035029', 1, NULL, NULL, '1971-09-21', 1, 0, 49, 1, '1', 2, 0, 0, '0', '0195194913', NULL, '8764, KAMPUNG BANGGOL', '13200', 70, 9, '29', '13, TAHUN, 0, BULAN', NULL, 5, '0', 1, 2, 2, '', 0, 0, '0', NULL, '2', '2', '2', '0', '0', '1', '0', '2', NULL, '0', '2', '', '', '', NULL, 0, 0, 0, '3', 'RM 1300', 1, 1, '', '0000-00-00 00:00:00', 0, NULL, '0000-00-00 00:00:00', NULL),
(25, 1, NULL, NULL, '', NULL, 'SPJP/MKB/025', 100, 0, NULL, 'MARZUKI BIN ABD. RAHMAN', '580516026361', 1, NULL, NULL, '1958-05-16', 1, NULL, 62, 1, '1', 2, 0, 0, '0', '0165685750', '045742075', '2151, JLN TUAN HAJI AHMAD TUAN HUSSIN', '13200', 70, 9, '29', '0, TAHUN, 0, BULAN', NULL, 7, '0', 1, 1, 2, NULL, 0, 0, '0', NULL, '2', '2', '2', '0', '0', '1', '0', '2', NULL, '0', '2', '0000-00-00', NULL, NULL, NULL, 0, 0, 0, '-', 'RM 2500', 0, NULL, NULL, '0000-00-00 00:00:00', 0, NULL, '0000-00-00 00:00:00', NULL),
(26, 1, NULL, NULL, '', NULL, 'SPJP/MKB/026', 100, 0, NULL, 'JAAFAR BIN MOHAMED YUSOF', '371030085213', 1, NULL, NULL, '1937-10-30', 1, NULL, 82, 1, '1', 2, 0, 0, '0', '0175503760', '045755649', '5163, KAMPUNG BANGGOL', '13200', 70, 9, '29', '0, TAHUN, 0, BULAN', NULL, 3, '0', 1, 1, 2, NULL, 0, 0, '0', NULL, '2', '2', '2', '0', '0', '1', '0', '2', NULL, '0', '2', '0000-00-00', NULL, NULL, NULL, 0, 0, 0, '-', 'RM 650', 0, NULL, NULL, '0000-00-00 00:00:00', 0, NULL, '0000-00-00 00:00:00', NULL),
(27, 1, NULL, NULL, '', NULL, 'SPJP/MKB/027', 100, 0, NULL, 'ROSODAH BINTI OTHMAN', '600612025524', 1, NULL, NULL, '1960-06-12', 1, NULL, 60, 1, '2', 4, 0, 0, '0', '0175911709', NULL, '2426, KAMPUNG BANGGOL', '13200', 70, 9, '29', '0, TAHUN, 0, BULAN', NULL, 4, '0', 2, 2, 2, NULL, 0, 0, '0', NULL, '1', '1', '2', '0', '0', '1', '0', '2', NULL, '0', '2', '0000-00-00', NULL, NULL, NULL, 0, 0, 0, '-', NULL, 0, NULL, NULL, '0000-00-00 00:00:00', 0, NULL, '0000-00-00 00:00:00', NULL),
(28, 1, NULL, NULL, '', NULL, 'SPJP/MKB/028', 100, 0, NULL, 'RAMLI BIN CHE MAT', '470210075577', 1, NULL, NULL, '1947-02-10', 1, NULL, 73, 1, '1', 2, 0, 0, '0', '-', '055752495', '726, KPG. BANGGOL', '13200', 70, 9, '29', '0, TAHUN, 0, BULAN', NULL, 6, '0', 1, 1, 2, NULL, 0, 0, '0', NULL, '2', '2', '2', '0', '0', '1', '0', '2', NULL, '0', '2', '0000-00-00', NULL, NULL, NULL, 0, 0, 0, '-', 'RM 550', 0, NULL, NULL, '0000-00-00 00:00:00', 0, NULL, '0000-00-00 00:00:00', NULL),
(29, 1, 'FATIMAHYAHAYA@GMAIL.COM', NULL, '', NULL, 'SPJP/MKB/029', 100, 0, NULL, 'FATIMAH BINTI YAHAYA', '381213025378', 1, NULL, NULL, '1938-12-13', 1, 0, 81, 1, '2', 4, 0, 0, '0', '-', '045752495', '1215 MK 8, KG. BANGGOL.', '13200', 70, 9, '29', '0, TAHUN, 0, BULAN', NULL, 4, '0', 2, 1, 2, '', 0, 0, '0', NULL, '2', '1', '2', '0', '0', '1', '0', '2', NULL, '0', '2', '', '', '', NULL, 0, 0, 0, '4', NULL, 1, 1, '', '0000-00-00 00:00:00', 0, NULL, '0000-00-00 00:00:00', NULL),
(30, 1, NULL, NULL, '', NULL, 'SPJP/MKB/030', 100, 0, NULL, 'HARUN BIN ISMAIL', '360629075165', 1, NULL, NULL, '1936-06-29', 2, NULL, 84, 1, '1', 2, 0, 0, '0', '0', '045755701', '4565, KG. BANGGOL', '13200', 70, 9, '29', '-', NULL, 1, '0', 1, 1, 2, NULL, 0, 0, '0', NULL, '2', '2', '2', '0', '0', '0', '0', '2', NULL, '0', '2', '0000-00-00', NULL, NULL, NULL, 0, 0, 0, '-', NULL, 0, NULL, NULL, '0000-00-00 00:00:00', 0, NULL, '0000-00-00 00:00:00', NULL),
(31, 1, NULL, NULL, '', NULL, 'SPJP/MKB/031', 100, 0, NULL, 'BAAYAH BINTI ISMAIL', '440915075246', 1, NULL, NULL, '1944-09-15', 2, NULL, 76, 1, '2', 4, 0, 0, '0', '0', NULL, 'SB TBP 5373, KAMPUNG BANGGOL', '13200', 70, 9, '29', '0, TAHUN, 0, BULAN', NULL, 1, '0', 2, 1, 2, NULL, 0, 0, '0', NULL, '2', '1', '2', '0', '0', '1', '0', '2', NULL, '0', '2', '', '', '', NULL, 0, 0, 0, '4', NULL, 1, 1, '', '0000-00-00 00:00:00', 0, NULL, '0000-00-00 00:00:00', NULL),
(32, 1, NULL, NULL, '', NULL, 'SPJP/MKB/032', 100, 0, NULL, 'KHALID BIN DESA', '590610075169', 1, NULL, NULL, '1959-06-10', 1, NULL, 61, 1, '1', 2, 0, 0, '0', '-', '045755701', '5376, KAMPUNG BANGGOL', '13200', 70, 9, '29', '0, TAHUN, 0, BULAN', NULL, 8, '0', 1, 1, 2, NULL, 0, 0, '0', NULL, '2', '2', '2', '0', '0', '1', '0', '2', NULL, '0', '2', '0000-00-00', NULL, NULL, NULL, 0, 0, 0, '-', 'RM 2000', 0, NULL, NULL, '0000-00-00 00:00:00', 0, NULL, '0000-00-00 00:00:00', NULL),
(33, 1, NULL, NULL, '', NULL, 'SPJP/MKB/033', 100, 0, NULL, 'ABD RAHMAN BIN IBRAHIM', '430608075415', 1, NULL, NULL, '1943-06-08', 1, NULL, 77, 1, '1', 2, 0, 0, '0', '-', NULL, '1632, KAMPUNG BANGGOL', '13200', 70, 9, '29', '0, TAHUN, 0, BULAN', NULL, 3, '0', 1, 1, 2, NULL, 0, 0, '0', NULL, '2', '2', '2', '0', '0', '1', '0', '2', NULL, '0', '2', '0000-00-00', NULL, NULL, NULL, 0, 0, 0, '-', NULL, 0, NULL, NULL, '0000-00-00 00:00:00', 0, NULL, '0000-00-00 00:00:00', NULL),
(34, 1, NULL, NULL, '', NULL, 'SPJP/MKB/034', 100, 0, NULL, 'ABDULLAH BIN ARSHAD', '680413075863', 1, NULL, NULL, '1968-04-13', 1, NULL, 52, 1, '1', 2, 0, 0, '0', '0142595814', '045755569', '1214, KPG BANGGOL', '13200', 70, 9, '29', '0, TAHUN, 0, BULAN', NULL, 7, '0', 1, 2, 2, NULL, 0, 0, '0', NULL, '2', '2', '2', '0', '0', '1', '0', '2', NULL, '0', '2', '0000-00-00', NULL, NULL, NULL, 0, 0, 0, 'PEMANDU LORI', NULL, 0, NULL, NULL, '0000-00-00 00:00:00', 0, NULL, '0000-00-00 00:00:00', NULL),
(35, 1, NULL, NULL, '', NULL, 'SPJP/MKB/035', 100, 0, NULL, 'MD. YUSOFF BIN YAAKOP', '440229075043', 1, NULL, NULL, '1944-02-29', 1, NULL, 76, 1, '1', 2, 0, 0, '0', '01111392275', NULL, '3192, PMTG KERAI KECIL', '13200', 70, 9, '25', '0, TAHUN, 0, BULAN', NULL, 4, '0', 1, 1, 2, NULL, 0, 0, '0', NULL, '2', '2', '2', '0', '0', '1', '0', '2', NULL, '0', '2', '', '', '', NULL, 0, 0, 0, '2', NULL, 1, 1, '', '0000-00-00 00:00:00', 0, NULL, '0000-00-00 00:00:00', NULL),
(36, 1, NULL, NULL, '', NULL, 'SPJP/MKB/036', 100, 0, NULL, 'ZAI ASMAWI BIN ZAINOL ABIDIN', '840327075795', 1, NULL, NULL, '1984-03-27', 1, NULL, 36, 1, '1', 2, 0, 0, '0', '0165156943', NULL, '1698, KPG BANGGOL', '13200', 70, 9, '29', '0, TAHUN, 0, BULAN', NULL, 6, '0', 1, 2, 2, NULL, 0, 0, '0', NULL, '2', '2', '2', '0', '0', '1', '0', '2', NULL, '0', '2', '', '', '', NULL, 0, 0, 0, 'MPSP', 'RM 1500', 0, NULL, NULL, '0000-00-00 00:00:00', 0, NULL, '0000-00-00 00:00:00', NULL),
(37, 1, NULL, NULL, '', NULL, 'SPJP/MKB/037', 100, 0, NULL, 'ABD. KADIR BIN LAZIM', '720328075539', 1, NULL, NULL, '1972-03-28', 1, NULL, 48, 1, '1', 2, 0, 0, '0', '0125954185', NULL, '3912, UNIT 5, KAMPUNG BANGGOL', '13200', 70, 9, '29', '0, TAHUN, 0, BULAN', NULL, 5, '0', 1, 2, 2, NULL, 0, 0, '0', NULL, '2', '2', '2', '0', '0', '1', '0', '2', NULL, '0', '2', '0000-00-00', NULL, NULL, NULL, 0, 0, 0, 'ETAMAN SDN BHD', 'RM 1200', 0, NULL, NULL, '0000-00-00 00:00:00', 0, NULL, '0000-00-00 00:00:00', NULL),
(38, 1, NULL, NULL, '', NULL, 'SPJP/MKB/038', 100, 0, NULL, 'MOHD YUSOFF BIN NOORDIN', '490319075413', 1, NULL, NULL, '1949-03-19', 1, NULL, 71, 1, '1', 2, 0, 0, '0', '-', '045758949', '940, KG. BANGGOL', '13200', 70, 9, '29', '0, TAHUN, 0, BULAN', NULL, 7, '0', 1, 1, 2, NULL, 0, 0, '0', NULL, '2', '2', '2', '0', '0', '1', '0', '2', NULL, '0', '2', '0000-00-00', NULL, NULL, NULL, 0, 0, 0, '-', 'RM 2000', 0, NULL, NULL, '0000-00-00 00:00:00', 0, NULL, '0000-00-00 00:00:00', NULL),
(39, 1, NULL, NULL, '', NULL, 'SPJP/MKB/039', 100, 0, NULL, 'TALIB BIN AHMAD', '510315075163', 1, NULL, NULL, '1951-03-15', 1, NULL, 69, 1, '1', 2, 0, 0, '0', '01124192758', NULL, '3909, KAMPUNG BANGGOL', '13200', 70, 9, '29', '0, TAHUN, 0, BULAN', NULL, 2, '0', 1, 1, 2, NULL, 0, 0, '0', NULL, '1', '2', '2', '0', '0', '1', '0', '2', NULL, '0', '2', '', '', '', NULL, 0, 0, 0, '2', 'RM 300', 1, 1, '', '0000-00-00 00:00:00', 0, NULL, '0000-00-00 00:00:00', NULL),
(40, 1, NULL, NULL, '', NULL, 'SPJP/MKB/040', 100, 0, NULL, 'ABDUL AZIZ BIN IBRAHIM', '830819075549', 1, NULL, NULL, '1983-08-19', 1, NULL, 37, 1, '1', 2, 0, 0, '0', '0174676821', NULL, '299, PMTG KERAI KECIL', '13200', 70, 9, '25', '0, TAHUN, 0, BULAN', NULL, 7, '0', 1, 2, 2, NULL, 0, 0, '0', NULL, '2', '2', '2', '0', '0', '1', '0', '2', NULL, '0', '2', '', '', '', NULL, 0, 0, 0, '2', 'RM 1500', 1, 1, '', '0000-00-00 00:00:00', 0, NULL, '0000-00-00 00:00:00', NULL),
(41, 1, NULL, NULL, '', NULL, 'SPJP/MKB/041', 100, 0, NULL, 'HASSAN BIN AWANG', '471207075183', 1, NULL, NULL, '1947-12-07', 1, NULL, 72, 1, '1', 2, 0, 0, '0', '-', NULL, '8768, PMTG KERAI KECIL', '13200', 70, 9, '25', '0, TAHUN, 0, BULAN', NULL, 5, '0', 1, 1, 2, NULL, 0, 0, '0', NULL, '2', '2', '2', '0', '0', '1', '0', '2', NULL, '0', '2', '', '', '', NULL, 0, 0, 0, '2', 'RM 700', 1, 1, '', '0000-00-00 00:00:00', 0, NULL, '0000-00-00 00:00:00', NULL),
(42, 1, 'CHENAB35@GMAIL.COM', NULL, '', NULL, 'SPJP/MKB/042', 3838, 0, NULL, 'CHE NAB BINTI AWANG', '350914075050', 1, NULL, NULL, '1935-09-14', 1, 0, 85, 1, '2', 4, 0, 0, '0', '0134468195', NULL, '8764, KAMPUNG BANGGOL', '13200', 70, 9, '29', '85, TAHUN, 0, BULAN', NULL, 3, '0', 2, 1, 2, '', 0, 0, '0', NULL, '2', '1', '2', '0', '0', '1', '0', '2', NULL, '0', '2', '', '', '', NULL, 0, 0, 0, '5', NULL, 1, 1, '', '0000-00-00 00:00:00', 0, NULL, '0000-00-00 00:00:00', NULL),
(43, 1, NULL, NULL, '', NULL, 'SPJP/MKB/043', 3838, 0, NULL, 'SALLEH BIN SHARIFF', '351213075183', 1, NULL, NULL, '1935-12-13', 1, NULL, 84, 1, '1', 3, 0, 0, '0', '0', NULL, '5869, KAMPUNG BANGGOL', '13200', 70, 9, '29', '0, TAHUN, 0, BULAN', NULL, 1, '0', 1, 1, 2, NULL, 0, 0, '0', NULL, '1', '2', '2', '0', '0', '1', '0', '2', NULL, '0', '2', '', '', '', NULL, 0, 0, 0, '3', NULL, 1, 1, '', '0000-00-00 00:00:00', 0, NULL, '0000-00-00 00:00:00', NULL),
(44, 1, NULL, NULL, '', NULL, 'SPJP/MKB/044', 3838, 0, NULL, 'JALIL BIN ISMAIL', '670131075735', 1, NULL, NULL, '1967-01-31', 1, NULL, 53, 1, '1', 2, 0, 0, '0', '0195077196', NULL, 'SBLH. 5869, KPG BANGGOL', '13200', 70, 9, '29', '0, TAHUN, 0, BULAN', NULL, 5, '0', 1, 2, 2, NULL, 0, 0, '0', NULL, '2', '2', '2', '0', '0', '1', '0', '2', NULL, '0', '2', '0000-00-00', NULL, NULL, NULL, 0, 0, 0, '-', 'RM 1400', 0, NULL, NULL, '0000-00-00 00:00:00', 0, NULL, '0000-00-00 00:00:00', NULL),
(45, 1, NULL, NULL, '', NULL, 'SPJP/MKB/045', 3838, 0, NULL, 'ZAINON BIN ISMAIL', '660526075079', 1, NULL, NULL, '1966-05-26', 1, NULL, 54, 1, '1', 2, 0, 0, '0', '0164029156', NULL, '3114, KAMPUNG BANGGOL', '13200', 70, 9, '29', '0, TAHUN, 0, BULAN', NULL, 4, '0', 1, 2, 2, NULL, 0, 0, '0', NULL, '2', '2', '2', '0', '0', '1', '0', '2', NULL, '0', '2', '0000-00-00', NULL, NULL, NULL, 0, 0, 0, '-', 'RM 1400', 0, NULL, NULL, '0000-00-00 00:00:00', 0, NULL, '0000-00-00 00:00:00', NULL),
(46, 1, NULL, NULL, '', NULL, 'SPJP/MKB/046', 3838, 0, NULL, 'RODZIYAH BINTI AHMAD', '600412025046', 1, NULL, NULL, '1960-04-12', 1, NULL, 60, 1, '2', 4, 0, 0, '0', '0134121683', NULL, '2417, JALAN POKOK SENA', '13200', 70, 9, '29', '-', NULL, 1, '0', 2, 2, 2, NULL, 0, 0, '0', NULL, '2', '1', '2', '0', '0', '0', '0', '2', NULL, '0', '2', '0000-00-00', NULL, NULL, NULL, 0, 0, 0, '-', NULL, 0, NULL, NULL, '0000-00-00 00:00:00', 0, NULL, '0000-00-00 00:00:00', NULL),
(47, 1, NULL, NULL, '', NULL, 'SPJP/MKB/047', 3838, 0, NULL, 'ZULKIFLI BIN HARON', '620308075349', 1, NULL, NULL, '1962-03-08', 1, NULL, 58, 1, '1', 2, 0, 0, '0', '-', NULL, '8187, KAMPUNG BANGGOL', '13200', 70, 9, '29', '0, TAHUN, 0, BULAN', NULL, 5, '0', 1, 2, 2, '', 0, 0, '0', NULL, '1', '2', '2', '0', '0', '1', '0', '2', NULL, '0', '2', '', '', '', NULL, 0, 0, 0, '4', NULL, 1, 1, '', '0000-00-00 00:00:00', 0, NULL, '0000-00-00 00:00:00', NULL),
(48, 1, NULL, NULL, '', NULL, 'SPJP/MKB/048', 3838, 0, NULL, 'MEGAT BIN HASHIM', '431002075159', 1, NULL, NULL, '1943-10-02', 1, NULL, 76, 1, '1', 2, 0, 0, '0', '0124635974', '045751843', '10736, JLN HJ AHMAD TUAN HUSSAIN', '13200', 70, 9, '29', '0, TAHUN, 0, BULAN', NULL, 2, '0', 1, 1, 2, NULL, 0, 0, '0', NULL, '2', '2', '2', '0', '0', '1', '0', '2', NULL, '0', '2', '0000-00-00', NULL, NULL, NULL, 0, 0, 0, '-', 'RM 950', 0, NULL, NULL, '0000-00-00 00:00:00', 0, NULL, '0000-00-00 00:00:00', NULL),
(49, 1, NULL, NULL, '', NULL, 'SPJP/MKB/049', 3838, 0, NULL, 'SAADIAH BINTI ISMAIL', '490407075130', 1, NULL, NULL, '1949-04-07', 1, NULL, 71, 1, '2', 2, 0, 0, '0', '01128445344', NULL, '3115, KAMPUNG BANGGOL', '13200', 70, 9, '29', '0, TAHUN, 0, BULAN', NULL, 5, '0', 2, 1, 2, NULL, 0, 0, '0', NULL, '1', '2', '2', '0', '0', '1', '0', '2', NULL, '0', '2', '0000-00-00', NULL, NULL, NULL, 0, 0, 0, '-', NULL, 0, NULL, NULL, '0000-00-00 00:00:00', 0, NULL, '0000-00-00 00:00:00', NULL),
(50, 1, NULL, NULL, '', NULL, 'SPJP/MKB/050', 3838, 0, NULL, 'HUSSIN @HUSSAIN BIN AHMAT', '460201075445', 1, NULL, NULL, '1946-02-01', 1, NULL, 74, 1, '1', 2, 0, 0, '0', '0194493020', NULL, '1532, POKOK SENA', '13200', 70, 9, '29', '0, TAHUN, 0, BULAN', NULL, 3, '0', 1, 1, 2, NULL, 0, 0, '0', NULL, '2', '2', '2', '0', '0', '1', '0', '2', NULL, '0', '2', '0000-00-00', NULL, NULL, NULL, 0, 0, 0, '-', 'RM 1500', 0, NULL, NULL, '0000-00-00 00:00:00', 0, NULL, '0000-00-00 00:00:00', NULL),
(51, 1, NULL, NULL, '', NULL, 'SPJP/MKB/051', 3838, 0, NULL, 'ABDUL MANAN BIN T. RAHMAN', '460606075451', 1, NULL, NULL, '1946-06-06', 1, NULL, 74, 1, '1', 2, 0, 0, '0', '0195563887', NULL, 'TB4, 4514 MUKIM 8, POKOK SENA', '13200', 70, 9, '27', '0, TAHUN, 0, BULAN', NULL, 6, '0', 1, 1, 2, '', 0, 0, '0', NULL, '2', '2', '2', '0', '0', '1', '0', '2', NULL, '0', '2', '', '', '', NULL, 0, 0, 0, '2', NULL, 1, 3, '', '0000-00-00 00:00:00', 0, NULL, '0000-00-00 00:00:00', NULL),
(52, 1, NULL, NULL, '', NULL, 'SPJP/MKB/052', 3838, 0, NULL, 'INDON BINTI HJ DRANI', '390326085312', 1, NULL, NULL, '1939-03-26', 1, NULL, 81, 1, '2', 4, 0, 0, '0', '-', NULL, '8176, MUKIM 11, KAMPUNG BANGGOL', '13200', 70, 9, '29', '0, TAHUN, 0, BULAN', NULL, 1, '0', 2, 1, 2, NULL, 0, 0, '0', NULL, '2', '1', '2', '0', '0', '1', '0', '2', NULL, '0', '2', '0000-00-00', NULL, NULL, NULL, 0, 0, 0, '-', NULL, 0, NULL, NULL, '0000-00-00 00:00:00', 0, NULL, '0000-00-00 00:00:00', NULL),
(53, 1, 'azami.ibrahim56@gmail.com', NULL, '$2y$10$nHaaz0J0T3Tmplmy0LjpEe0uyT9Zh6y89G0Xqbm2B7MuasYBwtWpS', NULL, 'SPJP/MKB/053', 3838, 0, NULL, 'AZAMI BIN IBRAHIM', '560828715029', 1, 'azami.ibrahim56@gmail.com', '$2y$10$mie4NRDJv8Mab2L0NvI2YOz3sDF7r.SGKHZG.DlAJlP1aWMxhWaom', '1956-08-28', 1, 0, 64, 1, '1', 2, 0, 0, '0', '0134422010', '045759692', '8176, MUKIM 11, KAMPUNG BANGGOL', '13200', 70, 9, '29', '19, TAHUN, 0, BULAN', NULL, 7, '0', 1, 1, 2, '', 0, 0, '0', NULL, '2', '2', '2', '0', '0', '1', '0', '2', NULL, '0', '2', '', '', '', NULL, 0, 0, 0, '3', 'RM 2000', 1, 1, '', '0000-00-00 00:00:00', 0, 'MzUzMzJkNzM2NTZhMzY3ODVmNjQ2MTc0NjE1ZjcwNjU3MjY5NjI2MTY0NjkyZDMzMzgzOTMxMzYzODMwMzczNw==', '2021-07-23 22:27:34', NULL),
(54, 1, NULL, NULL, '', NULL, 'SPJP/MKB/054', 3838, 0, NULL, 'MOHD NASIR BIN SALLEH', '641002075915', 1, NULL, NULL, '1964-10-02', 1, NULL, 55, 1, '1', 2, 0, 0, '0', '0125764694', NULL, '5869, PERMATANG KERAI KECIL', '13200', 70, 9, '25', '0, TAHUN, 0, BULAN', NULL, 8, '0', 1, 2, 2, NULL, 0, 0, '0', NULL, '2', '2', '2', '0', '0', '1', '0', '2', NULL, '0', '2', '', '', '', NULL, 0, 0, 0, '2', NULL, 1, 1, '', '0000-00-00 00:00:00', 0, NULL, '0000-00-00 00:00:00', NULL),
(55, 1, NULL, NULL, '', NULL, 'SPJP/MKB/055', 3838, 0, NULL, 'HAFIZ BIN BURHAN', '740621025045', 1, NULL, NULL, '1974-06-21', 1, NULL, 46, 1, '1', 2, 0, 0, '0', '0194728225', NULL, '295, PERMATANG KERAI KECIL', '13200', 70, 9, '25', '0, TAHUN, 0, BULAN', NULL, 2, '0', 1, 2, 2, NULL, 0, 0, '0', NULL, '2', '2', '2', '0', '0', '1', '0', '2', NULL, '0', '2', '', '', '', NULL, 0, 0, 0, '2', 'RM 1200', 1, 1, '', '0000-00-00 00:00:00', 0, NULL, '0000-00-00 00:00:00', NULL),
(56, 1, NULL, NULL, '', NULL, 'SPJP/MKB/056', 3838, 0, NULL, 'MOHD HAMDI BIN MD SAAD', '840524075225', 1, NULL, NULL, '1984-05-24', 1, NULL, 36, 1, '1', 2, 0, 0, '0', '0125051542', NULL, '295, PERMATANG KERAI KECIL', '13200', 70, 9, '25', '0, TAHUN, 0, BULAN', NULL, 4, '0', 1, 2, 2, NULL, 0, 0, '0', NULL, '2', '2', '2', '0', '0', '1', '0', '2', NULL, '0', '2', '', '', '', NULL, 0, 0, 0, '2', 'RM 1200', 1, 1, '', '0000-00-00 00:00:00', 0, NULL, '0000-00-00 00:00:00', NULL),
(57, 1, NULL, NULL, '', NULL, 'SPJP/MKB/057', 3838, 0, NULL, 'JA\'AFAR BIN JUSOH', '511107025377', 1, NULL, NULL, '1951-11-07', 1, NULL, 68, 1, '1', 2, 0, 0, '0', '0164498347', NULL, '5504, KAMPUNG BANGGOL', '13200', 70, 9, '29', '0, TAHUN, 0, BULAN', NULL, 6, '0', 1, 1, 2, NULL, 0, 0, '0', NULL, '2', '2', '2', '0', '0', '1', '0', '2', NULL, '0', '2', '0000-00-00', NULL, NULL, NULL, 0, 0, 0, '-', NULL, 0, NULL, NULL, '0000-00-00 00:00:00', 0, NULL, '0000-00-00 00:00:00', NULL),
(58, 1, NULL, NULL, '', NULL, 'SPJP/MKB/058', 3838, 0, NULL, 'KHAIRUL NIZAM BIN MOHAMAD ROSLI', '840504075535', 1, NULL, NULL, '1984-05-04', 1, NULL, 36, 1, '1', 2, 0, 0, '0', '0175883477', NULL, '1214, KAMPUNG BANGGOL', '13200', 70, 9, '29', '0, TAHUN, 0, BULAN', NULL, 7, '0', 1, 2, 2, NULL, 0, 0, '0', NULL, '2', '2', '2', '0', '0', '1', '0', '2', NULL, '0', '2', '', '', '', NULL, 0, 0, 0, 'MPSP', 'RM 1700', 0, NULL, NULL, '0000-00-00 00:00:00', 0, NULL, '0000-00-00 00:00:00', NULL),
(59, 1, NULL, NULL, '', NULL, 'SPJP/MKB/059', 3838, 0, NULL, 'MOHD PAWZI BIN BAKAR', '560316075507', 1, NULL, NULL, '1956-03-16', 1, NULL, 64, 1, '1', 2, 0, 0, '0', '0125126604', NULL, '1125, KAMPUNG BANGGOL', '13200', 70, 9, '29', '0, TAHUN, 0, BULAN', NULL, 5, '0', 1, 1, 2, NULL, 0, 0, '0', NULL, '2', '2', '2', '0', '0', '1', '0', '2', NULL, '0', '2', '', '', '', NULL, 0, 0, 0, '2', 'RM 1000', 1, 1, '', '0000-00-00 00:00:00', 0, NULL, '0000-00-00 00:00:00', NULL),
(60, 1, NULL, NULL, '', NULL, 'SPJP/MKB/060', 3838, 0, NULL, 'MD FAIRUS BIN IBRAHIM', '850513075229', 1, NULL, NULL, '1985-05-13', 1, NULL, 35, 1, '1', 2, 0, 0, '0', '0174930006', '045750700', '3909, KAMPUNG BANGGOL', '13200', 70, 9, '29', '0, TAHUN, 0, BULAN', NULL, 5, '0', 1, 2, 2, NULL, 0, 0, '0', NULL, '2', '2', '2', '0', '0', '1', '0', '2', NULL, '0', '2', '', '', '', NULL, 0, 0, 0, '-', 'RM 1500', 0, NULL, NULL, '0000-00-00 00:00:00', 0, NULL, '0000-00-00 00:00:00', NULL),
(61, 1, 'zulmal73@gmail.com', NULL, '$2y$10$mn5vCsUZ5urGRglx1Bvx.OweVKJbBwVUW92II24k5SyN6nUjfb5QS', 'eGO-LEvWT7mDw9lgm279qe:APA91bE-MOYDNaXihxz8qXiujWnIjH9vV_oKqegMfkz3g3FnAZuoAnWBVtbTDLJraRd4MF2dOECPJvamAcaQewc5yf-8r3KyBa9mH9b0bkLxeNgLw22tql0', 'SPJP/MKB/061', 3838, 0, NULL, 'ZULKIFLI BIN HASHIM', '630901075533', 1, NULL, NULL, '1963-09-01', 1, NULL, 57, 1, '1', 2, 0, 0, '0', '0185750955', '045758424', 'SB 1631 PBA-3, JALAN HAJI AHMAD TUAN HUSSIN', '13200', 70, 9, '29', '0, TAHUN, 0, BULAN', NULL, 3, '0', 1, 2, 2, '0', 0, 0, '0', NULL, '2', '2', '2', '0', '0', '1', '0', '2', NULL, '0', '2', '0000-00-00', NULL, NULL, NULL, 0, 0, 0, 'JURUTEKNIK', 'RM 1570', 0, NULL, NULL, '0000-00-00 00:00:00', 0, NULL, '0000-00-00 00:00:00', NULL),
(62, 1, NULL, NULL, '', NULL, 'SPJP/MKB/062', 3838, 0, NULL, 'MD SAAD BIN DIN', '400329075175', 1, NULL, NULL, '1940-03-29', 1, NULL, 80, 1, '1', 2, 0, 0, '0', '0174794756', NULL, '9850, KAMPUNG BANGGOL', '13200', 70, 9, '29', '0, TAHUN, 0, BULAN', NULL, 3, '0', 1, 1, 2, NULL, 0, 0, '0', NULL, '2', '2', '2', '0', '0', '1', '0', '2', NULL, '0', '2', '0000-00-00', NULL, NULL, NULL, 0, 0, 0, 'BERSARA', NULL, 0, NULL, NULL, '0000-00-00 00:00:00', 0, NULL, '0000-00-00 00:00:00', NULL),
(63, 1, NULL, NULL, '', NULL, 'SPJP/MKB/063', 3838, 0, NULL, 'SUKRI BIN MOHAMMAD', '740316075337', 1, NULL, NULL, '1974-03-16', 1, NULL, 46, 1, '1', 2, 0, 0, '0', '0174045929', NULL, '1237, KAMPUNG BANGGOL', '13200', 70, 9, '29', '0, TAHUN, 0, BULAN', NULL, 5, '0', 1, 2, 2, NULL, 0, 0, '0', NULL, '2', '2', '2', '0', '0', '1', '0', '2', NULL, '0', '2', '0000-00-00', NULL, NULL, NULL, 0, 0, 0, '-', 'RM 1900', 0, NULL, NULL, '0000-00-00 00:00:00', 0, NULL, '0000-00-00 00:00:00', NULL),
(64, 1, NULL, NULL, '', NULL, 'SPJP/MKB/064', 3838, 0, NULL, 'AHMAD BIN HASSAN', '460325075375', 1, NULL, NULL, '1946-03-25', 1, NULL, 74, 1, '1', 2, 0, 0, '0', '-', NULL, '8744, KAMPUNG BANGGOL', '13200', 70, 9, '29', '26, TAHUN, 0, BULAN', NULL, 2, '0', 1, 1, 2, NULL, 0, 0, '0', NULL, '2', '2', '2', '0', '0', '1', '0', '2', NULL, '0', '2', '', '', '', NULL, 0, 0, 0, '2', NULL, 1, 1, '', '0000-00-00 00:00:00', 0, NULL, '0000-00-00 00:00:00', NULL),
(65, 1, NULL, NULL, '', NULL, 'SPJP/MKB/065', 3838, 0, NULL, 'ROZIHAN BINTI AHMAD', '710921075178', 1, NULL, NULL, '1971-09-21', 1, NULL, 49, 1, '2', 2, 0, 0, '0', '0192196922', NULL, 'NO 8744, KAMPUNG BANGGOL, POKOK SENA, 13220 KEPALA BATAS, PULAU PINANG.', '13200', 70, 9, '29', '0, TAHUN, 0, BULAN', NULL, 5, '0', 2, 2, 2, NULL, 0, 0, '0', NULL, '2', '2', '2', '0', '0', '1', '0', '2', NULL, '0', '2', '', '', '', NULL, 0, 0, 0, '2', 'RM 1200', 2, 1, '', '0000-00-00 00:00:00', 0, NULL, '0000-00-00 00:00:00', NULL),
(66, 1, NULL, NULL, '', NULL, 'SPJP/MKB/066', 3838, 0, NULL, 'MOHAMMAD YUSOF BIN AWANG', '550430075499', 1, NULL, NULL, '1955-04-30', 1, NULL, 65, 1, '1', 2, 0, 0, '0', '0194326598', NULL, '725, MK 8 KG. BANGGOL', '13200', 70, 9, '29', '0, TAHUN, 0, BULAN', NULL, 4, '0', 1, 1, 2, '', 0, 0, '0', NULL, '2', '2', '2', '0', '0', '1', '0', '2', NULL, '0', '2', '', '', '', NULL, 0, 0, 0, '4', NULL, 1, 1, '', '0000-00-00 00:00:00', 0, NULL, '0000-00-00 00:00:00', NULL),
(67, 1, NULL, NULL, '', NULL, 'SPJP/MKB/068', 3838, 0, NULL, 'HAJI JAMALUDDIN BIN CHE\' SAT', '490315075061', 1, NULL, NULL, '1949-03-15', 1, NULL, 71, 1, '1', 2, 0, 0, '0', '0164863425', '045757826', '10736, KAMPUNG BANGGOL', '13200', 70, 9, '29', '0, TAHUN, 0, BULAN', NULL, 2, '0', 1, 1, 2, NULL, 0, 0, '0', NULL, '2', '2', '2', '0', '0', '1', '0', '2', NULL, '0', '2', '0000-00-00', NULL, NULL, NULL, 0, 0, 0, '-', 'RM 1200', 0, NULL, NULL, '0000-00-00 00:00:00', 0, NULL, '0000-00-00 00:00:00', NULL),
(68, 1, NULL, NULL, '', NULL, 'SPJP/MKB/069', 3838, 0, NULL, 'HAMIDAH BINTI HARUN', '620324075568', 1, NULL, NULL, '1962-03-24', 1, NULL, 58, 1, '2', 4, 0, 0, '0', '0195234216', NULL, '4565, KAMPUNG BANGGOL', '13200', 70, 9, '29', '0, TAHUN, 0, BULAN', NULL, 3, '0', 2, 2, 2, NULL, 0, 0, '0', NULL, '2', '2', '2', '0', '0', '1', '0', '2', NULL, '0', '2', '0000-00-00', NULL, NULL, NULL, 0, 0, 0, '-', 'RM 1500', 0, NULL, NULL, '0000-00-00 00:00:00', 0, NULL, '0000-00-00 00:00:00', NULL),
(69, 1, NULL, NULL, '', NULL, 'SPJP/MKB/070', 3838, 0, NULL, 'AHMAD KHAIRUDDIN BIN ABDULLAH', '590409025813', 1, NULL, NULL, '1959-04-09', 1, NULL, 61, 1, '1', 2, 0, 0, '0', '0194148712', '045755291', 'SBLH 2151, JLN HJ AHMAD TUAN HUSIN', '13200', 70, 9, '29', '0, TAHUN, 0, BULAN', NULL, 10, '0', 1, 1, 2, NULL, 0, 0, '0', NULL, '2', '2', '2', '0', '0', '1', '0', '2', NULL, '0', '2', '0000-00-00', NULL, NULL, NULL, 0, 0, 0, '-', 'RM 1400', 0, NULL, NULL, '0000-00-00 00:00:00', 0, NULL, '0000-00-00 00:00:00', NULL),
(70, 1, NULL, NULL, '', NULL, 'SPJP/MKB/071', 3838, 0, NULL, 'ABDU RAHIM @ ABDUL RAHIM BIN OTHMAN', '540112075355', 1, NULL, NULL, '1954-01-12', 1, NULL, 66, 1, '1', 2, 0, 0, '0', '0174070957', '045759943', '9625 PERMATANG KERAI BESAR', '13200', 70, 9, '23', '0, TAHUN, 0, BULAN', NULL, 7, '0', 1, 1, 2, NULL, 0, 0, '0', NULL, '2', '2', '2', '0', '0', '1', '0', '2', NULL, '0', '2', '', '', '', NULL, 0, 0, 0, '2', NULL, 1, 1, '', '0000-00-00 00:00:00', 0, NULL, '0000-00-00 00:00:00', NULL),
(71, 1, NULL, NULL, '', NULL, 'SPJP/MKB/072', 3838, 0, NULL, 'RODZALI BIN SAAD', '530125075021', 1, NULL, NULL, '1953-01-25', 1, NULL, 67, 1, '1', 2, 0, 0, '0', '0174895596', '045755596', '2444, KAMPUNG BANGGOL', '13200', 70, 9, '29', '0, TAHUN, 0, BULAN', NULL, 7, '0', 1, 1, 2, NULL, 0, 0, '0', NULL, '2', '2', '2', '0', '0', '1', '0', '2', NULL, '0', '2', '0000-00-00', NULL, NULL, NULL, 0, 0, 0, '-', 'RM 950', 0, NULL, NULL, '0000-00-00 00:00:00', 0, NULL, '0000-00-00 00:00:00', NULL),
(72, 1, NULL, NULL, '', NULL, 'SPJP/MKB/073', 3838, 0, NULL, 'MOHAMAD ROSLI BIN OTHMAN', '580424075465', 1, NULL, NULL, '1958-04-24', 1, NULL, 62, 1, '1', 2, 0, 0, '0', '0134913775', '045758493', '10294, KAMPUNG BANGGOL', '13200', 70, 9, '29', '0, TAHUN, 0, BULAN', NULL, 6, '0', 1, 1, 2, NULL, 0, 0, '0', NULL, '2', '2', '2', '0', '0', '1', '0', '2', NULL, '0', '2', '0000-00-00', NULL, NULL, NULL, 0, 0, 0, '-', 'RM 1300', 0, NULL, NULL, '0000-00-00 00:00:00', 0, NULL, '0000-00-00 00:00:00', NULL),
(73, 1, NULL, NULL, '', NULL, 'SPJP/MKB/074', 3838, 0, NULL, 'SAID BIN AHMAD', '600422025443', 1, NULL, NULL, '1960-04-22', 1, NULL, 60, 1, '1', 2, 0, 0, '0', '01155533013', NULL, '692, KG. BANGGOL', '13200', 70, 9, '29', '0, TAHUN, 0, BULAN', NULL, 6, '0', 1, 2, 2, '', 0, 0, '0', NULL, '1', '2', '2', '0', '0', '1', '0', '2', NULL, '0', '2', '', '', '', NULL, 0, 0, 0, '4', NULL, 1, 1, '', '0000-00-00 00:00:00', 0, NULL, '0000-00-00 00:00:00', NULL),
(74, 1, NULL, NULL, '', NULL, 'SPJP/MKB/075', 3838, 0, NULL, 'ABDUL RAZAK BIN ISHAK', '720713075383', 1, NULL, NULL, '1972-07-13', 1, NULL, 48, 1, '1', 2, 0, 0, '0', '-', '045794330', '1282, KAMPUNG BANGGOL', '13200', 70, 9, '29', '0, TAHUN, 0, BULAN', NULL, 3, '0', 1, 2, 2, NULL, 0, 0, '0', NULL, '2', '2', '2', '0', '0', '1', '0', '2', NULL, '0', '2', '0000-00-00', NULL, NULL, NULL, 0, 0, 0, '-', 'RM 2000', 0, NULL, NULL, '0000-00-00 00:00:00', 0, NULL, '0000-00-00 00:00:00', NULL),
(75, 1, NULL, NULL, '', NULL, 'SPJP/MKB/076', 3838, 0, NULL, 'MOHAMAD ABU BIN HAMID', '461030075049', 1, NULL, NULL, '1946-10-30', 1, NULL, 73, 1, '1', 2, 0, 0, '0', '0124387652', NULL, '8087, KAMPUNG BANGGOL', '13200', 70, 9, '29', '0, TAHUN, 0, BULAN', NULL, 5, '0', 1, 1, 2, NULL, 0, 0, '0', NULL, '2', '2', '2', '0', '0', '1', '0', '2', NULL, '0', '2', '0000-00-00', NULL, NULL, NULL, 0, 0, 0, '-', 'RM 500', 0, NULL, NULL, '0000-00-00 00:00:00', 0, NULL, '0000-00-00 00:00:00', NULL),
(76, 1, NULL, NULL, '', NULL, 'SPJP/MKB/077', 3838, 0, NULL, 'SUBREE BIN MOHD YUSOP', '710621075491', 1, NULL, NULL, '1971-06-21', 1, NULL, 49, 1, '1', 2, 0, 0, '0', '0124273141', '045755905', '3141, JALAN HAJI AHMAD TUAN HUSSIN', '13200', 70, 9, '29', '0, TAHUN, 0, BULAN', NULL, 7, '0', 1, 2, 2, NULL, 0, 0, '0', NULL, '2', '2', '2', '0', '0', '1', '0', '2', NULL, '0', '2', '0000-00-00', NULL, NULL, NULL, 0, 0, 0, '-', NULL, 0, NULL, NULL, '0000-00-00 00:00:00', 0, NULL, '0000-00-00 00:00:00', NULL),
(77, 1, NULL, NULL, '', NULL, 'SPJP/MKB/078', 3838, 0, NULL, 'MOHD SUKHRI BIN MOHD YUSOP', '670702075449', 1, NULL, NULL, '1967-07-02', 1, NULL, 53, 1, '1', 2, 0, 0, '0', '0124289206', NULL, '3141, KAMPUNG BANGGOL', '13200', 70, 9, '29', '0, TAHUN, 0, BULAN', NULL, 13, '0', 1, 2, 2, NULL, 0, 0, '0', NULL, '2', '2', '2', '0', '0', '1', '0', '2', NULL, '0', '2', '', '', '', NULL, 0, 0, 0, '2', 'RM 1200', 1, 1, '', '0000-00-00 00:00:00', 0, NULL, '0000-00-00 00:00:00', NULL),
(78, 1, NULL, NULL, '', NULL, 'SPJP/MKB/079', 3838, 0, NULL, 'AHMAD BIN HASHIM', '430302075399', 1, NULL, NULL, '1943-03-02', 1, NULL, 77, 1, '1', 3, 0, 0, '0', '-', NULL, '727, KPG BANGGOL', '13200', 70, 9, '29', '78, TAHUN, 0, BULAN', NULL, 14, '0', 1, 1, 2, '', 0, 0, '0', NULL, '2', '2', '2', '0', '0', '1', '0', '2', NULL, '0', '2', '', '', '', NULL, 0, 0, 0, '3', NULL, 1, 1, '', '0000-00-00 00:00:00', 0, NULL, '0000-00-00 00:00:00', NULL),
(79, 1, NULL, NULL, '', NULL, 'SPJP/MKB/080', 3838, 0, NULL, 'AHMAD FAUZI BIN ISHAK', '770516075849', 1, NULL, NULL, '1977-05-16', 1, NULL, 43, 1, '1', 2, 0, 0, '0', '0124227693', NULL, '4067, KAMPUNG BANGGOL', '13200', 70, 9, '29', '0, TAHUN, 0, BULAN', NULL, 4, '0', 1, 2, 2, NULL, 0, 0, '0', NULL, '2', '2', '2', '0', '0', '1', '0', '2', NULL, '0', '2', '0000-00-00', NULL, NULL, NULL, 0, 0, 0, '-', 'RM 1900', 0, NULL, NULL, '0000-00-00 00:00:00', 0, NULL, '0000-00-00 00:00:00', NULL),
(80, 1, NULL, NULL, '', NULL, 'SPJP/MKB/081', 3838, 0, NULL, 'HAJI YUSOP BIN CHE MAT', '540503025451', 1, NULL, NULL, '1954-05-03', 1, NULL, 66, 1, '1', 2, 0, 0, '0', '0194454397', '045755699', '9044, JALAN TUAN HUSSEIN, POKOK SENA', '13200', 70, 9, '29', '0, TAHUN, 0, BULAN', NULL, 4, '0', 1, 1, 2, NULL, 1, 0, '0', NULL, '2', '2', '2', '0', '0', '1', '0', '2', NULL, '0', '2', '0000-00-00', NULL, NULL, NULL, 0, 0, 0, '-', 'RM 2400', 0, NULL, NULL, '0000-00-00 00:00:00', 0, NULL, '0000-00-00 00:00:00', NULL),
(81, 1, NULL, NULL, '', NULL, 'SPJP/MKB/082', 3838, 0, NULL, 'ABDULLAH BIN HASHIM', '370604075029', 1, NULL, NULL, '1937-06-04', 1, NULL, 83, 1, '1', 2, 0, 0, '0', '0143417239', NULL, '1213, KAMPUNG BANGGOL', '13200', 70, 9, '', '0, TAHUN, 0, BULAN', NULL, 4, '0', 1, 1, 2, NULL, 0, 0, '0', NULL, '2', '2', '2', '0', '0', '1', '0', '2', NULL, '0', '2', '', '', '', NULL, 0, 0, 0, '2', 'RM 400', 1, 1, '', '0000-00-00 00:00:00', 0, NULL, '0000-00-00 00:00:00', NULL),
(82, 1, NULL, NULL, '', NULL, 'SPJP/MKB/083', 3838, 0, NULL, 'SABIRI BIN BAKAR', '611212075171', 1, NULL, NULL, '1961-12-12', 1, NULL, 58, 1, '1', 2, 0, 0, '0', '0174873698', NULL, '5504, KAMPUNG BANNGOL', '13200', 70, 9, '29', '0, TAHUN, 0, BULAN', NULL, 5, '0', 1, 2, 2, NULL, 0, 0, '0', NULL, '2', '2', '2', '0', '0', '1', '0', '2', NULL, '0', '2', '', '', '', NULL, 0, 0, 0, '-', 'RM 800', 0, NULL, NULL, '0000-00-00 00:00:00', 0, NULL, '0000-00-00 00:00:00', NULL),
(83, 1, NULL, NULL, '', NULL, 'SPJP/MKB/084', 3838, 0, NULL, 'ZAINAL BIN ABDULLAH', '680207075207', 1, NULL, NULL, '1968-02-07', 1, NULL, 52, 1, '1', 2, 0, 0, '0', '01152205678', '045750785', '1368, KAMPUNG BANGGOL', '13200', 70, 9, '29', '0, TAHUN, 0, BULAN', NULL, 7, '0', 1, 2, 2, NULL, 0, 0, '0', NULL, '2', '2', '2', '0', '0', '1', '0', '2', NULL, '0', '2', '0000-00-00', NULL, NULL, NULL, 0, 0, 0, '-', 'RM 1500', 0, NULL, NULL, '0000-00-00 00:00:00', 0, NULL, '0000-00-00 00:00:00', NULL),
(84, 1, NULL, NULL, '', NULL, 'SPJP/MKB/085', 3838, 0, NULL, 'MUHAMAD HAFIDZI BIN SULAIMAN', '750812025071', 1, NULL, NULL, '1975-08-12', 1, NULL, 45, 1, '1', 2, 0, 0, '0', '0134148500', NULL, '8464, KAMPUNG BANGGOL', '13200', 70, 9, '29', '0, TAHUN, 0, BULAN', NULL, 10, '0', 1, 2, 2, NULL, 0, 0, '0', NULL, '2', '2', '2', '0', '0', '1', '0', '2', NULL, '0', '2', '0000-00-00', NULL, NULL, NULL, 0, 0, 0, '-', 'RM 1500', 0, NULL, NULL, '0000-00-00 00:00:00', 0, NULL, '0000-00-00 00:00:00', NULL),
(85, 1, NULL, NULL, '', NULL, 'SPJP/MKB/086', 3838, 0, NULL, 'AHMAD SUKORI BIN HARUN', '640210075461', 1, NULL, NULL, '1964-02-10', 1, NULL, 56, 1, '1', 2, 0, 0, '0', '0174329800', NULL, '8187, KAMPUNG BANGGOL', '13200', 70, 9, '29', '0, TAHUN, 0, BULAN', NULL, 3, '0', 1, 2, 2, NULL, 0, 0, '0', NULL, '2', '2', '2', '0', '0', '1', '0', '2', NULL, '0', '2', '0000-00-00', NULL, NULL, NULL, 0, 0, 0, '-', 'RM 1800', 0, NULL, NULL, '0000-00-00 00:00:00', 0, NULL, '0000-00-00 00:00:00', NULL),
(86, 1, 'jamalqworld@gmail.com', NULL, '$2y$10$T5FteQ5IqUKMpqYCxb.QpO7iKu6n.P0a3QRvW12uo0ip2ETqQ.Uji', 'fD1c1KvuSPWQ19v9k-1v-Z:APA91bHqjZSwEMy43zWfGEQPe-0Sj0qSjlnSGeV_XQ3ewnwV4zHNm3oRj6bW_Nz0UQUs_l8o6KxFCx1JOsBe9ND7NOwNHasQCHmArg9QWowbDjGmk6EJHNH63PDYjDCoEOeNrJicqmJS', 'SPJP/MKB/087', 3838, 0, NULL, 'JAMALUDIN BIN SALLEH', '690506086309', 1, NULL, NULL, '1969-05-06', 1, NULL, 51, 1, '1', 2, 0, 0, '0', '0174985160', NULL, 'TBP 4514, MUKIM 8, POKOK SENA', '13200', 70, 9, '29', '25, TAHUN, 0, BULAN', NULL, 5, '0', 1, 2, 2, '', 0, 0, '0', NULL, '2', '2', '2', '0', '0', '1', '0', '2', NULL, '0', '2', '', '', '', NULL, 0, 0, 0, '4', NULL, 1, 1, '', '0000-00-00 00:00:00', 0, NULL, '0000-00-00 00:00:00', NULL),
(87, 1, NULL, NULL, '', NULL, 'SPJP/MKB/088', 3838, 0, NULL, 'KHALIJAH BINTI ABD. RAHMAN', '540929075608', 1, NULL, NULL, '1954-09-29', 1, NULL, 65, 1, '2', 4, 0, 0, '0', '0174528371', NULL, '10405, KAMPUNG BANGGOL', '13200', 70, 9, '29', '0, TAHUN, 0, BULAN', NULL, 4, '0', 2, 1, 2, NULL, 0, 0, '0', NULL, '2', '2', '2', '0', '0', '1', '0', '2', NULL, '0', '2', '0000-00-00', NULL, NULL, NULL, 0, 0, 0, '-', 'RM 600', 0, NULL, NULL, '0000-00-00 00:00:00', 0, NULL, '0000-00-00 00:00:00', NULL),
(88, 1, NULL, NULL, '', NULL, 'SPJP/MKB/089', 3838, 0, NULL, 'ZABIDI BIN AWANG', '711018075619', 1, NULL, NULL, '1971-10-18', 1, NULL, 48, 1, '1', 2, 0, 0, '0', '0174463483', NULL, '725 A, KG BANGGOL', '13200', 70, 9, '29', '0, TAHUN, 0, BULAN', NULL, 7, '0', 1, 2, 2, NULL, 1, 0, '0', NULL, '2', '2', '2', '0', '0', '1', '0', '2', NULL, '0', '2', '', '', '', NULL, 0, 0, 0, '-', 'RM 1800', 0, NULL, NULL, '0000-00-00 00:00:00', 0, NULL, '0000-00-00 00:00:00', NULL),
(89, 1, NULL, NULL, '', NULL, 'SPJP/MKB/090', 3838, 0, NULL, 'SAAD BIN ABDULLAH', '490520075255', 1, NULL, NULL, '1949-05-20', 1, NULL, 71, 1, '1', 2, 0, 0, '0', '-', NULL, '8085, KAMPUNG BANGGOL', '13200', 70, 9, '29', '0, TAHUN, 0, BULAN', NULL, 7, '0', 1, 1, 2, NULL, 0, 0, '0', NULL, '1', '2', '2', '0', '1', '1', '0', '2', NULL, '0', '2', '', '', '', NULL, 0, 0, 0, '2', NULL, 1, 1, '', '0000-00-00 00:00:00', 0, NULL, '0000-00-00 00:00:00', NULL),
(90, 1, NULL, NULL, '', NULL, 'SPJP/MKB/091', 3838, 0, NULL, 'MUHAMAD NIZAM BIN SAMSUDIN', '841017075161', 1, NULL, NULL, '1984-10-17', 1, NULL, 36, 1, '1', 2, 0, 0, '0', '0174212676', NULL, '210, PERMATANG KERAI BESAR', '13200', 70, 9, '23', '0, TAHUN, 0, BULAN', NULL, 4, '0', 1, 2, 2, NULL, 0, 0, '0', NULL, '2', '2', '2', '0', '0', '1', '0', '2', NULL, '0', '2', '', '', '', NULL, 0, 0, 0, '2', 'RM 2000', 1, 1, '', '0000-00-00 00:00:00', 0, NULL, '0000-00-00 00:00:00', NULL),
(91, 1, NULL, NULL, '', NULL, 'SPJP/MKB/092', 3838, 0, NULL, 'JAMALIAH BINTI MOHAMMAD', '760206075406', 1, NULL, NULL, '1976-02-06', 1, NULL, 44, 1, '2', 4, 0, 0, '0', '0174285909', NULL, '4, LORONG POKOK SENA 4, TAMAN POKOK SENA', '13200', 70, 9, '31', '0, TAHUN, 0, BULAN', NULL, 4, '0', 2, 2, 2, NULL, 0, 0, '0', NULL, '2', '2', '2', '0', '0', '1', '0', '2', NULL, '0', '2', '', '', '', NULL, 0, 0, 0, '4', 'RM 2200', 1, 1, '', '0000-00-00 00:00:00', 0, NULL, '0000-00-00 00:00:00', NULL),
(92, 1, NULL, NULL, '', NULL, 'SPJP/MKB/093', 3838, 0, NULL, 'HARUN BIN AYOB', '371122025445', 1, NULL, NULL, '1937-11-22', 1, NULL, 82, 1, '1', 2, 0, 0, '0', '-', NULL, '8187, KAMPUNG BANGGOL', '13200', 70, 9, '29', '0, TAHUN, 0, BULAN', NULL, 7, '0', 1, 1, 2, NULL, 0, 0, '0', NULL, '2', '2', '2', '0', '0', '1', '0', '2', NULL, '0', '2', '0000-00-00', NULL, NULL, NULL, 0, 0, 0, '-', NULL, 0, NULL, NULL, '0000-00-00 00:00:00', 0, NULL, '0000-00-00 00:00:00', NULL),
(93, 1, NULL, NULL, '', NULL, 'SPJP/MKB/094', 3838, 0, NULL, 'MOHMAD ROZYE BIN SALEH', '730616075663', 1, NULL, NULL, '1973-06-16', 1, NULL, 47, 1, '1', 3, 0, 0, '0', '0142580478', NULL, '5504, KAMPUNG BANGGOL', '13200', 70, 9, '29', '0, TAHUN, 0, BULAN', NULL, 1, '0', 1, 2, 2, NULL, 0, 0, '0', NULL, '2', '2', '2', '0', '0', '1', '0', '2', NULL, '0', '2', '0000-00-00', NULL, NULL, NULL, 0, 0, 0, '-', 'RM 500', 0, NULL, NULL, '0000-00-00 00:00:00', 0, NULL, '0000-00-00 00:00:00', NULL),
(94, 1, NULL, NULL, '', NULL, 'SPJP/MKB/095', 3838, 0, NULL, 'SALMIAH BINTI HASHIM', '450610075156', 1, NULL, NULL, '1945-06-10', 1, NULL, 75, 1, '2', 4, 0, 0, '0', '0194817432', NULL, '3119, KAMPUNG BANGGOL', '13200', 70, 9, NULL, '-', NULL, 6, '0', 2, 1, 2, NULL, 0, 0, '0', NULL, '2', '1', '2', '0', '0', '0', '0', '2', NULL, '0', '2', '0000-00-00', NULL, NULL, NULL, 0, 0, 0, '-', NULL, 0, NULL, NULL, '0000-00-00 00:00:00', 0, NULL, '0000-00-00 00:00:00', NULL),
(95, 1, NULL, NULL, '', NULL, 'SPJP/MKB/096', 3838, 0, NULL, 'ZAMRI BIN MD SAAD', '700511075467', 1, NULL, NULL, '1970-05-11', 1, NULL, 50, 1, '1', 2, 0, 0, '0', '0194232733', '045752733', '295 E, PERMATANG KERAI KECIL', '13200', 70, 9, '25', '0, TAHUN, 0, BULAN', NULL, 5, '0', 1, 2, 2, NULL, 0, 0, '0', NULL, '1', '2', '2', '0', '1', '1', '0', '2', NULL, '0', '2', '', '', '', NULL, 0, 0, 0, '2', NULL, 1, 1, '', '0000-00-00 00:00:00', 0, NULL, '0000-00-00 00:00:00', NULL),
(96, 1, NULL, NULL, '', NULL, 'SPJP/MKB/097', 3838, 0, NULL, 'RUSLI BIN MD ALI', '560916025407', 1, NULL, NULL, '1956-09-16', 1, NULL, 64, 1, '1', 2, 0, 0, '0', '0195118493', NULL, '1346, MUKIM 11, KAMPUNG BANGGOL', '13200', 70, 9, '29', '0, TAHUN, 0, BULAN', NULL, 6, '0', 1, 1, 2, NULL, 0, 0, '0', NULL, '2', '2', '2', '0', '0', '1', '0', '2', NULL, '0', '2', '0000-00-00', NULL, NULL, NULL, 0, 0, 0, '-', 'RM 1200', 0, NULL, NULL, '0000-00-00 00:00:00', 0, NULL, '0000-00-00 00:00:00', NULL),
(97, 1, NULL, NULL, '', NULL, 'SPJP/MKB/098', 3838, 0, NULL, 'CHE PUTEH BINTI CHE MAT', '440513075294', 1, NULL, NULL, '1944-05-13', 1, NULL, 76, 1, '2', 4, 0, 0, '0', '0175921386', NULL, '3220, POKOK SENA', '13200', 70, 9, '27', '0, TAHUN, 0, BULAN', NULL, 5, '0', 2, 1, 2, NULL, 0, 0, '0', NULL, '2', '2', '2', '0', '0', '1', '0', '2', NULL, '0', '2', '', '', '', NULL, 0, 0, 0, '4', NULL, 1, 1, '', '0000-00-00 00:00:00', 0, NULL, '0000-00-00 00:00:00', NULL),
(98, 1, NULL, NULL, '', NULL, 'SPJP/MKB/099', 3838, 0, NULL, 'ROMLAH BINTI HASHIM', '500110075152', 1, NULL, NULL, '1950-01-10', 1, NULL, 70, 1, '2', 2, 0, 0, '0', '-', '045756835', '1869, KAMPUNG BANGGOL', '13200', 70, 9, '29', '0, TAHUN, 0, BULAN', NULL, 4, '0', 2, 1, 2, NULL, 0, 0, '0', NULL, '1', '1', '2', '0', '0', '1', '0', '2', NULL, '0', '2', '0000-00-00', NULL, NULL, NULL, 0, 0, 0, '-', NULL, 0, NULL, NULL, '0000-00-00 00:00:00', 0, NULL, '0000-00-00 00:00:00', NULL),
(99, 1, NULL, NULL, '', NULL, 'SPJP/MKB/100', 3838, 0, NULL, 'ROSLAN BIN TALIB', '630417075531', 1, NULL, NULL, '1963-04-17', 1, NULL, 57, 1, '1', 2, 0, 0, '0', '0134260748', NULL, '8175, KAMPUNG BANGGOL', '13200', 70, 9, '29', '0, TAHUN, 0, BULAN', NULL, 8, '0', 1, 2, 2, NULL, 0, 0, '0', NULL, '2', '2', '2', '0', '0', '1', '0', '2', NULL, '0', '2', NULL, NULL, NULL, NULL, 0, 0, 0, '-', 'RM 1500', 0, NULL, NULL, '0000-00-00 00:00:00', 0, NULL, '0000-00-00 00:00:00', NULL),
(101, 1, NULL, NULL, '', NULL, 'SPJP/MKB/102', 3838, 0, NULL, 'MOHD SALLEH BIN MOHAMAD', '450203075239', 1, NULL, NULL, '1945-02-03', 1, NULL, 75, 1, '1', 2, 0, 0, '0', '-', NULL, '735, KG. BANGGOL', '13200', 70, 9, '29', '0, TAHUN, 0, BULAN', NULL, 4, '0', 1, 1, 2, NULL, 0, 0, '0', NULL, '2', '2', '2', '0', '1', '1', '0', '2', NULL, '0', '2', '0000-00-00', NULL, NULL, NULL, 0, 0, 0, '-', 'RM 1000', 0, NULL, NULL, '0000-00-00 00:00:00', 0, NULL, '0000-00-00 00:00:00', NULL);
INSERT INTO `sej6x_data_peribadi` (`id_data`, `jenisUser`, `email`, `email_verified_at`, `password`, `firebase_token`, `no_rujukan`, `id_masjid`, `no_masjid`, `gambar_profil`, `nama_penuh`, `no_ic`, `jenisPengenalan`, `emel`, `password_old`, `tarikh_lahir`, `warganegara`, `id_negara`, `umur`, `bangsa`, `jantina`, `status_perkahwinan`, `status`, `tahap_pendidikan`, `sekolah_institusi`, `no_hp`, `no_rumah`, `alamat_terkini`, `poskod`, `id_daerah`, `id_negeri`, `zon_qariah`, `tempoh_tinggal`, `tarikh_tempoh_tinggal`, `bil_tanggungan`, `data_umum`, `solat_jumaat`, `warga_emas`, `oku`, `jenis_oku`, `data_ajk`, `data_pegawai`, `data_undi`, `pilihan_asnaf`, `data_asnaf`, `data_ibutunggal`, `data_anakyatim`, `data_cerai`, `data_kematian`, `data_khairat`, `data_nikah`, `data_sakit`, `data_sakit1`, `data_oku`, `data_mualaf`, `tarikh_mualaf`, `tempat_mualaf`, `dihadapan_mualaf`, `bukti_kariah`, `id_suami`, `id_bapa`, `id_ibu`, `pekerjaan`, `majikan`, `pendapatan`, `pemilikkan`, `pemilikkan2`, `last_added`, `added_by`, `kod_reset`, `reset_tamat`, `tempColumn`) VALUES
(102, 1, NULL, NULL, '', NULL, 'SPJP/MKB/103', 3838, 0, NULL, 'ABU BAKAR BIN AWANG', '630307075813', 1, NULL, NULL, '1963-03-07', 1, NULL, 57, 1, '1', 2, 0, 0, '0', '0194214001', '045754597', '252, KAMPUNG BANGGOL', '13200', 70, 9, '29', '0, TAHUN, 0, BULAN', NULL, 9, '0', 1, 2, 2, NULL, 0, 0, '0', NULL, '2', '2', '2', '0', '0', '2', '0', '2', NULL, '0', '2', '0000-00-00', NULL, NULL, NULL, 0, 0, 0, '-', 'RM 950', 0, NULL, NULL, '0000-00-00 00:00:00', 0, NULL, '0000-00-00 00:00:00', NULL),
(103, 1, NULL, NULL, '', NULL, 'SPJP/MKB/104', 3838, 0, NULL, 'ABDUL RAZAK BIN SABERMAN', '630709085459', 1, NULL, NULL, '1963-07-09', 1, NULL, 57, 1, '1', 2, 0, 0, '0', '0176602433 / 013-3737824', NULL, '1970, JALAN POKOK SENA, KG. BANGGOL', '13200', 70, 9, '27', '0, TAHUN, 0, BULAN', NULL, 5, '0', 1, 2, 2, NULL, 0, 0, '0', NULL, '2', '2', '2', '0', '0', '1', '0', '2', NULL, '0', '2', NULL, NULL, NULL, NULL, 0, 0, 0, 'SENDIRI', NULL, 0, NULL, NULL, '0000-00-00 00:00:00', 0, NULL, '0000-00-00 00:00:00', NULL),
(104, 1, NULL, NULL, '', NULL, 'SPJP/MKB/105', 3838, 0, NULL, 'AZMI BIN ARSHAD', '700907075447', 1, NULL, NULL, '1970-09-07', 1, NULL, 50, 1, '1', 2, 0, 0, '0', '0194075772', NULL, '1849, JLN POKOK SENA, PERMATANG KERAI KECIL', '13200', 70, 9, '25', '0, TAHUN, 0, BULAN', NULL, 6, '0', 1, 2, 2, NULL, 0, 0, '0', NULL, '2', '2', '2', '0', '0', '1', '0', '2', NULL, '0', '2', '', '', '', NULL, 0, 0, 0, '2', 'RM 2100', 1, 1, '', '0000-00-00 00:00:00', 0, NULL, '0000-00-00 00:00:00', NULL),
(105, 1, NULL, NULL, '', NULL, 'SPJP/MKB/106', 3838, 0, NULL, 'JOHAN BIN ISMAIL', '830310035819', 1, NULL, NULL, '1983-03-10', 1, NULL, 37, 1, '1', 2, 0, 0, '0', '0179248231', NULL, '3912, KAMPUNG BANGGOL', '13200', 70, 9, '29', '0, TAHUN, 0, BULAN', NULL, 4, '0', 1, 2, 2, NULL, 0, 0, '0', NULL, '2', '2', '2', '0', '0', '1', '0', '2', NULL, '0', '2', '0000-00-00', NULL, NULL, NULL, 0, 0, 0, 'JPJ', 'RM 2500', 0, NULL, NULL, '0000-00-00 00:00:00', 0, NULL, '0000-00-00 00:00:00', NULL),
(106, 1, NULL, NULL, '', NULL, 'SPJP/MKB/107', 3838, 0, NULL, 'MOHD RANI BIN ABDULLAH', '760607075669', 1, NULL, NULL, '1976-06-07', 1, NULL, 44, 1, '1', 2, 0, 0, '0', '01121449762', NULL, '3912, JALAN HJ AHMAD TUAN HUSSIN', '13200', 70, 9, '29', '0, TAHUN, 0, BULAN', NULL, 3, '0', 1, 2, 2, NULL, 0, 0, '0', NULL, '2', '2', '2', '0', '0', '1', '0', '2', NULL, '0', '2', '0000-00-00', NULL, NULL, NULL, 0, 0, 0, 'PEMBANTU TADBIR', 'RM 2500', 0, NULL, NULL, '0000-00-00 00:00:00', 0, NULL, '0000-00-00 00:00:00', NULL),
(107, 1, NULL, NULL, '', NULL, 'SPJP/MKB/108', 3838, 0, NULL, 'SHAHIDAN BIN SALEH', '700924075393', 1, NULL, NULL, '1970-09-24', 1, NULL, 49, 1, '1', 2, 0, 0, '0', '0195560470', NULL, '1864, KAMPUNG BANGGOL', '13200', 70, 9, '29', '0, TAHUN, 0, BULAN', NULL, 4, '0', 1, 2, 2, NULL, 0, 0, '0', NULL, '2', '2', '2', '0', '0', '1', '0', '2', NULL, '0', '2', '0000-00-00', NULL, NULL, NULL, 0, 0, 0, 'KILANG', 'RM 3000', 0, NULL, NULL, '0000-00-00 00:00:00', 0, NULL, '0000-00-00 00:00:00', NULL),
(108, 1, 'naim_hassan2001@yahoo.com', NULL, '$2y$10$ap2IYUegdhRj0JG3Afh7CeS9H0d0LrkyuEeEQ2IlrfodJFJ3MzG6u', 'cutsbkwzYExipjQVXqzjaD:APA91bFaWBO5JRQfrKfmpOHuzjZ1683T2RRwz-b_s9IK68NuQzEeelY8eWQC34Om_JiwI8ry4vqCu-4CMINmwWBWvBxOn1uDYZ6wuQb82oLXVgoBomX2wFHDJe5itVokmaGCBysjpgi_', 'SPJP/MKB/109', 3838, 0, NULL, 'MOHD NAIM BIN HASSAN', '850823075339', 1, 'naim_hassan2001@yahoo.com', '$2y$10$lttVVmBln1HZ78fyj08.HOVeHTcyva8WCzKYQqaVsZg2fqQPDxaUm', '1985-08-23', 1, NULL, 35, 1, '1', 1, 0, 0, '0', '017432844', NULL, 'LOT 1119/2 JALAN POKOK SENA. KAMPUNG BANGGOL', '13200', 70, 9, '29', '0, TAHUN, 0, BULAN', NULL, 7, '0', 1, 2, 2, NULL, 0, 0, '0', NULL, '2', '2', '2', '0', '0', '1', '0', '2', NULL, '0', '2', '0000-00-00', NULL, NULL, NULL, 0, 0, 0, 'KILANG', 'RM 1200', 0, NULL, NULL, '0000-00-00 00:00:00', 0, NULL, '0000-00-00 00:00:00', NULL),
(109, 1, NULL, NULL, '', NULL, 'SPJP/MKB/110', 3838, 0, NULL, 'ROSMAWATI BINTI AHMAD', '630407075466', 1, NULL, NULL, '1963-04-07', 1, 0, 57, 1, '2', 4, 0, 0, '0', '0124107354', NULL, '3906, KAMPUNG BANGGOL', '13200', 70, 9, '29', '0, TAHUN, 0, BULAN', NULL, 5, '0', 2, 2, 2, '', 0, 0, '0', NULL, '2', '2', '2', '0', '0', '1', '0', '2', NULL, '0', '2', '', '', '', NULL, 0, 0, 0, '4', NULL, 1, 1, '', '0000-00-00 00:00:00', 0, NULL, '0000-00-00 00:00:00', NULL),
(110, 1, NULL, NULL, '', NULL, 'SPJP/MKB/111', 3838, 0, NULL, 'ZULKEFLEE BIN HASHIM', '630117075353', 1, NULL, NULL, '1963-01-17', 1, NULL, 57, 1, '1', 2, 0, 0, '0', '0174201175', NULL, '1343, POKOK SENA', '13200', 70, 9, '27', '0, TAHUN, 0, BULAN', NULL, 6, '0', 1, 2, 2, NULL, 0, 0, '0', NULL, '2', '2', '2', '0', '0', '1', '0', '2', NULL, '0', '2', '0000-00-00', NULL, NULL, NULL, 0, 0, 0, 'KILANG', NULL, 0, NULL, NULL, '0000-00-00 00:00:00', 0, NULL, '0000-00-00 00:00:00', NULL),
(111, 1, NULL, NULL, '', NULL, 'SPJP/MKB/112', 3838, 0, NULL, 'ROSNO BIN DIN', '700624075447', 1, NULL, NULL, '1970-06-24', 1, NULL, 50, 1, '1', 2, 0, 0, '0', '0106675447', NULL, 'SBLH 3212 (A) PERMATANG KERAI KECIL', '13200', 70, 9, '25', '0, TAHUN, 0, BULAN', NULL, 5, '0', 1, 2, 2, NULL, 0, 0, '0', NULL, '2', '2', '2', '0', '0', '1', '0', '2', NULL, '0', '2', '0000-00-00', NULL, NULL, NULL, 0, 0, 0, 'STORE KEEPER', 'RM 1650', 0, NULL, NULL, '0000-00-00 00:00:00', 0, NULL, '0000-00-00 00:00:00', NULL),
(112, 1, NULL, NULL, '', NULL, 'SPJP/MKB/113', 3838, 0, NULL, 'HASNAH BINTI HASHIM', '511127075409', 1, NULL, NULL, '1951-11-27', 1, NULL, 68, 1, '2', 4, 0, 0, '0', '-', '045753317', '296, KAMPUNG BANGGOL', '13200', 70, 9, '29', '0, TAHUN, 0, BULAN', NULL, 1, '0', 2, 1, 2, NULL, 0, 0, '0', NULL, '2', '2', '2', '0', '0', '1', '0', '2', NULL, '0', '2', '0000-00-00', NULL, NULL, NULL, 0, 0, 0, 'PESARA', NULL, 0, NULL, NULL, '0000-00-00 00:00:00', 0, NULL, '0000-00-00 00:00:00', NULL),
(113, 1, NULL, NULL, '', NULL, 'SPJP/MKB/114', 3838, 0, NULL, 'JAAFFAR BIN SAAD', '410320075207', 1, NULL, NULL, '1941-03-20', 1, NULL, 79, 1, '1', 3, 0, 0, '0', '0174427393', NULL, '3140, MUKIM 8, KAMPUNG BANGGOL', '13200', 70, 9, '29', '0, TAHUN, 0, BULAN', NULL, 12, '0', 1, 1, 2, NULL, 0, 0, '0', NULL, '2', '2', '2', '0', '0', '1', '0', '2', NULL, '0', '2', '', '', '', NULL, 0, 0, 0, '3', 'RM 500', 1, 1, '', '0000-00-00 00:00:00', 0, NULL, '0000-00-00 00:00:00', NULL),
(114, 1, NULL, NULL, '', NULL, 'SPJP/MKB/115', 3838, 0, NULL, 'AHMAD MARZUKI BIN ISMAIL', '560711025497', 1, NULL, NULL, '1956-07-11', 1, NULL, 64, 1, '1', 2, 0, 0, '0', '-', NULL, '1457, KAMPUNG BANGGOL', '13200', 70, 9, '29', '0, TAHUN, 0, BULAN', NULL, 3, '0', 1, 1, 2, NULL, 0, 0, '0', NULL, '2', '2', '2', '0', '0', '1', '0', '2', NULL, '0', '2', '', '', '', NULL, 0, 0, 0, 'PEMANDU LORI', 'RM 1000', 0, NULL, NULL, '0000-00-00 00:00:00', 0, NULL, '0000-00-00 00:00:00', NULL),
(115, 1, NULL, NULL, '', NULL, 'SPJP/MKB/115', 3838, 0, NULL, 'MUSTAFA BIN HASHIM', '540123085575', 1, NULL, NULL, '1954-01-23', 1, NULL, 66, 1, '1', 2, 0, 0, '0', '0124120676', NULL, '1600, MK 8, POKOK SENA', '13200', 70, 9, '27', '0, TAHUN, 0, BULAN', NULL, 10, '0', 1, 1, 2, NULL, 0, 0, '0', NULL, '2', '2', '2', '0', '0', '1', '0', '2', NULL, '0', '2', '', '', '', NULL, 0, 0, 0, '2', NULL, 1, 3, '', '0000-00-00 00:00:00', 0, NULL, '0000-00-00 00:00:00', NULL),
(116, 1, NULL, NULL, '', NULL, 'SPJP/MKB/117', 3838, 0, NULL, 'ROSLI BIN AHMAD', '650218075713', 1, NULL, NULL, '1965-02-18', 1, NULL, 55, 1, '1', 2, 0, 0, '0', '0135858419', NULL, '1319, POKOK SENA', '13200', 70, 9, '27', '0, TAHUN, 0, BULAN', NULL, 6, '0', 1, 2, 2, NULL, 0, 0, '0', NULL, '2', '2', '2', '0', '0', '1', '0', '2', NULL, '0', '2', '', '', '', NULL, 0, 0, 0, '2', 'RM 2400', 1, 1, '', '0000-00-00 00:00:00', 0, NULL, '0000-00-00 00:00:00', NULL),
(117, 1, NULL, NULL, '', NULL, 'SPJP/MKB/118', 3838, 0, NULL, 'JASNI BIN ABDULLAH', '720202075453', 1, NULL, NULL, '1972-02-02', 1, NULL, 48, 1, '1', 2, 0, 0, '0', '0125830069', NULL, 'TS 9773, KAMPUNG BANGGOL', '13200', 70, 9, '29', '-', NULL, 4, '0', 1, 2, 2, NULL, 0, 0, '0', NULL, '2', '2', '2', '0', '0', '0', '0', '2', NULL, '0', '2', '0000-00-00', NULL, NULL, NULL, 0, 0, 0, 'PESAWAH', 'RM 2000', 0, NULL, NULL, '0000-00-00 00:00:00', 0, NULL, '0000-00-00 00:00:00', NULL),
(118, 1, NULL, NULL, '', NULL, 'SPJP/MKB/119', 3838, 0, NULL, 'SABRI BIN SAB', '620223075067', 1, NULL, NULL, '1962-02-23', 1, NULL, 58, 1, '1', 2, 0, 0, '0', '0174543797', NULL, 'LOT 1754, KAMPUNG BANGGOL', '13200', 70, 9, '29', '-', NULL, 5, '0', 1, 2, 2, NULL, 0, 0, '0', NULL, '2', '2', '2', '0', '0', '0', '0', '2', NULL, '0', '2', '0000-00-00', NULL, NULL, NULL, 0, 0, 0, 'SENDIRI', 'RM 700', 0, NULL, NULL, '0000-00-00 00:00:00', 0, NULL, '0000-00-00 00:00:00', NULL),
(119, 1, NULL, NULL, '', NULL, 'SPJP/MKB/120', 3838, 0, NULL, 'AZMAN BIN ABDUL HALIM', '680103087797', 1, NULL, NULL, '1968-01-03', 1, NULL, 52, 1, '1', 2, 0, 0, '0', '0174525794', NULL, 'TBP 6965, KAMPUNG BANGGOL', '13200', 70, 9, '29', '-', NULL, 6, '0', 1, 2, 2, NULL, 0, 0, '0', NULL, '2', '2', '2', '0', '0', '1', '0', '2', NULL, '0', '2', '0000-00-00', NULL, NULL, NULL, 0, 0, 0, 'PENGAWAL KESELAMATAN', 'RM 1200', 0, NULL, NULL, '0000-00-00 00:00:00', 0, NULL, '0000-00-00 00:00:00', NULL),
(120, 1, NULL, NULL, '', NULL, 'SPJP/MKB/121', 3838, 0, NULL, 'SOID @ SHUIB BIN MOHD AMIN', '440825075357', 1, NULL, NULL, '1944-08-25', 1, NULL, 76, 1, '1', 2, 0, 0, '0', '0195948488', '045758743', '5963, JLN HJ. AHMAD', '13200', 70, 9, '29', '-', NULL, 8, '0', 1, 1, 2, NULL, 0, 0, '0', NULL, '2', '2', '2', '0', '0', '0', '0', '2', NULL, '0', '2', '0000-00-00', NULL, NULL, NULL, 0, 0, 0, 'PESARA', 'RM 2500', 0, NULL, NULL, '0000-00-00 00:00:00', 0, NULL, '0000-00-00 00:00:00', NULL),
(121, 1, NULL, NULL, '', NULL, 'SPJP/MKB/122', 3838, 0, NULL, 'CHE SOO BINTI SAAD', '460629075198', 1, NULL, NULL, '1946-06-29', 1, NULL, 74, 1, '2', 4, 0, 0, '0', '0174046883', NULL, '1303, POKOK SENA', '13200', 70, 9, '28', '0, TAHUN, 0, BULAN', NULL, 5, '0', 2, 1, 2, NULL, 0, 0, '0', NULL, '2', '2', '2', '0', '0', '1', '0', '2', NULL, '0', '2', '', '', '', NULL, 0, 0, 0, '4', NULL, 1, 1, '', '0000-00-00 00:00:00', 0, NULL, '0000-00-00 00:00:00', NULL),
(122, 1, NULL, NULL, '', NULL, 'SPJP/MKB/123', 3838, 0, NULL, 'NASRUL HAKIM BIN ZAINOL', '841107025379', 1, NULL, NULL, '1984-11-07', 1, NULL, 35, 1, '1', 2, 0, 0, '0', '0197824281', NULL, '1726, POKOK SENA', '13200', 70, 9, '27', '0, TAHUN, 0, BULAN', NULL, 6, '0', 1, 2, 2, NULL, 0, 0, '0', NULL, '2', '2', '2', '0', '0', '1', '0', '2', NULL, '0', '2', '', '', '', NULL, 0, 0, 0, '2', 'RM 3300', 1, 1, '', '0000-00-00 00:00:00', 0, NULL, '0000-00-00 00:00:00', NULL),
(123, 1, NULL, NULL, '', NULL, 'SPJP/MKB/124', 3838, 0, NULL, 'NOORDIN BIN HASHIM', '520312075319', 1, NULL, NULL, '1952-03-12', 1, NULL, 68, 1, '1', 2, 0, 0, '0', '0195609503', NULL, '7680, MK 11, POKOK SENA', '13200', 70, 9, '28', '0, TAHUN, 0, BULAN', NULL, 2, '0', 1, 1, 2, NULL, 0, 0, '0', NULL, '2', '2', '2', '0', '0', '1', '0', '2', NULL, '0', '2', NULL, NULL, NULL, NULL, 0, 0, 0, '-', NULL, 0, NULL, NULL, '0000-00-00 00:00:00', 0, NULL, '0000-00-00 00:00:00', NULL),
(124, 1, NULL, NULL, '', NULL, 'SPJP/MKB/125', 3838, 0, NULL, 'MOHD RIZUWAN BIN YUSOP', '830323075043', 1, NULL, NULL, '1983-03-23', 1, NULL, 37, 1, '1', 2, 0, 0, '0', '0174796527', NULL, 'SBLH 6981 PBA A, POKOK SENA', '13200', 70, 9, '27', '-', NULL, 4, '0', 1, 2, 2, NULL, 0, 0, '0', NULL, '2', '2', '2', '0', '0', '0', '0', '2', NULL, '0', '2', '0000-00-00', NULL, NULL, NULL, 0, 0, 0, 'BURUH', 'RM 1500', 0, NULL, NULL, '0000-00-00 00:00:00', 0, NULL, '0000-00-00 00:00:00', NULL),
(125, 1, NULL, NULL, '', NULL, 'SPJP/MKB/126', 3838, 0, NULL, 'SITI MARIAH BINTI RAZALI', '460418075024', 1, NULL, NULL, '1946-04-18', 1, NULL, 74, 1, '2', 4, 0, 0, '0', '-', NULL, '3170, POKOK SENA', '13200', 70, 9, '27', '-', NULL, 6, '0', 2, 1, 2, NULL, 0, 0, '0', NULL, '1', '2', '2', '0', '0', '0', '0', '2', NULL, '0', '2', '0000-00-00', NULL, NULL, NULL, 0, 0, 0, '-', NULL, 0, NULL, NULL, '0000-00-00 00:00:00', 0, NULL, '0000-00-00 00:00:00', NULL),
(126, 1, NULL, NULL, '', NULL, 'SPJP/MKB/127', 3838, 0, NULL, 'MARZUKI BIN ZULKAMEL', '851104075778', 1, NULL, NULL, '1985-11-04', 1, NULL, 34, 1, '1', 2, 0, 0, '0', '0125451608', NULL, '18, TAMAN SERI POKOK SENA', '13200', 70, 9, '31', '0, TAHUN, 0, BULAN', NULL, 3, '0', 1, 2, 2, NULL, 0, 0, '0', NULL, '2', '2', '2', '0', '0', '1', '0', '2', NULL, '0', '2', '', '', '', NULL, 0, 0, 0, '2', 'RM 1560', 1, 1, '', '0000-00-00 00:00:00', 0, NULL, '0000-00-00 00:00:00', NULL),
(127, 1, NULL, NULL, '', NULL, 'SPJP/MKB/128', 3838, 0, NULL, 'MOHD ZAIDON BIN DAUD', '610524075475', 1, NULL, NULL, '1961-05-24', 1, NULL, 59, 1, '1', 2, 0, 0, '0', '0134232170', '045751057', '252, KAMPUNG BANGGOL', '13200', 70, 9, '29', '-', NULL, 5, '0', 1, 2, 2, NULL, 0, 0, '0', NULL, '2', '2', '2', '0', '0', '0', '0', '2', NULL, '0', '2', '0000-00-00', NULL, NULL, NULL, 0, 0, 0, 'JURUTEKNIK', 'RM 4500', 0, NULL, NULL, '0000-00-00 00:00:00', 0, NULL, '0000-00-00 00:00:00', NULL),
(128, 1, NULL, NULL, '', NULL, 'SPJP/MKB/129', 3838, 0, NULL, 'MD. YUSUF BIN ABD LATIF', '460117025453', 1, NULL, NULL, '1946-01-17', 1, NULL, 74, 1, '1', 2, 0, 0, '0', '-', '045794424', '24, JLN HJ. AHMAD TUAN HUSSEIN', '13200', 70, 9, '29', '-', NULL, 5, '0', 1, 1, 2, NULL, 0, 0, '0', NULL, '2', '2', '2', '0', '0', '1', '0', '2', NULL, '0', '2', '0000-00-00', NULL, NULL, NULL, 0, 0, 0, 'PESARA', 'RM 1600', 0, NULL, NULL, '0000-00-00 00:00:00', 0, NULL, '0000-00-00 00:00:00', NULL),
(129, 1, NULL, NULL, '', NULL, 'SPJP/MKB/130', 3838, 0, NULL, 'MOHAMMED YUSOFF BIN ABDUL LATIB @ LATIFF', '391223075001', 1, NULL, NULL, '1939-12-23', 1, NULL, 80, 1, '1', 2, 0, 0, '0', '0122443313', '045753645', '1718, MK 11, KAMPUNG BANGGOL', '13200', 70, 9, '29', '-', NULL, 9, '0', 1, 1, 2, NULL, 0, 0, '0', NULL, '2', '2', '2', '0', '0', '0', '0', '2', NULL, '0', '2', '0000-00-00', NULL, NULL, NULL, 0, 0, 0, 'PESARA', 'RM 2000', 0, NULL, NULL, '0000-00-00 00:00:00', 0, NULL, '0000-00-00 00:00:00', NULL),
(130, 1, NULL, NULL, '', NULL, 'SPJP/MKB/131', 3838, 0, NULL, 'ALIAS BIN HARUN', '480227025321', 1, NULL, NULL, '1948-02-27', 1, NULL, 72, 1, '1', 2, 0, 0, '0', '0174077932', NULL, '1927, JALAN HAJI AHMAD TUAN HUSIN', '13200', 70, 9, '29', '-', NULL, 4, '0', 1, 1, 2, NULL, 0, 0, '0', NULL, '2', '2', '2', '0', '1', '0', '0', '2', NULL, '0', '2', '0000-00-00', NULL, NULL, NULL, 0, 0, 0, 'PESARA', 'RM 2700', 0, NULL, NULL, '0000-00-00 00:00:00', 0, NULL, '0000-00-00 00:00:00', NULL);
INSERT INTO `sej6x_data_peribadi` (`id_data`, `jenisUser`, `email`, `email_verified_at`, `password`, `firebase_token`, `no_rujukan`, `id_masjid`, `no_masjid`, `gambar_profil`, `nama_penuh`, `no_ic`, `jenisPengenalan`, `emel`, `password_old`, `tarikh_lahir`, `warganegara`, `id_negara`, `umur`, `bangsa`, `jantina`, `status_perkahwinan`, `status`, `tahap_pendidikan`, `sekolah_institusi`, `no_hp`, `no_rumah`, `alamat_terkini`, `poskod`, `id_daerah`, `id_negeri`, `zon_qariah`, `tempoh_tinggal`, `tarikh_tempoh_tinggal`, `bil_tanggungan`, `data_umum`, `solat_jumaat`, `warga_emas`, `oku`, `jenis_oku`, `data_ajk`, `data_pegawai`, `data_undi`, `pilihan_asnaf`, `data_asnaf`, `data_ibutunggal`, `data_anakyatim`, `data_cerai`, `data_kematian`, `data_khairat`, `data_nikah`, `data_sakit`, `data_sakit1`, `data_oku`, `data_mualaf`, `tarikh_mualaf`, `tempat_mualaf`, `dihadapan_mualaf`, `bukti_kariah`, `id_suami`, `id_bapa`, `id_ibu`, `pekerjaan`, `majikan`, `pendapatan`, `pemilikkan`, `pemilikkan2`, `last_added`, `added_by`, `kod_reset`, `reset_tamat`, `tempColumn`) VALUES
(131, 1, NULL, NULL, '', NULL, 'SPJP/MKB/132', 3838, 0, 'data:image/jpeg;base64,[encoded data, 106228 characters]', 'MOHD AZIZI BIN MOHD NOOR', '810515075075', 1, NULL, NULL, '1981-05-15', 1, 0, 39, 1, '1', 2, 0, 5, '0', '0125864386', NULL, '3, TAMAN SERI POKOK SENA, JLN SERI POKOK SENA', '13200', 70, 9, '31', '0, TAHUN, 0, BULAN', NULL, 3, '0', 1, 2, 2, '', 0, 0, '0', NULL, '2', '2', '2', '0', '0', '1', '0', '2', NULL, '0', '2', '', '', '', 'data:image/jpeg;base64,[encoded data, 98932 characters]', 0, 0, 0, '2', 'RM 5500', 1, 1, '', '0000-00-00 00:00:00', 0, NULL, '0000-00-00 00:00:00', NULL);
INSERT INTO `sej6x_data_peribadi` (`id_data`, `jenisUser`, `email`, `email_verified_at`, `password`, `firebase_token`, `no_rujukan`, `id_masjid`, `no_masjid`, `gambar_profil`, `nama_penuh`, `no_ic`, `jenisPengenalan`, `emel`, `password_old`, `tarikh_lahir`, `warganegara`, `id_negara`, `umur`, `bangsa`, `jantina`, `status_perkahwinan`, `status`, `tahap_pendidikan`, `sekolah_institusi`, `no_hp`, `no_rumah`, `alamat_terkini`, `poskod`, `id_daerah`, `id_negeri`, `zon_qariah`, `tempoh_tinggal`, `tarikh_tempoh_tinggal`, `bil_tanggungan`, `data_umum`, `solat_jumaat`, `warga_emas`, `oku`, `jenis_oku`, `data_ajk`, `data_pegawai`, `data_undi`, `pilihan_asnaf`, `data_asnaf`, `data_ibutunggal`, `data_anakyatim`, `data_cerai`, `data_kematian`, `data_khairat`, `data_nikah`, `data_sakit`, `data_sakit1`, `data_oku`, `data_mualaf`, `tarikh_mualaf`, `tempat_mualaf`, `dihadapan_mualaf`, `bukti_kariah`, `id_suami`, `id_bapa`, `id_ibu`, `pekerjaan`, `majikan`, `pendapatan`, `pemilikkan`, `pemilikkan2`, `last_added`, `added_by`, `kod_reset`, `reset_tamat`, `tempColumn`) VALUES
(132, 1, NULL, NULL, '', NULL, 'SPJP/MKB/133', 3838, 0, NULL, 'MD SABRI BIN SHAFIE', '680507025497', 1, NULL, NULL, '1968-05-07', 1, NULL, 52, 1, '1', 2, 0, 5, '0', '0135143840', NULL, '5254K, KG BARU', '13200', 70, 9, NULL, '-', NULL, 7, '0', 1, 2, 2, NULL, 0, 0, '0', NULL, '2', '2', '2', '0', '0', '0', '0', '2', NULL, '0', '2', '0000-00-00', NULL, NULL, NULL, 0, 0, 0, 'GURU', 'RM 8000', 0, NULL, NULL, '0000-00-00 00:00:00', 0, NULL, '0000-00-00 00:00:00', NULL),
(133, 1, NULL, NULL, '', NULL, 'SPJP/MKB/134', 3838, 0, NULL, 'NASRI BIN HASHIM', '690530075415', 1, NULL, NULL, '1969-05-30', 1, NULL, 51, 1, '1', 2, 0, 0, '0', '0194963822', '045751518', '8178, PERMATANG KERAI BESAR', '13200', 70, 9, '23', '51, TAHUN, 0, BULAN', NULL, 8, '0', 1, 2, 2, NULL, 0, 1, '0', NULL, '2', '2', '2', '0', '0', '1', '0', '2', NULL, '0', '2', '', '', '', NULL, 0, 0, 0, '2', 'RM 1800', 1, 1, '', '0000-00-00 00:00:00', 0, NULL, '0000-00-00 00:00:00', NULL),
(134, 1, NULL, NULL, '', NULL, 'SPJP/MKB/135', 3838, 0, NULL, 'AZMAN SHAH BIN SIDEK', '620503106219', 1, NULL, NULL, '1962-05-03', 1, NULL, 58, 1, '1', 2, 0, 0, '0', '0174880042', NULL, 'TBP 1913, POKOK SENA', '13200', 70, 9, '28', '-', NULL, 6, '0', 1, 2, 1, NULL, 0, 0, '0', NULL, '1', '2', '2', '0', '0', '0', '0', '2', NULL, '1', '2', '0000-00-00', NULL, NULL, NULL, 0, 0, 0, 'PENIAGA OKU', 'RM 950', 0, NULL, NULL, '0000-00-00 00:00:00', 0, NULL, '0000-00-00 00:00:00', NULL),
(135, 1, NULL, NULL, '', NULL, 'SPJP/MKB/136', 3838, 0, NULL, 'SYED MOHD FAISAL BIN SYED MOHSIN', '811031075611', 1, NULL, NULL, '1981-10-31', 1, NULL, 39, 1, '1', 2, 0, 0, '0', '0123797344', NULL, 'NO. 4, JALAN SERI POKOK SENA, TAMAN SERI POKOK SENA', '13200', 70, 9, '31', '-', NULL, 5, '0', 1, 2, 2, NULL, 0, 0, '0', NULL, '2', '2', '2', '0', '0', '1', '0', '2', NULL, '0', '2', '0000-00-00', NULL, NULL, NULL, 0, 0, 0, 'TENTERA', 'RM 3800', 0, NULL, NULL, '0000-00-00 00:00:00', 0, NULL, '0000-00-00 00:00:00', NULL),
(136, 1, NULL, NULL, '', NULL, 'SPJP/MKB/137', 3838, 0, NULL, 'OMAR BIN OTHMAN', '641007075479', 1, NULL, NULL, '1964-10-07', 1, 0, 55, 1, '1', 2, 0, 0, '0', '0135150824', '045750818', '2431, KAMPUNG BANGGOL', '13200', 70, 9, '29', '0, TAHUN, 0, BULAN', NULL, 10, '0', 1, 2, 2, '', 0, 0, '0', NULL, '2', '2', '2', '0', '0', '1', '0', '2', NULL, '0', '2', '', '', '', NULL, 0, 0, 0, '3', 'RM 1800', 1, 1, '', '0000-00-00 00:00:00', 0, NULL, '0000-00-00 00:00:00', NULL),
(137, 1, NULL, NULL, '', NULL, 'SPJP/MKB/138', 3838, 0, NULL, 'JAMILAH BINTI OTHMAN', '540224075472', 1, NULL, NULL, '1954-02-24', 1, NULL, 66, 1, '2', 2, 0, 0, '0', '0134047973', NULL, '5443, KAMPUNG BARU', '13200', 70, 9, '29', '-', NULL, 3, '0', 2, 1, 2, NULL, 0, 0, '0', NULL, '2', '2', '2', '0', '0', '0', '0', '2', NULL, '0', '2', '0000-00-00', NULL, NULL, NULL, 0, 0, 0, '-', NULL, 0, NULL, NULL, '0000-00-00 00:00:00', 0, NULL, '0000-00-00 00:00:00', NULL),
(138, 1, NULL, NULL, '', NULL, 'SPJP/MKB/139', 3838, 0, NULL, 'ABDULLAH BIN SAID', '420122075109', 1, NULL, NULL, '1942-01-22', 1, NULL, 78, 1, '1', 2, 0, 0, '0', '0124524020', NULL, '2536, POKOK SENA', '13200', 70, 9, '28', '-', NULL, 3, '0', 1, 1, 2, NULL, 0, 0, '0', NULL, '2', '2', '2', '0', '0', '0', '0', '2', NULL, '0', '2', '0000-00-00', NULL, NULL, NULL, 0, 0, 0, 'PESARA', 'RM 2000', 0, NULL, NULL, '0000-00-00 00:00:00', 0, NULL, '0000-00-00 00:00:00', NULL),
(139, 1, NULL, NULL, '', NULL, 'SPJP/MKB/140', 3838, 0, NULL, 'ABDUL MANAF BIN HASHIM', '620215075009', 1, NULL, NULL, '1962-02-15', 1, NULL, 58, 1, '1', 2, 0, 0, '0', '0184727286', NULL, '7265, JLN POKOK SENA', '13200', 70, 9, '28', '13, TAHUN, 0, BULAN', NULL, 4, '0', 1, 2, 2, NULL, 0, 0, '0', NULL, '2', '2', '2', '0', '0', '1', '0', '2', NULL, '0', '2', '', '', '', NULL, 0, 0, 0, '2', 'RM 1000.00', 1, 1, '', '0000-00-00 00:00:00', 0, NULL, '0000-00-00 00:00:00', NULL),
(140, 1, NULL, NULL, '', NULL, 'SPJP/MKB/141', 3838, 0, NULL, 'ABU BAKAR BIN MAT ISA', '420524075267', 1, NULL, NULL, '1942-05-24', 1, 0, 78, 1, '1', 2, 0, 0, '0', '0194760877', NULL, '10677, POKOK SENA', '13200', 70, 9, '28', '0, TAHUN, 0, BULAN', NULL, 3, '0', 1, 1, 2, '', 0, 0, '0', NULL, '2', '2', '2', '0', '0', '1', '0', '2', NULL, '0', '2', '', '', '', NULL, 0, 0, 0, '2', 'RM 500', 2, 1, '', '0000-00-00 00:00:00', 0, NULL, '0000-00-00 00:00:00', NULL),
(141, 1, NULL, NULL, '', NULL, 'SPJP/MKB/142', 3838, 0, NULL, 'ZAINUDDIN BIN AHMAD', '670502075217', 1, NULL, NULL, '1967-05-02', 1, NULL, 53, 1, '1', 2, 0, 0, '0', '0134254472', NULL, '1545, KAMPUNG BANGGOL, 13200 KEPALA BATAS', '13200', 70, 9, '29', '-', NULL, 6, '0', 1, 2, 2, NULL, 0, 0, '0', NULL, '2', '2', '2', '0', '0', '0', '0', '2', NULL, '0', '2', '0000-00-00', NULL, NULL, NULL, 0, 0, 0, 'PESAWAH', NULL, 0, NULL, NULL, '0000-00-00 00:00:00', 0, NULL, '0000-00-00 00:00:00', NULL),
(142, 1, NULL, NULL, '', NULL, 'SPJP/MKB/143', 3838, 0, NULL, 'AHMAD BIN RASHID', '480717075209', 1, NULL, NULL, '1948-07-17', 1, NULL, 72, 1, '1', 2, 0, 5, '0', '0194275035', '045757961', 'SBLH 5254, JALAN HJ. AHMAD TUAN HUSIN', '13200', 70, 9, '27', '-', NULL, 9, '0', 1, 1, 2, NULL, 0, 0, '0', NULL, '2', '2', '2', '0', '0', '0', '0', '2', NULL, '0', '2', '0000-00-00', NULL, NULL, NULL, 0, 0, 0, 'PESARA', 'RM 3000', 0, NULL, NULL, '0000-00-00 00:00:00', 0, NULL, '0000-00-00 00:00:00', NULL),
(143, 1, NULL, NULL, '', NULL, 'SPJP/MKB/144', 3838, 0, NULL, 'ISHAK BIN IBRAHIM', '570424076047', 1, NULL, NULL, '1957-04-24', 1, NULL, 63, 1, '1', 2, 0, 0, '0', '0143417439', NULL, '3248, KAMPUNG BANGGOL', '13200', 70, 9, '29', '64, TAHUN, 0, BULAN', NULL, 3, '0', 2, 1, 2, NULL, 0, 0, '0', NULL, '2', '2', '2', '0', '0', '1', '0', '2', NULL, '0', '2', '0000-00-00', NULL, NULL, NULL, 0, 0, 0, 'SENDIRI', 'RM 900', 0, NULL, NULL, '0000-00-00 00:00:00', 0, NULL, '0000-00-00 00:00:00', NULL),
(144, 1, NULL, NULL, '', NULL, 'SPJP/MKB/145', 3838, 0, NULL, 'MOHD AZRUL BIN ALIAS', '870307355455', 1, NULL, NULL, '1987-03-07', 1, NULL, 33, 1, '1', 2, 0, 0, '0', '01126450821', NULL, '1216, KAMPUNG BANGGOL', '13200', 70, 9, '29', '-', NULL, 6, '0', 1, 2, 2, NULL, 0, 0, '0', NULL, '2', '2', '2', '0', '0', '0', '0', '2', NULL, '0', '2', '0000-00-00', NULL, NULL, NULL, 0, 0, 0, 'MPSP', 'RM 1100', 0, NULL, NULL, '0000-00-00 00:00:00', 0, NULL, '0000-00-00 00:00:00', NULL),
(145, 1, NULL, NULL, '', NULL, 'SPJP/MKB/146', 3838, 0, NULL, 'HASHIM BIN CHE ME', '461122075345', 1, NULL, NULL, '1946-11-22', 1, NULL, 73, 1, '1', 2, 0, 0, '0', '-', '045754022', '8178, PERMATANG KERAI BESAR', '13200', 70, 9, '23', '0, TAHUN, 0, BULAN', NULL, 2, '0', 1, 1, 2, NULL, 0, 0, '0', NULL, '2', '2', '2', '0', '0', '1', '0', '2', NULL, '0', '2', '', '', '', NULL, 0, 0, 0, '2', 'RM 500', 1, 1, '', '0000-00-00 00:00:00', 0, NULL, '0000-00-00 00:00:00', NULL),
(146, 1, NULL, NULL, '', NULL, 'SPJP/MKB/147', 3838, 0, NULL, 'ABD RAHMAN BIN YUSUF', '420329075173', 1, NULL, NULL, '1942-03-29', 1, NULL, 78, 1, '1', 2, 0, 0, '0', '04-5753419', '045753419', '4547, KAMPUNG AMAN', '13200', 70, 9, '26', '-', NULL, 8, '0', 1, 1, 2, NULL, 0, 0, '0', NULL, '2', '2', '2', '0', '0', '0', '0', '2', NULL, '0', '2', '0000-00-00', NULL, NULL, NULL, 0, 0, 0, '-', NULL, 0, NULL, NULL, '0000-00-00 00:00:00', 0, NULL, '0000-00-00 00:00:00', NULL),
(147, 1, NULL, NULL, '', NULL, 'SPJP/MKB/148', 3838, 0, NULL, 'ZAINAL BIN OSMAN', '511023075537', 1, NULL, NULL, '1951-10-23', 1, NULL, 68, 1, '1', 2, 0, 0, '0', '0194113052', NULL, '3113, JALAN TUAN HAJI AHMAD TUAN HUSSIN', '13200', 70, 9, '29', '-', NULL, 3, '0', 1, 1, 2, NULL, 0, 0, '0', NULL, '1', '2', '2', '0', '0', '0', '0', '2', NULL, '0', '2', '0000-00-00', NULL, NULL, NULL, 0, 0, 0, 'SENDIRI', 'RM 600.00', 0, NULL, NULL, '0000-00-00 00:00:00', 0, NULL, '0000-00-00 00:00:00', NULL),
(148, 1, NULL, NULL, '', NULL, 'SPJP/MKB/149', 3838, 0, NULL, 'FAIRUZAH BINTI MAHAMUD', '750119075636', 1, NULL, NULL, '1975-01-19', 1, NULL, 45, 1, '2', 1, 0, 0, '0', '0189876123', NULL, '3113, JALAN TUAN HAJI AHMAD TUAN HUSSIN', '13200', 70, 9, '29', '-', NULL, 2, '0', 2, 2, 2, NULL, 0, 0, '0', NULL, '2', '2', '2', '0', '0', '0', '0', '2', NULL, '0', '2', '0000-00-00', NULL, NULL, NULL, 0, 0, 0, 'SENDIRI', 'RM 900.00', 0, NULL, NULL, '0000-00-00 00:00:00', 0, NULL, '0000-00-00 00:00:00', NULL),
(149, 1, NULL, NULL, '', NULL, 'SPJP/MKB/150', 3838, 0, NULL, 'MUHAMAD ASRI BIN MANSOR', '890629075139', 1, NULL, NULL, '1989-06-29', 1, NULL, 31, 1, '1', 2, 0, 0, '0', '0169892347', NULL, '8176, JLN POKOK SENA', '13200', 70, 9, '27', '0, TAHUN, 0, BULAN', NULL, 5, '0', 1, 2, 2, NULL, 0, 0, '0', NULL, '2', '2', '2', '0', '0', '1', '0', '2', NULL, '0', '2', '', '', '', NULL, 0, 0, 0, '2', 'RM 2700', 1, 1, '', '0000-00-00 00:00:00', 0, NULL, '0000-00-00 00:00:00', NULL),
(150, 1, NULL, NULL, '', NULL, 'SPJP/MKB/151', 3838, 0, NULL, 'KHADIR BIN HUSSIN', '390121075233', 1, NULL, NULL, '1939-01-21', 1, NULL, 81, 1, '1', 2, 0, 0, '0', '0174095460', NULL, '481, JALAN POKOK SENA', '13200', 70, 9, NULL, '-', NULL, 2, '0', 1, 1, 2, NULL, 0, 0, '0', NULL, '2', '2', '2', '0', '0', '0', '0', '2', NULL, '0', '2', '0000-00-00', NULL, NULL, NULL, 0, 0, 0, 'PESAWAH', 'RM 500', 0, NULL, NULL, '0000-00-00 00:00:00', 0, NULL, '0000-00-00 00:00:00', NULL),
(151, 1, NULL, NULL, '', NULL, 'SPJP/MKB/152', 3838, 0, NULL, 'ABDUL LATIF BIN AHMAD', '570122075655', 1, NULL, NULL, '1957-01-22', 1, NULL, 63, 1, '1', 2, 0, 0, '0', '0134300007', NULL, '1406-2, KAMPUNG BANGGOL', '13200', 70, 9, '29', '-', NULL, 5, '0', 1, 1, 2, NULL, 0, 0, '0', NULL, '2', '2', '2', '0', '0', '0', '0', '2', NULL, '0', '2', '0000-00-00', NULL, NULL, NULL, 0, 0, 0, 'PESARA', 'RM 2000', 0, NULL, NULL, '0000-00-00 00:00:00', 0, NULL, '0000-00-00 00:00:00', NULL),
(152, 1, 'datukpiee@gmail.com', NULL, '$2y$10$3/.rXlV5wGbVG/k805bK7OM/s1djYrMcMszxEjJA.KNFPfSO/XLA.', 'dDeDnvzXQp-3YOW81dLB50:APA91bGmk9EebY9rrsqC_Lb6YTknQaizAicu_JZ5R7AAzFnvC0u5O-WjqHNj_KwbFEQC9nRrjjnwCWCHS6Wdfdym3jGfdswxQvibY0gKPxbVSjg4h5r4y0DcYMpFOSuF1Mgfso4LXiN7', 'SPJP/MKB/153', 3838, 0, NULL, 'SHAFIEE BIN CHE AMAT', '751008075267', 1, NULL, NULL, '1975-10-08', 1, NULL, 44, 1, '1', 2, 0, 0, '0', '0174403782', NULL, '10152, MK 11, KAMPUNG BANGGOL', '13200', 70, 9, '29', '24, TAHUN, 9, BULAN', NULL, 6, '0', 1, 2, 2, '0', 0, 0, '0', NULL, '2', '2', '2', '0', '0', '0', '0', '2', NULL, '0', '2', '0000-00-00', NULL, NULL, NULL, 0, 0, 0, '2', 'RM 1000', 0, 1, NULL, '0000-00-00 00:00:00', 0, NULL, '0000-00-00 00:00:00', NULL),
(153, 1, NULL, NULL, '', NULL, 'SPJP/MKB/154', 3838, 0, NULL, 'NOOR FADHILAH BINTI YUSOFF', '950409075622', 1, NULL, NULL, '1995-04-09', 1, NULL, 25, 1, '2', 1, 0, 0, '0', '0184041751', NULL, '4040 POKOK SENA', '13200', 70, 9, '27', '0, TAHUN, 0, BULAN', NULL, 2, '0', 2, 2, 1, '', 0, 0, '0', NULL, '2', '2', '2', '0', '0', '1', '0', '2', NULL, '1', '2', '', '', '', NULL, 0, 0, 0, '1', NULL, 1, 1, '', '0000-00-00 00:00:00', 0, NULL, '0000-00-00 00:00:00', NULL),
(154, 1, NULL, NULL, '', NULL, 'SPJP/MKB/155', 3838, 0, NULL, 'AZMIL NIZAM BIN ZAINAL', '840504075383', 1, NULL, NULL, '1984-05-04', 1, 0, 36, 1, '1', 2, 0, 0, '0', '0189412970', NULL, 'SB TBP 5376 UNIT 3 (LOT 1107) KG. BANGGOL', '13200', 70, 9, '32', '0, TAHUN, 0, BULAN', NULL, 6, '0', 1, 2, 2, '', 0, 0, '0', NULL, '2', '2', '2', '0', '0', '1', '0', '2', NULL, '0', '2', '', '', '', NULL, 0, 0, 0, '2', 'RM 600.00', 1, 1, '', '0000-00-00 00:00:00', 0, NULL, '0000-00-00 00:00:00', NULL),
(155, 1, NULL, NULL, '', NULL, 'SPJP/MKB/156', 3838, 0, NULL, 'CHE EMBON BINTI ISMAIL', '350919075252', 1, NULL, NULL, '1935-09-19', 1, NULL, 85, 1, '2', 2, 0, 0, '0', '0189412970', NULL, 'SBTBP 5373-MK 8 UNIT 2, KAMPUNG BANGGOL', '13200', 70, 9, '29', '-', NULL, 1, '0', 2, 1, 2, NULL, 0, 0, '0', NULL, '2', '2', '2', '0', '0', '0', '0', '2', NULL, '0', '2', '0000-00-00', NULL, NULL, NULL, 0, 0, 0, 'SURI RUMAH', NULL, 0, NULL, NULL, '0000-00-00 00:00:00', 0, NULL, '0000-00-00 00:00:00', NULL),
(156, 1, NULL, NULL, '', NULL, 'SPJP/MKB/157', 3838, 0, NULL, 'SITI NORZALINA BINTI OMAR', '751027075342', 1, NULL, NULL, '1975-10-27', 1, NULL, 44, 1, '2', 4, 0, 0, '0', '01115303070', NULL, 'SB TBP 4561 PBA (B) KAMPUNG AMAN', '13200', 70, 9, '26', '-', NULL, 3, '0', 2, 2, 2, NULL, 0, 0, '0', NULL, '2', '2', '2', '0', '0', '0', '0', '2', NULL, '0', '2', '0000-00-00', NULL, NULL, NULL, 0, 0, 0, 'GURU TUISYEN', 'RM 500.00', 0, NULL, NULL, '0000-00-00 00:00:00', 0, NULL, '0000-00-00 00:00:00', NULL),
(157, 1, NULL, NULL, '', NULL, 'SPJP/MKB/158', 3838, 0, NULL, 'JAMALUDIN BIN SUHID', '600902075351', 1, NULL, NULL, '1960-09-02', 1, NULL, 60, 1, '1', 2, 0, 0, '0', '0194666696', '045758403', 'SB TBP 5687 PBA-B, KAMPUNG AMAN', '13200', 70, 9, '26', '-', NULL, 5, '0', 1, 2, 2, NULL, 0, 0, '0', NULL, '2', '2', '2', '0', '0', '0', '0', '2', NULL, '0', '2', '0000-00-00', NULL, NULL, NULL, 0, 0, 0, 'SENDIRI', NULL, 0, NULL, NULL, '0000-00-00 00:00:00', 0, NULL, '0000-00-00 00:00:00', NULL),
(158, 1, NULL, NULL, '', NULL, '', 3838, 0, NULL, 'MD RADZI BIN JAMALUDDIN', '790718025143', 1, NULL, NULL, '1979-07-18', 1, 0, 41, 1, '1', 2, 0, 0, '0', '0124565746', NULL, '1033, KAMPUNG BANGGOL', '13200', 70, 9, '29', '0, TAHUN, 0, BULAN', NULL, 4, '0', 1, 2, 2, '', 0, 0, '0', NULL, '2', '2', '2', '0', '0', '1', '0', '2', NULL, '0', '2', '', '', '', NULL, 0, 0, 0, '2', 'RM 2300', 1, 1, '', '0000-00-00 00:00:00', 0, NULL, '0000-00-00 00:00:00', NULL),
(159, 1, NULL, NULL, '', NULL, 'SPJP/MKB/160', 3838, 0, NULL, 'JAMALUDDIN BIN ABDUL RAHIM', '800415085057', 1, NULL, NULL, '1980-04-15', 1, NULL, 40, 1, '1', 2, 0, 0, '0', '0125781567', '045753064', '4368, KAMPUNG AMAN', '13200', 70, 9, '26', '-', NULL, 5, '0', 1, 2, 2, NULL, 0, 0, '0', NULL, '2', '2', '2', '0', '0', '0', '0', '2', NULL, '0', '2', '0000-00-00', NULL, NULL, NULL, 0, 0, 0, 'KERAJAAN', 'RM 2616', 0, NULL, NULL, '0000-00-00 00:00:00', 0, NULL, '0000-00-00 00:00:00', NULL),
(160, 1, NULL, NULL, '', NULL, 'SPJP/MKB/161', 3838, 0, NULL, 'MUHAMMAD ZAMRI BIN ABDULLAH', '780429025607', 1, NULL, NULL, '1978-04-29', 1, NULL, 42, 1, '1', 2, 0, 0, '0', '01124043226', NULL, '10152, KAMPUNG BANGGOL', '13200', 70, 9, '29', '13, TAHUN, 0, BULAN', NULL, 4, '0', 1, 2, 2, NULL, 0, 0, '0', NULL, '2', '2', '2', '0', '0', '1', '0', '2', NULL, '0', '2', '0000-00-00', NULL, NULL, NULL, 0, 0, 0, 'KILANG', 'RM 1100', 0, NULL, NULL, '0000-00-00 00:00:00', 0, NULL, '0000-00-00 00:00:00', NULL),
(161, 1, NULL, NULL, '', NULL, 'SPJP/MKB/162', 3838, 0, NULL, 'MD. NOOR BIN MAT', '411125075433', 1, NULL, NULL, '1941-11-25', 1, NULL, 78, 1, '1', 2, 0, 0, '0', '0175482816', NULL, '10152, KAMPUNG BANGGOL', '13200', 70, 9, '29', '79, TAHUN, 0, BULAN', NULL, 5, '0', 1, 1, 2, NULL, 0, 0, '0', NULL, '1', '2', '2', '0', '0', '1', '0', '2', NULL, '0', '2', '0000-00-00', NULL, NULL, NULL, 0, 0, 0, 'SENDIRI', 'RM 400.00', 0, NULL, NULL, '0000-00-00 00:00:00', 0, NULL, '0000-00-00 00:00:00', NULL),
(162, 1, 'nordinhlm@gmail.com', NULL, '$2y$10$M21Q9M0mDJaORAXQoVeXAe77qmFhYU8IX0fDw/i4Sc2UjjNSVc0mG', NULL, 'SPJP/MKB/163', 3838, 0, NULL, 'NOORDIN BIN ABD HALIM', '580727105617', 1, NULL, NULL, '1958-07-27', 1, NULL, 62, 1, '1', 2, 0, 0, '0', '0132862971', NULL, '5109, MK 8, KG BARU, POKOK SENA', '13200', 70, 9, '27', '0, TAHUN, 0, BULAN', NULL, 3, '0', 1, 1, 2, NULL, 0, 0, '0', NULL, '2', '2', '2', '0', '0', '1', '0', '2', NULL, '0', '2', '', '', '', NULL, 0, 0, 0, '3', NULL, 1, 4, '', '0000-00-00 00:00:00', 0, NULL, '0000-00-00 00:00:00', NULL),
(163, 1, NULL, NULL, '', NULL, 'SPJP/MKB/164', 3838, 0, NULL, 'MUHAMMAD FOUZI BIN KASSIM', '561201075405', 1, NULL, NULL, '1956-12-01', 1, NULL, 63, 1, '1', 2, 0, 0, '0', '0194800396', NULL, '844, POKOK SENA', '13200', 70, 9, '28', '-', NULL, 3, '0', 1, 1, 2, NULL, 0, 0, '0', NULL, '2', '2', '2', '0', '0', '0', '0', '2', NULL, '0', '2', '0000-00-00', NULL, NULL, NULL, 0, 0, 0, 'PESARA', 'RM 500', 0, NULL, NULL, '0000-00-00 00:00:00', 0, NULL, '0000-00-00 00:00:00', NULL),
(164, 1, 'FIRDAUS@GMAIL.COM', NULL, '', NULL, 'SPJP/MKB/165', 3838, 0, NULL, 'MUHAMMAD FIRDAUS BIN OMAR', '861222355195', 1, NULL, NULL, '1986-12-22', 1, 0, 33, 1, '1', 2, 0, 0, '0', '0174381776', NULL, '5925, JALAN POKOK SENA', '13200', 70, 9, '27', '0, TAHUN, 0, BULAN', NULL, 4, '0', 1, 2, 2, '', 0, 0, '0', NULL, '2', '2', '2', '0', '0', '1', '0', '2', NULL, '0', '2', '', '', '', NULL, 0, 0, 0, '3', 'RM 1550', 1, 1, '', '0000-00-00 00:00:00', 0, NULL, '0000-00-00 00:00:00', NULL);
INSERT INTO `sej6x_data_peribadi` (`id_data`, `jenisUser`, `email`, `email_verified_at`, `password`, `firebase_token`, `no_rujukan`, `id_masjid`, `no_masjid`, `gambar_profil`, `nama_penuh`, `no_ic`, `jenisPengenalan`, `emel`, `password_old`, `tarikh_lahir`, `warganegara`, `id_negara`, `umur`, `bangsa`, `jantina`, `status_perkahwinan`, `status`, `tahap_pendidikan`, `sekolah_institusi`, `no_hp`, `no_rumah`, `alamat_terkini`, `poskod`, `id_daerah`, `id_negeri`, `zon_qariah`, `tempoh_tinggal`, `tarikh_tempoh_tinggal`, `bil_tanggungan`, `data_umum`, `solat_jumaat`, `warga_emas`, `oku`, `jenis_oku`, `data_ajk`, `data_pegawai`, `data_undi`, `pilihan_asnaf`, `data_asnaf`, `data_ibutunggal`, `data_anakyatim`, `data_cerai`, `data_kematian`, `data_khairat`, `data_nikah`, `data_sakit`, `data_sakit1`, `data_oku`, `data_mualaf`, `tarikh_mualaf`, `tempat_mualaf`, `dihadapan_mualaf`, `bukti_kariah`, `id_suami`, `id_bapa`, `id_ibu`, `pekerjaan`, `majikan`, `pendapatan`, `pemilikkan`, `pemilikkan2`, `last_added`, `added_by`, `kod_reset`, `reset_tamat`, `tempColumn`) VALUES
(165, 1, NULL, NULL, '', NULL, 'SPJP/MKB/166', 3838, 0, 'data:image/jpeg;base64,[encoded data, 59028 characters]', 'SHAZANI AZRI BIN SHRONI', '870504075137', 1, NULL, NULL, '1987-05-04', 1, NULL, 33, 1, '1', 2, 0, 0, '0', '01132096269', NULL, '9302, KAMPUNG BANGGOL', '13220', 70, 9, '29', '34, TAHUN, 0, BULAN', NULL, 4, '0', 1, 2, 2, NULL, 0, 0, '0', NULL, '2', '2', '2', '0', '0', '1', '0', '2', NULL, '0', '2', '', '', '', NULL, 0, 0, 0, '2', 'RM 1500', 2, 2, '', '0000-00-00 00:00:00', 0, NULL, '0000-00-00 00:00:00', NULL);
INSERT INTO `sej6x_data_peribadi` (`id_data`, `jenisUser`, `email`, `email_verified_at`, `password`, `firebase_token`, `no_rujukan`, `id_masjid`, `no_masjid`, `gambar_profil`, `nama_penuh`, `no_ic`, `jenisPengenalan`, `emel`, `password_old`, `tarikh_lahir`, `warganegara`, `id_negara`, `umur`, `bangsa`, `jantina`, `status_perkahwinan`, `status`, `tahap_pendidikan`, `sekolah_institusi`, `no_hp`, `no_rumah`, `alamat_terkini`, `poskod`, `id_daerah`, `id_negeri`, `zon_qariah`, `tempoh_tinggal`, `tarikh_tempoh_tinggal`, `bil_tanggungan`, `data_umum`, `solat_jumaat`, `warga_emas`, `oku`, `jenis_oku`, `data_ajk`, `data_pegawai`, `data_undi`, `pilihan_asnaf`, `data_asnaf`, `data_ibutunggal`, `data_anakyatim`, `data_cerai`, `data_kematian`, `data_khairat`, `data_nikah`, `data_sakit`, `data_sakit1`, `data_oku`, `data_mualaf`, `tarikh_mualaf`, `tempat_mualaf`, `dihadapan_mualaf`, `bukti_kariah`, `id_suami`, `id_bapa`, `id_ibu`, `pekerjaan`, `majikan`, `pendapatan`, `pemilikkan`, `pemilikkan2`, `last_added`, `added_by`, `kod_reset`, `reset_tamat`, `tempColumn`) VALUES
(166, 1, NULL, NULL, '', NULL, 'SPJP/MKB/167', 3838, 0, NULL, 'ZAINUR RASHID BIN OMAR', '770529076007', 1, NULL, NULL, '1977-05-29', 1, NULL, 43, 1, '1', 2, 0, 0, '0', '019 4963079', NULL, '9302 (B), JALAN POKOK SENA', '13220', 70, 9, '27', '0, TAHUN, 0, BULAN', NULL, 4, '0', 1, 2, 2, NULL, 0, 0, '0', NULL, '2', '2', '2', '0', '0', '1', '0', '2', NULL, '0', '2', '', '', '', NULL, 0, 0, 0, '2', 'RM 3700', 4, 1, '', '0000-00-00 00:00:00', 0, NULL, '0000-00-00 00:00:00', NULL),
(167, 1, NULL, NULL, '', NULL, 'SPJP/MKB/168', 3838, 0, NULL, 'RUZIAH BINTI RAMLI', '700317075500', 1, NULL, NULL, '1970-03-17', 1, NULL, 50, 1, '2', 4, 0, 0, '0', '0175984014', NULL, '209 A. PMTG KERAI BESAR', '13200', 70, 9, '23', '51, TAHUN, 0, BULAN', NULL, 14, '0', 2, 2, 2, NULL, 0, 0, '0', NULL, '2', '2', '2', '0', '0', '1', '0', '2', NULL, '0', '2', '0000-00-00', NULL, NULL, NULL, 0, 0, 0, 'PEMBANTU KEDAI', 'RM 800', 0, NULL, NULL, '0000-00-00 00:00:00', 0, NULL, '0000-00-00 00:00:00', NULL),
(168, 1, NULL, NULL, '', NULL, 'SPJP/MKB/169', 3838, 0, NULL, 'MOHD ZAIDI BIN ZAINOL ABIDIN', '840125075041', 1, NULL, NULL, '1984-01-25', 1, 0, 36, 1, '1', 2, 0, 0, '0', '0125815077', NULL, '5794, KAMPUNG BANGGOL', '13200', 70, 9, '29', '0, TAHUN, 0, BULAN', NULL, 4, '0', 1, 2, 2, '', 1, 0, '0', NULL, '2', '2', '2', '0', '0', '1', '0', '2', NULL, '0', '2', '', '', '', NULL, 0, 0, 0, '2', NULL, 1, 1, '', '0000-00-00 00:00:00', 0, NULL, '0000-00-00 00:00:00', NULL),
(169, 1, NULL, NULL, '', NULL, 'SPJP/MKB/170', 3838, 0, NULL, 'JUNAIDAH BINTI MOHD NOR', '750627075018', 1, NULL, NULL, '1975-06-27', 1, NULL, 45, 1, '2', 4, 0, 0, '0', '0174459371', NULL, '722, POKOK SENA', '13200', 70, 9, '28', '0, TAHUN, 0, BULAN', NULL, 5, '0', 2, 2, 2, NULL, 0, 0, '0', NULL, '2', '2', '2', '0', '0', '1', '0', '2', NULL, '0', '2', '', '', '', NULL, 0, 0, 0, '4', 'RM 650', 1, 1, '', '0000-00-00 00:00:00', 0, NULL, '0000-00-00 00:00:00', NULL),
(170, 1, NULL, NULL, '', NULL, 'SPJP/MKB/171', 3838, 0, NULL, 'SAIFUL ANUAR BIN OTHMAN', '710901075605', 1, NULL, NULL, '1971-09-01', 1, NULL, 49, 1, '1', 2, 0, 0, '0', '0124312966', '045753316', '27, LORONG POKOK SENA 2, TAMAN POKOK SENA', '13200', 70, 9, '31', '-', NULL, 4, '0', 1, 2, 2, NULL, 0, 0, '0', NULL, '2', '2', '2', '0', '0', '0', '0', '2', NULL, '0', '2', '0000-00-00', NULL, NULL, NULL, 0, 0, 0, '-', NULL, 0, NULL, NULL, '0000-00-00 00:00:00', 0, NULL, '0000-00-00 00:00:00', NULL),
(171, 1, NULL, NULL, '', NULL, 'SPJP/MKB/172', 3838, 0, NULL, 'ABDUL WAHAB BIN HAJI AWANG KECHIK', '481217025437', 1, NULL, NULL, '1948-12-17', 1, NULL, 71, 1, '1', 2, 0, 0, '0', '0125590332', NULL, '1697, KG. BARU, POKOK SENA', '13200', 70, 9, '27', '-', NULL, 1, '0', 1, 1, 2, NULL, 0, 0, '0', NULL, '2', '2', '2', '0', '0', '0', '0', '2', NULL, '0', '2', '0000-00-00', NULL, NULL, NULL, 0, 0, 0, '-', NULL, 0, NULL, NULL, '0000-00-00 00:00:00', 0, NULL, '0000-00-00 00:00:00', NULL),
(172, 1, NULL, NULL, '', NULL, 'SPJP/MKB/173', 3838, 0, NULL, 'SAID BIN ABDULLAH', '421116075377', 1, NULL, NULL, '1942-11-16', 1, NULL, 77, 1, '1', 2, 0, 0, '0', '-', NULL, '8081, KAMPUNG AMAN', '13200', 70, 9, '26', '-', NULL, 8, '0', 1, 1, 2, NULL, 0, 0, '0', NULL, '2', '2', '2', '0', '0', '0', '0', '2', NULL, '0', '2', '0000-00-00', NULL, NULL, NULL, 0, 0, 0, '-', NULL, 0, NULL, NULL, '0000-00-00 00:00:00', 0, NULL, '0000-00-00 00:00:00', NULL),
(173, 1, NULL, NULL, '', NULL, 'SPJP/MKB/174', 3838, 0, NULL, 'MOHD ANUAR BIN ABD KARIM', '770323025319', 1, NULL, NULL, '1977-03-23', 1, NULL, 43, 1, '1', 2, 0, 0, '0', '-', NULL, '8081, KAMPUNG AMAN', '13200', 70, 9, '26', '-', NULL, 6, '0', 1, 2, 2, NULL, 0, 0, '0', NULL, '2', '2', '2', '0', '0', '0', '0', '2', NULL, '0', '2', '0000-00-00', NULL, NULL, NULL, 0, 0, 0, 'KILANG', 'RM 1600', 0, NULL, NULL, '0000-00-00 00:00:00', 0, NULL, '0000-00-00 00:00:00', NULL),
(174, 1, NULL, NULL, '', NULL, 'SPJP/MKB/175', 3838, 0, NULL, 'MOHAMAD RODI BIN ABU BAKAR', '630124075335', 1, NULL, NULL, '1963-01-24', 1, 0, 57, 1, '1', 2, 0, 0, '0', '0125429117', NULL, 'SB. TS 3912/A JLN HJ AHMAD TUAN HUSEIN', '13200', 70, 9, '27', '0, TAHUN, 0, BULAN', NULL, 6, '0', 1, 2, 2, '', 0, 0, '0', NULL, '2', '2', '2', '0', '0', '1', '0', '2', NULL, '0', '2', '', '', '', NULL, 0, 0, 0, '5', 'RM 1500', 1, 1, '', '0000-00-00 00:00:00', 0, NULL, '0000-00-00 00:00:00', NULL),
(175, 1, NULL, NULL, '', NULL, 'SPJP/MKB/176', 3838, 0, NULL, 'NORDIN BIN MOHAMED', '570925055295', 1, NULL, NULL, '1957-09-25', 1, NULL, 62, 1, '1', 2, 0, 0, '0', '0194149696', NULL, 'NO. 1960, MUKIM 8, KAMPUNG BANGGOL', '13200', 70, 9, '29', '-', NULL, 3, '0', 1, 1, 2, NULL, 0, 0, '0', NULL, '2', '2', '2', '0', '0', '0', '0', '2', NULL, '0', '2', '0000-00-00', NULL, NULL, NULL, 0, 0, 0, 'PESARA', NULL, 0, NULL, NULL, '0000-00-00 00:00:00', 0, NULL, '0000-00-00 00:00:00', NULL),
(176, 1, NULL, NULL, '', NULL, 'SPJP/MKB/177', 3838, 0, NULL, 'MOHAMAD RASUL BIN BAHARON', '680424075359', 1, NULL, NULL, '1968-04-24', 1, NULL, 52, 1, '1', 2, 0, 0, '0', '0133613236', '045794497', 'NO. 9, LORONG POKOK SENA 2, TAMAN POKOK SENA', '13200', 70, 9, '31', '0', NULL, 7, '0', 1, 2, 2, NULL, 0, 0, '0', NULL, '2', '2', '2', '0', '0', '1', '0', '2', NULL, '0', '2', '0000-00-00', NULL, NULL, NULL, 0, 0, 0, 'STORE EXECUTIVE', 'RM 2376.45', 0, NULL, NULL, '0000-00-00 00:00:00', 0, NULL, '0000-00-00 00:00:00', NULL),
(177, 1, NULL, NULL, '', NULL, 'SPJP/MKB/178', 3838, 0, NULL, 'SAARI BIN MAT ARSAT', '381028085037', 1, NULL, NULL, '1938-10-28', 1, NULL, 82, 1, '1', 3, 0, 0, '0', '0195514006', NULL, '18, LORONG TEMENGGUNG 5, TAMAN KOSKAM', '13200', 70, 9, '30', '-', NULL, 3, '0', 1, 1, 2, NULL, 0, 0, '0', NULL, '2', '2', '2', '0', '0', '1', '0', '2', NULL, '0', '2', '0000-00-00', NULL, NULL, NULL, 0, 0, 0, 'PESARA', 'RM 360', 0, NULL, NULL, '0000-00-00 00:00:00', 0, NULL, '0000-00-00 00:00:00', NULL),
(178, 1, NULL, NULL, '', NULL, 'SPJP/MKB/179', 3838, 0, NULL, 'MOHD KHAIRI BIN ISHAK', '780326125787', 1, NULL, NULL, '1978-03-26', 1, NULL, 42, 1, '1', 2, 0, 0, '0', '0139519875', '045750466', '8188 B, KAMPUNG BANGGOL', '13200', 70, 9, '29', '-', NULL, 5, '0', 1, 2, 2, NULL, 0, 0, '0', NULL, '2', '2', '2', '0', '0', '0', '0', '2', NULL, '0', '2', '0000-00-00', NULL, NULL, NULL, 0, 0, 0, 'PEMBANTU STOR', 'RM 1000', 0, NULL, NULL, '0000-00-00 00:00:00', 0, NULL, '0000-00-00 00:00:00', NULL),
(179, 1, NULL, NULL, '', NULL, 'SPJP/MKB/180', 3838, 0, NULL, 'AHMAD LUTFI BIN DAUD', '550518075039', 1, NULL, NULL, '1955-05-18', 1, NULL, 65, 1, '1', 2, 0, 0, '0', '0194780038', NULL, '1729, KAMPUNG BANGGOL', '13200', 70, 9, '29', '0, TAHUN, 0, BULAN', NULL, 10, '0', 1, 1, 2, '', 0, 0, '0', NULL, '2', '2', '2', '0', '0', '1', '0', '2', NULL, '0', '2', '', '', '', NULL, 0, 0, 0, '4', NULL, 3, 1, '', '0000-00-00 00:00:00', 0, NULL, '0000-00-00 00:00:00', NULL),
(180, 1, NULL, NULL, '', NULL, 'SPJP/SANTK/001', 3838, 0, NULL, 'ZAKARIA BIN ISHAK', '520515075159', 1, NULL, NULL, '1952-05-15', 1, NULL, 68, 1, '1', 3, 0, 0, '0', '0135878416', NULL, '19, HALAMAN TEMENGGONG, TAMAN KOSKAM', '13200', 70, 9, '30', '-', NULL, 7, '0', 1, 1, 2, NULL, 0, 0, '0', NULL, '2', '2', '2', '0', '0', '0', '0', '2', NULL, '0', '2', '0000-00-00', NULL, NULL, NULL, 0, 0, 0, 'PESARA', 'RM 1200', 0, NULL, NULL, '0000-00-00 00:00:00', 0, NULL, '0000-00-00 00:00:00', NULL),
(181, 1, NULL, NULL, '', NULL, 'SPJP/SANTK/002', 3838, 0, NULL, 'ABU SALIM BIN BAHAK', '470220086157', 1, NULL, NULL, '1947-02-20', 1, NULL, 73, 1, '1', 2, 0, 0, '0', '-', '045758749', 'NO. 11 A, SOLOK TEMENGGONG, TAMAN KOSKAM', '13200', 70, 9, '30', '-', NULL, 3, '0', 1, 1, 2, NULL, 0, 0, '0', NULL, '2', '2', '2', '0', '0', '0', '0', '2', NULL, '0', '2', '0000-00-00', NULL, NULL, NULL, 0, 0, 0, 'PESARA', 'RM 1500', 0, NULL, NULL, '0000-00-00 00:00:00', 0, NULL, '0000-00-00 00:00:00', NULL),
(182, 1, NULL, NULL, '', NULL, 'SPJP/SANTK/003', 3838, 0, NULL, 'ABD. LATIF BIN HASSAN', '530912025373', 1, NULL, NULL, '1953-09-12', 1, 0, 67, 1, '1', 2, 0, 0, '0', '0125141702', NULL, 'NO. 36, JLN HAJI AHMAD TUAN HUSSAIN, TAMAN KOSKAM', '13200', 70, 9, '30', '0, TAHUN, 0, BULAN', NULL, 2, '0', 1, 1, 2, '', 0, 0, '0', NULL, '2', '2', '2', '0', '0', '1', '0', '2', NULL, '0', '2', '', '', '', NULL, 0, 0, 0, '2', 'RM 2700', 3, 1, '', '0000-00-00 00:00:00', 0, NULL, '0000-00-00 00:00:00', NULL),
(183, 1, NULL, NULL, '', NULL, 'SPJP/SANTK/004', 3838, 0, NULL, 'HAJI OZAIR BIN HJ. MOHAMED NOOR', '470707115095', 1, NULL, NULL, '1947-07-07', 1, NULL, 73, 1, '1', 2, 0, 0, '0', '0174330965', '045794603', 'NO. 2, LORONG TEMENGGONG 3, TAMAN KOSKAM', '13200', 70, 9, '30', '0, TAHUN, 0, BULAN', NULL, 2, '0', 1, 1, 2, NULL, 0, 0, '0', NULL, '2', '2', '2', '0', '0', '1', '0', '2', NULL, '0', '2', '0000-00-00', NULL, NULL, NULL, 0, 0, 0, 'PESARA', 'RM 2000', 0, NULL, NULL, '0000-00-00 00:00:00', 0, NULL, '0000-00-00 00:00:00', NULL),
(184, 1, 'ismaadriismail@yahoo.co', NULL, '$2y$10$YLvZSIvH/lAFFNJlPsSeAulp2XguDm0GzxRuuX8.0rOHHihoYjUK2', 'cxzfDN2MSEqY_Vy4qN6v8a:APA91bGRu-PpU230Mx8XBbupqVsq45WAc7oCk5wjj2DHhDsA1me2-XzuqyIptlvKKgEpVSavRMUih9_ZtPJ0IaFANzzBjM3SqSu3VV1TI0TCIGeSQ6iYcFKdpv5r9mr4g3-29Sij3K92', 'SPJP/SANTK/005', 3838, 0, NULL, 'ISMAIL BIN HARUN', '500409025125', 1, NULL, NULL, '1950-04-09', 1, 0, 70, 1, '1', 2, 0, 0, '0', '0195753341', '045752026', '', '13200', 70, 9, '30', '74 TAHUN 6 BULAN', '1950-04-09', 3, '0', 1, 1, 2, '', 0, 0, '0', '2', 'A', '2', '2', '0', '0', '1', '0', '1', NULL, '0', '2', '', '', '', NULL, 0, 0, 0, '4', NULL, 1, 1, '', '0000-00-00 00:00:00', 0, NULL, '0000-00-00 00:00:00', NULL),
(185, 1, 'mdisawang@tmnkoskam.g.mail.', NULL, '$2y$10$s77mYd070WOh2EOcGwfKo.oAnYJnhp7rz1.ONqiHPZkkr3W5sDtqi', NULL, 'SPJP/SANTK/006', 3838, 0, NULL, 'MD ISA BIN AWANG', '510904075575', 1, NULL, NULL, '1951-09-04', 1, NULL, 69, 1, '1', 2, 0, 0, '0', '0134408440', '045738099', '1308, PONGSU SERIBU', '13200', 70, 9, '30', '-', NULL, 5, '0', 1, 1, 2, NULL, 0, 0, '0', NULL, '2', '2', '2', '0', '0', '0', '0', '2', NULL, '0', '2', '0000-00-00', NULL, NULL, NULL, 0, 0, 0, 'PESARA', 'RM 1500', 0, NULL, NULL, '0000-00-00 00:00:00', 0, NULL, '0000-00-00 00:00:00', NULL),
(186, 1, NULL, NULL, '', NULL, 'SPJP/SANTK/007', 3838, 0, NULL, 'MOHSIN BIN ISHAK', '550119025181', 1, NULL, NULL, '1955-01-19', 1, NULL, 65, 1, '1', 2, 0, 0, '0', '0125694781', NULL, '15, PERSIARAN TEMENGGONG, TMN KOSKAM', '13200', 70, 9, '30', '-', NULL, 3, '0', 1, 1, 2, NULL, 0, 0, '0', NULL, '2', '2', '2', '0', '0', '0', '0', '2', NULL, '0', '2', '0000-00-00', NULL, NULL, NULL, 0, 0, 0, '-', NULL, 0, NULL, NULL, '0000-00-00 00:00:00', 0, NULL, '0000-00-00 00:00:00', NULL),
(187, 1, NULL, NULL, '', NULL, 'SPJP/SANTK/008', 3838, 0, NULL, 'HALIJAH BINTI HASHIM', '491021075570', 1, NULL, NULL, '1949-10-21', 1, NULL, 70, 1, '2', 4, 0, 0, '0', '0134382148', '045754515', '19, PERSIARAN TEMENGGONG, TMN KOSKAM', '13200', 70, 9, '30', '-', NULL, 3, '0', 2, 1, 2, NULL, 0, 0, '0', NULL, '2', '2', '2', '0', '0', '0', '0', '2', NULL, '0', '2', '0000-00-00', NULL, NULL, NULL, 0, 0, 0, '-', 'RM 900', 0, NULL, NULL, '0000-00-00 00:00:00', 0, NULL, '0000-00-00 00:00:00', NULL),
(188, 1, NULL, NULL, '', NULL, 'SPJP/SANTK/009', 3838, 0, NULL, 'MOHAMMAD RANI BIN A. RAHMAN', '790726075423', 1, NULL, NULL, '1979-07-26', 1, NULL, 41, 1, '1', 2, 0, 0, '0', '0194366650', NULL, '45, PERSIARAN TEMENGGONG, TAMAN KOSKAM', '13200', 70, 9, '30', '-', NULL, 3, '0', 1, 2, 2, NULL, 0, 0, '0', NULL, '2', '2', '2', '0', '0', '0', '0', '2', NULL, '0', '2', '0000-00-00', NULL, NULL, NULL, 0, 0, 0, 'TECHNICIAN', '???????', 0, NULL, NULL, '0000-00-00 00:00:00', 0, NULL, '0000-00-00 00:00:00', NULL),
(189, 1, NULL, NULL, '', NULL, 'SPJP/SANTK/010', 3838, 0, NULL, 'MOHD BIN ALI', '560507075147', 1, NULL, NULL, '1956-05-07', 1, NULL, 64, 1, '1', 2, 0, 5, '0', '0195663666', '045751411', '30, TINGKAT TEMENGGONG, TAMAN KOSKAM', '13200', 70, 9, '30', '-', NULL, 2, '0', 1, 1, 2, NULL, 0, 0, '0', NULL, '2', '2', '2', '0', '0', '0', '0', '2', NULL, '0', '2', '0000-00-00', NULL, NULL, NULL, 0, 0, 0, 'PESARA', '????0', 0, NULL, NULL, '0000-00-00 00:00:00', 0, NULL, '0000-00-00 00:00:00', NULL),
(190, 1, NULL, NULL, '', NULL, 'SPJP/SANTK/011', 3838, 0, NULL, 'SARIAN @ SHIRON BIN YAHAYA', '560312075163', 1, NULL, NULL, '1956-03-12', 1, NULL, 64, 1, '1', 2, 0, 0, '0', '0125875190', NULL, '11 A, TINGKAT TEMENGGONG, TAMAN KOSKAM', '13200', 70, 9, '30', '-', NULL, 2, '0', 1, 1, 2, NULL, 0, 0, '0', NULL, '2', '2', '2', '0', '1', '0', '0', '2', NULL, '0', '2', '0000-00-00', NULL, NULL, NULL, 0, 0, 0, '-', NULL, 0, NULL, NULL, '0000-00-00 00:00:00', 0, NULL, '0000-00-00 00:00:00', NULL),
(191, 1, NULL, NULL, '', NULL, 'SPJP/SANTK/012', 3838, 0, NULL, 'MANSOR BIN ARSHAD', '530616075405', 1, NULL, NULL, '1953-06-16', 1, NULL, 67, 1, '1', 2, 0, 0, '0', '0108087626', '045750411', '32, LORONG TEMENGGONG 1, TAMAN KOSKAM', '13200', 70, 9, '30', '-', NULL, 5, '0', 1, 1, 2, NULL, 0, 0, '0', NULL, '2', '2', '2', '0', '0', '0', '0', '2', NULL, '0', '2', '0000-00-00', NULL, NULL, NULL, 0, 0, 0, 'PESARA', NULL, 0, NULL, NULL, '0000-00-00 00:00:00', 0, NULL, '0000-00-00 00:00:00', NULL),
(192, 1, NULL, NULL, '', NULL, 'SPJP/SANTK/013', 3838, 0, NULL, 'RAMLEE BIN MUSTAPHA', '520824075259', 1, NULL, NULL, '1952-08-24', 1, NULL, 68, 1, '1', 2, 0, 0, '0', '0164852347', '045755585', '12, TINGKAT TEMENGGONG, TAMAN KOSKAM', '13200', 70, 9, '30', '-', NULL, 4, '0', 1, 1, 2, NULL, 0, 0, '0', NULL, '2', '2', '2', '0', '0', '1', '0', '2', NULL, '0', '2', '0000-00-00', NULL, NULL, NULL, 0, 0, 0, 'PESARA', '????0', 0, NULL, NULL, '0000-00-00 00:00:00', 0, NULL, '0000-00-00 00:00:00', NULL),
(193, 1, NULL, NULL, '', NULL, 'SPJP/SANTK/014', 3838, 0, NULL, 'ALIAS BIN MOHAMAD', '540609065275', 1, NULL, NULL, '1954-06-09', 1, NULL, 66, 1, '1', 2, 0, 3, '0', '0134875860', NULL, '4, LORONG TEMENGGONG, TAMAN KOSKAM', '13200', 70, 9, '30', '0, TAHUN, 0, BULAN', NULL, 4, '0', 1, 1, 2, NULL, 0, 0, '0', NULL, '2', '2', '2', '0', '0', '1', '0', '2', NULL, '0', '2', '', '', '', NULL, 0, 0, 0, '2', NULL, 1, 1, '', '0000-00-00 00:00:00', 0, NULL, '0000-00-00 00:00:00', NULL),
(194, 1, NULL, NULL, '', NULL, 'SPJP/SANTK/015', 3838, 0, NULL, 'MOHD SHARIFF BIN HUSSAIN', '640923075525', 1, NULL, NULL, '1964-09-23', 1, NULL, 55, 1, '1', 2, 0, 0, '0', '01120739400', NULL, '11, TINGKAT TEMENGGONG, TAMAN KOSKAM', '13200', 70, 9, '30', '-', NULL, 7, '0', 1, 2, 2, NULL, 0, 0, '0', NULL, '2', '2', '2', '0', '0', '0', '0', '2', NULL, '0', '2', '0000-00-00', NULL, NULL, NULL, 0, 0, 0, 'SENDIRI', NULL, 0, NULL, NULL, '0000-00-00 00:00:00', 0, NULL, '0000-00-00 00:00:00', NULL),
(195, 1, 'NORAKMARZA@GMAIL.COM', NULL, '', NULL, 'SPJP/SANTK/016', 3838, 0, NULL, 'ABDUL WAHID BIN ABD HAMID', '440210085719', 1, NULL, NULL, '1944-02-10', 1, 0, 76, 1, '1', 2, 0, 0, '0', '0174195846', '045751103', '18, JLN THJ. AHMAD TUAN HUSSAIN, TAMAN KOSKAM', '13200', 70, 9, '29', '0, TAHUN, 0, BULAN', NULL, 3, '0', 1, 1, 2, '', 0, 0, '0', NULL, '2', '2', '2', '0', '0', '1', '0', '2', NULL, '0', '2', '', '', '', NULL, 0, 0, 0, '5', 'RM 2000', 1, 1, '', '0000-00-00 00:00:00', 0, NULL, '0000-00-00 00:00:00', NULL),
(196, 1, NULL, NULL, '', NULL, 'SPJP/SANTK/017', 3838, 0, NULL, 'AZMER BIN DAHALAN', '750715075181', 1, NULL, NULL, '1975-07-15', 1, NULL, 45, 1, '1', 1, 0, 0, '0', '0164357420', NULL, '3, PERSIARAN TEMENGGONG, TAMAN KOSKAM', '13200', 70, 9, '30', '-', NULL, 6, '0', 1, 2, 2, NULL, 0, 0, '0', NULL, '2', '2', '2', '0', '0', '0', '0', '2', NULL, '0', '2', '0000-00-00', NULL, NULL, NULL, 0, 0, 0, 'PENGURUS', 'RM 2000', 0, NULL, NULL, '0000-00-00 00:00:00', 0, NULL, '0000-00-00 00:00:00', NULL),
(197, 1, NULL, NULL, '', NULL, 'SPJP/SANTK/018', 3838, 0, NULL, 'SAIDON BIN ITAM', '520509025593', 1, NULL, NULL, '1952-05-09', 1, NULL, 68, 1, '1', 2, 0, 5, '0', '0194757233', NULL, '33, PERSIARAN TEMENGGONG, TAMAN KOSKAM', '13200', 70, 9, '30', '-', NULL, 2, '0', 1, 1, 2, NULL, 0, 0, '0', NULL, '2', '2', '2', '0', '0', '0', '0', '2', NULL, '0', '2', '0000-00-00', NULL, NULL, NULL, 0, 0, 0, 'SENDIRI', 'RM 1500', 0, NULL, NULL, '0000-00-00 00:00:00', 0, NULL, '0000-00-00 00:00:00', NULL),
(198, 1, 'mannapi201912@yahoo.com', NULL, '$2y$10$q0w68jli.8LgYhRzqBYh2OgYnDfzfec4zylt8gJNUDejBgRXio4va', 'd4ls9iqERJ2a7HjKTs4CHk:APA91bGZ5ObPcGbN1QFO6qUiB_7Rn4SRa3uBjfhUfJQjiugGHv9wSgPJgPxR_--8Q0AfxsKs2ZBGMvUSBhHVteCOcHF9Lxxp-OtvQ2fwEs99RRZJm2fgiumBsN8Vx1qQkbgVrcgCjuWH', 'SPJP/SANTK/019', 3838, 0, NULL, 'HJ. OTHMAN BIN HJ. HANAFI', '510718025267', 1, NULL, NULL, '1951-07-18', 1, NULL, 69, 1, '1', 2, 0, 0, '0', '0194751925', '045751925', '3, TINGKAT TEMENGGONG, TAMAN KOSKAM', '13200', 70, 9, '30', '-', NULL, 5, '0', 1, 1, 2, NULL, 0, 0, '0', NULL, '2', '2', '2', '0', '0', '1', '0', '2', NULL, '0', '2', '0000-00-00', NULL, NULL, NULL, 0, 0, 0, 'PESARA', 'RM 2400', 0, NULL, NULL, '0000-00-00 00:00:00', 0, NULL, '0000-00-00 00:00:00', NULL),
(199, 1, NULL, NULL, '', NULL, 'SPJP/SANTK/020', 3838, 0, NULL, 'HJH SALMIAH BT MOHD AZIM', '501102075456', 1, NULL, NULL, '1950-11-02', 1, NULL, 69, 1, '2', 4, 0, 0, '0', '0163809287', '045750431', '5, PERSIARAN TEMENGGONG, TAMAN KOSKAM', '13200', 70, 9, '30', '-', NULL, 1, '0', 2, 1, 2, NULL, 0, 0, '0', NULL, '2', '2', '2', '0', '0', '0', '0', '2', NULL, '0', '2', '0000-00-00', NULL, NULL, NULL, 0, 0, 0, 'PESARA', NULL, 0, NULL, NULL, '0000-00-00 00:00:00', 0, NULL, '0000-00-00 00:00:00', NULL),
(200, 1, NULL, NULL, '', NULL, 'SPJP/SANTK/021', 3838, 0, NULL, 'ISMAIL BIN ALI', '450201025369', 1, NULL, NULL, '1945-02-01', 1, NULL, 75, 1, '1', 2, 0, 3, '0', '0125554734', '045754633', '9, TINGKAT TEMENGGONG, TAMAN KOSKAM', '13200', 70, 9, '30', '-', NULL, 2, '0', 1, 1, 2, NULL, 0, 0, '0', NULL, '2', '2', '2', '0', '0', '0', '0', '2', NULL, '0', '2', '0000-00-00', NULL, NULL, NULL, 0, 0, 0, 'PESARA', NULL, 0, NULL, NULL, '0000-00-00 00:00:00', 0, NULL, '0000-00-00 00:00:00', NULL),
(201, 1, NULL, NULL, '', NULL, 'SPJP/SANTK/022', 3838, 0, NULL, 'MOHD ROSALI BIN MOHD OTHMAN', '550225075297', 1, NULL, NULL, '1955-02-25', 1, NULL, 65, 1, '1', 2, 0, 3, '0', '0134561477', NULL, '21, LORONG TEMENGGONG 3, TAMAN KOSKAM', '13200', 70, 9, '30', '-', NULL, 7, '0', 1, 1, 2, NULL, 0, 0, '0', NULL, '2', '2', '2', '0', '0', '0', '0', '2', NULL, '0', '2', '0000-00-00', NULL, NULL, NULL, 0, 0, 0, 'SENDIRI', 'RM 1500', 0, NULL, NULL, '0000-00-00 00:00:00', 0, NULL, '0000-00-00 00:00:00', NULL),
(202, 1, NULL, NULL, '', NULL, 'SPJP/SANTK/023', 3838, 0, NULL, 'JOHARI BIN HJ. MOHD TAHER', '481007075209', 1, NULL, NULL, '1948-10-07', 1, NULL, 72, 1, '1', 2, 0, 0, '0', '0194721849', '045754027', '6, LORONG TEMENGGONG 3, TAMAN KOSKAM', '13200', 70, 9, '30', '-', NULL, 4, '0', 1, 1, 2, NULL, 0, 0, '0', NULL, '2', '2', '2', '0', '0', '1', '0', '2', NULL, '0', '2', '0000-00-00', NULL, NULL, NULL, 0, 0, 0, 'PESARA', NULL, 0, NULL, NULL, '0000-00-00 00:00:00', 0, NULL, '0000-00-00 00:00:00', NULL),
(203, 1, NULL, NULL, '', NULL, 'SPJP/SANTK/024', 3838, 0, NULL, 'ABDUL HALIM BIN FAKURUDIN', '650603085993', 1, NULL, NULL, '1965-06-03', 1, NULL, 55, 1, '1', 2, 0, 4, '0', '0195460533', '045741713', '29, HALAMAN TEMENGGONG, TAMAN KOSKAM', '13200', 70, 9, '30', '0, TAHUN, 0, BULAN', NULL, 8, '0', 1, 2, 2, NULL, 0, 0, '0', NULL, '2', '2', '2', '0', '0', '1', '0', '2', NULL, '0', '2', '', '', '', NULL, 0, 0, 0, 'SUPERVISOR', 'RM 3000', 0, NULL, NULL, '0000-00-00 00:00:00', 0, NULL, '0000-00-00 00:00:00', NULL),
(204, 1, NULL, NULL, '', NULL, 'SPJP/SANTK/025', 3838, 0, NULL, 'AYOB BIN HASSAN', '541016075229', 1, NULL, NULL, '1954-10-16', 1, NULL, 65, 1, '1', 3, 0, 0, '0', '0194604995', NULL, '26, LORONG TEMENGGONG 3, TAMAN KOSKAM', '13200', 70, 9, '30', '-', NULL, 5, '0', 1, 1, 2, NULL, 0, 0, '0', NULL, '2', '2', '2', '0', '0', '0', '0', '2', NULL, '0', '2', '0000-00-00', NULL, NULL, NULL, 0, 0, 0, 'PESARA', NULL, 0, NULL, NULL, '0000-00-00 00:00:00', 0, NULL, '0000-00-00 00:00:00', NULL),
(205, 1, NULL, NULL, '', NULL, 'SPJP/SANTK/026', 3838, 0, NULL, 'AZHAR BIN HUSAIN', '580309075275', 1, NULL, NULL, '1958-03-09', 1, NULL, 62, 1, '1', 2, 0, 3, '0', '0142581528', '045755623', '1, LORONG TEMENGGONG 3, TAMAN KOSKAM', '13200', 70, 9, '30', '0, TAHUN, 0, BULAN', NULL, 5, '0', 1, 1, 2, NULL, 0, 0, '0', NULL, '2', '2', '2', '0', '0', '1', '0', '2', NULL, '0', '2', '', '', '', NULL, 0, 0, 0, 'KILANG', 'RM 2500', 0, NULL, NULL, '0000-00-00 00:00:00', 0, NULL, '0000-00-00 00:00:00', NULL),
(206, 1, NULL, NULL, '', NULL, 'SPJP/SANTK/027', 3838, 0, NULL, 'AZMY BIN MD YATIM', '500417075085', 1, NULL, NULL, '1950-04-17', 1, NULL, 70, 1, '1', 2, 0, 0, '0', '0124615839', NULL, '29, TINGKAT TEMENGGONG, TAMAN KOSKAM', '13200', 70, 9, '30', '-', NULL, 4, '0', 1, 1, 2, NULL, 0, 0, '0', NULL, '2', '2', '2', '0', '0', '0', '0', '2', NULL, '0', '2', '0000-00-00', NULL, NULL, NULL, 0, 0, 0, 'PESARA', 'RM 1800', 0, NULL, NULL, '0000-00-00 00:00:00', 0, NULL, '0000-00-00 00:00:00', NULL),
(207, 1, NULL, NULL, '', NULL, 'SPJP/SANTK/028', 3838, 0, NULL, 'NORMA BINTI YUSOFF', '520729075154', 1, NULL, NULL, '1952-07-29', 1, NULL, 68, 1, '2', 4, 0, 0, '0', '0175564676', NULL, '11 A, LORONG TEMENGGONG 3, TAMAN KOSKAM', '13200', 70, 9, '30', '-', NULL, 4, '0', 2, 1, 2, NULL, 0, 0, '0', NULL, '2', '1', '2', '0', '0', '0', '0', '2', NULL, '0', '2', '0000-00-00', NULL, NULL, NULL, 0, 0, 0, 'PESARA', 'RM 700', 0, NULL, NULL, '0000-00-00 00:00:00', 0, NULL, '0000-00-00 00:00:00', NULL),
(208, 1, NULL, NULL, '', NULL, 'SPJP/SANTK/029', 3838, 0, NULL, 'AMRAN BIN DAHALAN', '500925075049', 1, NULL, NULL, '1950-09-25', 1, NULL, 70, 1, '1', 2, 0, 0, '0', '0124732727', '045741297', '8, TINGKAT TEMENGGONG, TAMAN KOSKAM', '13200', 70, 9, '30', '0, TAHUN, 0, BULAN', NULL, 5, '0', 1, 1, 2, NULL, 0, 0, '0', NULL, '2', '2', '2', '0', '0', '1', '0', '2', NULL, '0', '2', '', '', '', NULL, 0, 0, 0, '2', 'RM 2300', 1, 1, '', '0000-00-00 00:00:00', 0, NULL, '0000-00-00 00:00:00', NULL),
(209, 1, NULL, NULL, '', NULL, 'SPJP/SANTK/030', 3838, 0, NULL, 'MAT NAYAN BIN ABDULLAH', '470209085815', 1, NULL, NULL, '1947-02-09', 1, NULL, 73, 1, '1', 2, 0, 0, '0', '0134227742', '045794481', '37, LORONG TEMENGGONG 3, TAMAN KOSKAM', '13200', 70, 9, '30', '-', NULL, 2, '0', 1, 1, 2, NULL, 0, 0, '0', NULL, '2', '2', '2', '0', '0', '1', '0', '2', NULL, '0', '2', '0000-00-00', NULL, NULL, NULL, 0, 0, 0, 'PESARA', 'RM 1000', 0, NULL, NULL, '0000-00-00 00:00:00', 0, NULL, '0000-00-00 00:00:00', NULL),
(210, 1, NULL, NULL, '', NULL, 'SPJP/SANTK/031', 3838, 0, NULL, 'MAT LAZIM BIN RASET', '450403055101', 1, NULL, NULL, '1945-04-03', 1, NULL, 75, 1, '1', 2, 0, 0, '0', '0174721860', '045741242', '2, LORONG TEMENGGONG 5, TAMAN KOSKAM', '13200', 70, 9, '30', '-', NULL, 2, '0', 1, 1, 2, NULL, 0, 0, '0', NULL, '2', '2', '2', '0', '0', '0', '0', '2', NULL, '0', '2', '0000-00-00', NULL, NULL, NULL, 0, 0, 0, 'PESARA', 'RM 2100', 0, NULL, NULL, '0000-00-00 00:00:00', 0, NULL, '0000-00-00 00:00:00', NULL),
(211, 1, NULL, NULL, '', NULL, 'SPJP/SANTK/032', 3838, 0, NULL, 'HALIM BIN AHMAD', '500518025175', 1, NULL, NULL, '1950-05-18', 1, NULL, 70, 1, '1', 2, 0, 3, '0', '0135883466', NULL, '30, LORONG TEMENGGONG 5, TAMAN KOSKAM', '13200', 70, 9, '31', '0, TAHUN, 0, BULAN', NULL, 2, '0', 1, 1, 2, NULL, 0, 0, '0', NULL, '2', '2', '2', '0', '0', '1', '0', '2', NULL, '0', '2', '', '', '', NULL, 0, 0, 0, '4', 'RM 600', 1, 1, '', '0000-00-00 00:00:00', 0, NULL, '0000-00-00 00:00:00', NULL),
(212, 1, NULL, NULL, '', NULL, 'SPJP/SANTK/033', 3838, 0, NULL, 'SYED MOHSIN BIN SYED AHMAD', '470608025465', 1, NULL, NULL, '1947-06-08', 1, NULL, 73, 1, '1', 2, 0, 3, '0', '0164949545', NULL, '9, LENGKOK TEMENGGONG, TAMAN KOSKAM', '13200', 70, 9, '30', '-', NULL, 4, '0', 1, 1, 2, NULL, 0, 0, '0', NULL, '2', '2', '2', '0', '0', '0', '0', '2', NULL, '0', '2', '0000-00-00', NULL, NULL, NULL, 0, 0, 0, 'PESARA', 'RM 1700', 0, NULL, NULL, '0000-00-00 00:00:00', 0, NULL, '0000-00-00 00:00:00', NULL),
(213, 1, NULL, NULL, '', NULL, 'SPJP/SANTK/034', 3838, 0, NULL, 'ISMAIL BIN MAJID', '480730075377', 1, NULL, NULL, '1948-07-30', 1, NULL, 72, 1, '1', 2, 0, 0, '0', '0124657790', '045755614', '1, HALAMAN TEMENGGONG, TAMAN KOSKAM', '13200', 70, 9, '30', '-', NULL, 2, '0', 1, 1, 2, NULL, 0, 0, '0', NULL, '2', '2', '2', '0', '0', '0', '0', '2', NULL, '0', '2', '0000-00-00', NULL, NULL, NULL, 0, 0, 0, 'PESARA', NULL, 0, NULL, NULL, '0000-00-00 00:00:00', 0, NULL, '0000-00-00 00:00:00', NULL),
(214, 1, NULL, NULL, '', NULL, 'SPJP/SANTK/035', 3838, 0, NULL, 'ISMAIL BIN OTHMAN', '551108075479', 1, NULL, NULL, '1955-11-08', 1, NULL, 65, 1, '1', 2, 0, 4, '0', '0124606094', '045753380', '24, LORONG TEMENGGONG 1, TAMAN KOSKAM', '13200', 70, 9, '30', '-', NULL, 4, '0', 1, 1, 2, NULL, 0, 0, '0', NULL, '2', '2', '2', '0', '0', '1', '0', '2', NULL, '0', '2', '0000-00-00', NULL, NULL, NULL, 0, 0, 0, 'PESARA', 'RM 3350.00', 0, NULL, NULL, '0000-00-00 00:00:00', 0, NULL, '0000-00-00 00:00:00', NULL),
(215, 1, NULL, NULL, '', NULL, 'SPJP/SANTK/036', 3838, 0, NULL, 'MOHD RADZI @ MOHD RASZEKI BIN SAAD', '480227025487', 1, NULL, NULL, '1948-02-27', 1, NULL, 72, 1, '1', 2, 0, 0, '0', '045759754', '045759754', '11, SOLOK TEMENGGONG, TAMAN KOSKAM', '13200', 70, 9, '30', '-', NULL, 3, '0', 1, 1, 2, NULL, 0, 0, '0', NULL, '2', '2', '2', '0', '0', '0', '0', '2', NULL, '0', '2', '0000-00-00', NULL, NULL, NULL, 0, 0, 0, 'PESARA', 'RM 850', 0, NULL, NULL, '0000-00-00 00:00:00', 0, NULL, '0000-00-00 00:00:00', NULL);
INSERT INTO `sej6x_data_peribadi` (`id_data`, `jenisUser`, `email`, `email_verified_at`, `password`, `firebase_token`, `no_rujukan`, `id_masjid`, `no_masjid`, `gambar_profil`, `nama_penuh`, `no_ic`, `jenisPengenalan`, `emel`, `password_old`, `tarikh_lahir`, `warganegara`, `id_negara`, `umur`, `bangsa`, `jantina`, `status_perkahwinan`, `status`, `tahap_pendidikan`, `sekolah_institusi`, `no_hp`, `no_rumah`, `alamat_terkini`, `poskod`, `id_daerah`, `id_negeri`, `zon_qariah`, `tempoh_tinggal`, `tarikh_tempoh_tinggal`, `bil_tanggungan`, `data_umum`, `solat_jumaat`, `warga_emas`, `oku`, `jenis_oku`, `data_ajk`, `data_pegawai`, `data_undi`, `pilihan_asnaf`, `data_asnaf`, `data_ibutunggal`, `data_anakyatim`, `data_cerai`, `data_kematian`, `data_khairat`, `data_nikah`, `data_sakit`, `data_sakit1`, `data_oku`, `data_mualaf`, `tarikh_mualaf`, `tempat_mualaf`, `dihadapan_mualaf`, `bukti_kariah`, `id_suami`, `id_bapa`, `id_ibu`, `pekerjaan`, `majikan`, `pendapatan`, `pemilikkan`, `pemilikkan2`, `last_added`, `added_by`, `kod_reset`, `reset_tamat`, `tempColumn`) VALUES
(216, 1, 'SAHIMI60@GMAIL.COM', NULL, '', NULL, 'SPJP/SANTK/037', 3838, 0, 'data:image/jpeg;base64,[encoded data, 124692 characters]', 'SAHIMI BIN IDRIS', '600729025587', 1, NULL, NULL, '1960-07-29', 1, 0, 60, 1, '1', 2, 0, 3, '0', '0135980230', NULL, '39, PESIARAN TEMENGGONG, TAMAN KOSKAM', '13200', 70, 9, '30', '0, TAHUN, 0, BULAN', NULL, 2, '0', 1, 2, 2, '', 0, 0, '0', NULL, '2', '2', '2', '0', '0', '1', '0', '2', NULL, '0', '2', '', '', '', NULL, 0, 0, 0, '3', 'RM 400', 1, 1, '', '0000-00-00 00:00:00', 0, NULL, '0000-00-00 00:00:00', NULL);
